{"id":4439,"date":"2025-01-16T12:32:54","date_gmt":"2025-01-16T12:32:54","guid":{"rendered":"https:\/\/ohmondessin.com\/?post_type=product&#038;p=4439"},"modified":"2026-01-15T00:03:30","modified_gmt":"2026-01-15T00:03:30","slug":"pins-bottes-en-caoutchouc","status":"publish","type":"product","link":"https:\/\/ohmondessin.com\/index.php\/product\/pins-bottes-en-caoutchouc\/","title":{"rendered":"Le Pin&rsquo;s Bottes en caoutchouc &#8211; 3 coloris"},"content":{"rendered":"<p>Chaque pin&rsquo;s est enti\u00e8rement r\u00e9alis\u00e9 \u00e0 la main depuis la cr\u00e9ation du dessin, modelage du pins, en passant par le vernis et le montage.<\/p>\n<p>Il est unique, envoy\u00e9 avec son joli packaging en forme de carte postale et emball\u00e9 avec amour.<br \/>\nSa dimension peut tr\u00e8s l\u00e9g\u00e8rement varier d&rsquo;un article \u00e0 l&rsquo;autre.<br \/>\nFabriqu\u00e9 avec amour \u00e0 Maisons-Laffitte (78)<\/p>\n","protected":false},"excerpt":{"rendered":"<p>Des pin&rsquo;s bottes pour affronter les jours pluvieux \ud83c\udf27\ufe0f<\/p>\n<p>Ce pin&rsquo;s est enti\u00e8rement r\u00e9alis\u00e9 \u00e0 la main depuis la cr\u00e9ation du dessin, la pose du vernis et le montage.<\/p>\n<p>3 coloris au choix, \u00e0 vous de choisir votre bottes pr\u00e9f\u00e9r\u00e9es !<\/p>\n","protected":false},"featured_media":4444,"comment_status":"open","ping_status":"closed","template":"","meta":[],"product_brand":[],"product_cat":[1304,929,100],"product_tag":[135,579,136,145,575,142,103,578,137,131,132,143,146,102,147,101,576,134,577,144],"class_list":{"0":"post-4439","1":"product","2":"type-product","3":"status-publish","4":"has-post-thumbnail","6":"product_cat-st-valentin","7":"product_cat-broche","8":"product_cat-pins","9":"product_tag-badge","10":"product_tag-badge-botte","11":"product_tag-badge-bretagne","12":"product_tag-badge-marin","13":"product_tag-bottes","14":"product_tag-brest","15":"product_tag-bretagne","16":"product_tag-broche-botte","17":"product_tag-broche-bretagne","18":"product_tag-cadeau-adulte","19":"product_tag-cadeau-bretagne","20":"product_tag-goeland","21":"product_tag-marin","22":"product_tag-mariniere","23":"product_tag-mouette","24":"product_tag-pins","25":"product_tag-pins-bottes","26":"product_tag-pins-bretagne","27":"product_tag-pins-botte","28":"product_tag-pins-marin","29":"product_shipping_class-lettre-suivie","31":"first","32":"instock","33":"taxable","34":"shipping-taxable","35":"purchasable","36":"product-type-variable"},"yoast_head":"<!-- This site is optimized with the Yoast SEO plugin v24.6 - https:\/\/yoast.com\/wordpress\/plugins\/seo\/ -->\n<title>Le Pin&#039;s Bottes en caoutchouc - 3 coloris - ohmondessin.com<\/title>\n<meta name=\"robots\" content=\"index, follow, max-snippet:-1, max-image-preview:large, max-video-preview:-1\" \/>\n<link rel=\"canonical\" href=\"https:\/\/ohmondessin.com\/index.php\/product\/pins-bottes-en-caoutchouc\/\" \/>\n<meta property=\"og:locale\" content=\"fr_FR\" \/>\n<meta property=\"og:type\" content=\"article\" \/>\n<meta property=\"og:title\" content=\"Le Pin&#039;s Bottes en caoutchouc - 3 coloris - ohmondessin.com\" \/>\n<meta property=\"og:description\" content=\"Des pin&#039;s bottes pour affronter les jours pluvieux \ud83c\udf27\ufe0f  Ce pin&#039;s est enti\u00e8rement r\u00e9alis\u00e9 \u00e0 la main depuis la cr\u00e9ation du dessin, la pose du vernis et le montage.  3 coloris au choix, \u00e0 vous de choisir votre bottes pr\u00e9f\u00e9r\u00e9es !\" \/>\n<meta property=\"og:url\" content=\"https:\/\/ohmondessin.com\/index.php\/product\/pins-bottes-en-caoutchouc\/\" \/>\n<meta property=\"og:site_name\" content=\"ohmondessin.com\" \/>\n<meta property=\"article:publisher\" content=\"https:\/\/www.facebook.com\/Ohmondessin\" \/>\n<meta property=\"article:modified_time\" content=\"2026-01-15T00:03:30+00:00\" \/>\n<meta property=\"og:image\" content=\"http:\/\/ohmondessin.com\/wp-content\/uploads\/2023\/01\/pins-\u2013-bottes2.jpg\" \/>\n\t<meta property=\"og:image:width\" content=\"1000\" \/>\n\t<meta property=\"og:image:height\" content=\"1000\" \/>\n\t<meta property=\"og:image:type\" content=\"image\/jpeg\" \/>\n<meta name=\"twitter:card\" content=\"summary_large_image\" \/>\n<meta name=\"twitter:label1\" content=\"Dur\u00e9e de lecture estim\u00e9e\" \/>\n\t<meta name=\"twitter:data1\" content=\"1 minute\" \/>\n<script type=\"application\/ld+json\" class=\"yoast-schema-graph\">{\"@context\":\"https:\/\/schema.org\",\"@graph\":[{\"@type\":\"WebPage\",\"@id\":\"https:\/\/ohmondessin.com\/index.php\/product\/pins-bottes-en-caoutchouc\/\",\"url\":\"https:\/\/ohmondessin.com\/index.php\/product\/pins-bottes-en-caoutchouc\/\",\"name\":\"Le Pin's Bottes en caoutchouc - 3 coloris - ohmondessin.com\",\"isPartOf\":{\"@id\":\"https:\/\/ohmondessin.com\/#website\"},\"primaryImageOfPage\":{\"@id\":\"https:\/\/ohmondessin.com\/index.php\/product\/pins-bottes-en-caoutchouc\/#primaryimage\"},\"image\":{\"@id\":\"https:\/\/ohmondessin.com\/index.php\/product\/pins-bottes-en-caoutchouc\/#primaryimage\"},\"thumbnailUrl\":\"https:\/\/ohmondessin.com\/wp-content\/uploads\/2023\/01\/pins-\u2013-bottes2.jpg\",\"datePublished\":\"2025-01-16T12:32:54+00:00\",\"dateModified\":\"2026-01-15T00:03:30+00:00\",\"breadcrumb\":{\"@id\":\"https:\/\/ohmondessin.com\/index.php\/product\/pins-bottes-en-caoutchouc\/#breadcrumb\"},\"inLanguage\":\"fr-FR\",\"potentialAction\":[{\"@type\":\"ReadAction\",\"target\":[\"https:\/\/ohmondessin.com\/index.php\/product\/pins-bottes-en-caoutchouc\/\"]}]},{\"@type\":\"ImageObject\",\"inLanguage\":\"fr-FR\",\"@id\":\"https:\/\/ohmondessin.com\/index.php\/product\/pins-bottes-en-caoutchouc\/#primaryimage\",\"url\":\"https:\/\/ohmondessin.com\/wp-content\/uploads\/2023\/01\/pins-\u2013-bottes2.jpg\",\"contentUrl\":\"https:\/\/ohmondessin.com\/wp-content\/uploads\/2023\/01\/pins-\u2013-bottes2.jpg\",\"width\":1000,\"height\":1000,\"caption\":\"pins-bottes\"},{\"@type\":\"BreadcrumbList\",\"@id\":\"https:\/\/ohmondessin.com\/index.php\/product\/pins-bottes-en-caoutchouc\/#breadcrumb\",\"itemListElement\":[{\"@type\":\"ListItem\",\"position\":1,\"name\":\"Accueil\",\"item\":\"https:\/\/ohmondessin.com\/\"},{\"@type\":\"ListItem\",\"position\":2,\"name\":\"La boutique\",\"item\":\"https:\/\/ohmondessin.com\/index.php\/la-boutique\/\"},{\"@type\":\"ListItem\",\"position\":3,\"name\":\"Le Pin&rsquo;s Bottes en caoutchouc &#8211; 3 coloris\"}]},{\"@type\":\"WebSite\",\"@id\":\"https:\/\/ohmondessin.com\/#website\",\"url\":\"https:\/\/ohmondessin.com\/\",\"name\":\"ohmondessin.com\",\"description\":\"De l\u2019illustration et du fait-main\",\"publisher\":{\"@id\":\"https:\/\/ohmondessin.com\/#organization\"},\"potentialAction\":[{\"@type\":\"SearchAction\",\"target\":{\"@type\":\"EntryPoint\",\"urlTemplate\":\"https:\/\/ohmondessin.com\/?s={search_term_string}\"},\"query-input\":{\"@type\":\"PropertyValueSpecification\",\"valueRequired\":true,\"valueName\":\"search_term_string\"}}],\"inLanguage\":\"fr-FR\"},{\"@type\":\"Organization\",\"@id\":\"https:\/\/ohmondessin.com\/#organization\",\"name\":\"ohmondessin.com\",\"url\":\"https:\/\/ohmondessin.com\/\",\"logo\":{\"@type\":\"ImageObject\",\"inLanguage\":\"fr-FR\",\"@id\":\"https:\/\/ohmondessin.com\/#\/schema\/logo\/image\/\",\"url\":\"https:\/\/ohmondessin.com\/wp-content\/uploads\/2023\/01\/logo_OHMD-dark.png\",\"contentUrl\":\"https:\/\/ohmondessin.com\/wp-content\/uploads\/2023\/01\/logo_OHMD-dark.png\",\"width\":500,\"height\":500,\"caption\":\"ohmondessin.com\"},\"image\":{\"@id\":\"https:\/\/ohmondessin.com\/#\/schema\/logo\/image\/\"},\"sameAs\":[\"https:\/\/www.facebook.com\/Ohmondessin\",\"https:\/\/www.instagram.com\/ohmondessin\/\"]}]}<\/script>\n<!-- \/ Yoast SEO plugin. -->","yoast_head_json":{"title":"Le Pin's Bottes en caoutchouc - 3 coloris - ohmondessin.com","robots":{"index":"index","follow":"follow","max-snippet":"max-snippet:-1","max-image-preview":"max-image-preview:large","max-video-preview":"max-video-preview:-1"},"canonical":"https:\/\/ohmondessin.com\/index.php\/product\/pins-bottes-en-caoutchouc\/","og_locale":"fr_FR","og_type":"article","og_title":"Le Pin's Bottes en caoutchouc - 3 coloris - ohmondessin.com","og_description":"Des pin's bottes pour affronter les jours pluvieux \ud83c\udf27\ufe0f  Ce pin's est enti\u00e8rement r\u00e9alis\u00e9 \u00e0 la main depuis la cr\u00e9ation du dessin, la pose du vernis et le montage.  3 coloris au choix, \u00e0 vous de choisir votre bottes pr\u00e9f\u00e9r\u00e9es !","og_url":"https:\/\/ohmondessin.com\/index.php\/product\/pins-bottes-en-caoutchouc\/","og_site_name":"ohmondessin.com","article_publisher":"https:\/\/www.facebook.com\/Ohmondessin","article_modified_time":"2026-01-15T00:03:30+00:00","og_image":[{"width":1000,"height":1000,"url":"http:\/\/ohmondessin.com\/wp-content\/uploads\/2023\/01\/pins-\u2013-bottes2.jpg","type":"image\/jpeg"}],"twitter_card":"summary_large_image","twitter_misc":{"Dur\u00e9e de lecture estim\u00e9e":"1 minute"},"schema":{"@context":"https:\/\/schema.org","@graph":[{"@type":"WebPage","@id":"https:\/\/ohmondessin.com\/index.php\/product\/pins-bottes-en-caoutchouc\/","url":"https:\/\/ohmondessin.com\/index.php\/product\/pins-bottes-en-caoutchouc\/","name":"Le Pin's Bottes en caoutchouc - 3 coloris - ohmondessin.com","isPartOf":{"@id":"https:\/\/ohmondessin.com\/#website"},"primaryImageOfPage":{"@id":"https:\/\/ohmondessin.com\/index.php\/product\/pins-bottes-en-caoutchouc\/#primaryimage"},"image":{"@id":"https:\/\/ohmondessin.com\/index.php\/product\/pins-bottes-en-caoutchouc\/#primaryimage"},"thumbnailUrl":"https:\/\/ohmondessin.com\/wp-content\/uploads\/2023\/01\/pins-\u2013-bottes2.jpg","datePublished":"2025-01-16T12:32:54+00:00","dateModified":"2026-01-15T00:03:30+00:00","breadcrumb":{"@id":"https:\/\/ohmondessin.com\/index.php\/product\/pins-bottes-en-caoutchouc\/#breadcrumb"},"inLanguage":"fr-FR","potentialAction":[{"@type":"ReadAction","target":["https:\/\/ohmondessin.com\/index.php\/product\/pins-bottes-en-caoutchouc\/"]}]},{"@type":"ImageObject","inLanguage":"fr-FR","@id":"https:\/\/ohmondessin.com\/index.php\/product\/pins-bottes-en-caoutchouc\/#primaryimage","url":"https:\/\/ohmondessin.com\/wp-content\/uploads\/2023\/01\/pins-\u2013-bottes2.jpg","contentUrl":"https:\/\/ohmondessin.com\/wp-content\/uploads\/2023\/01\/pins-\u2013-bottes2.jpg","width":1000,"height":1000,"caption":"pins-bottes"},{"@type":"BreadcrumbList","@id":"https:\/\/ohmondessin.com\/index.php\/product\/pins-bottes-en-caoutchouc\/#breadcrumb","itemListElement":[{"@type":"ListItem","position":1,"name":"Accueil","item":"https:\/\/ohmondessin.com\/"},{"@type":"ListItem","position":2,"name":"La boutique","item":"https:\/\/ohmondessin.com\/index.php\/la-boutique\/"},{"@type":"ListItem","position":3,"name":"Le Pin&rsquo;s Bottes en caoutchouc &#8211; 3 coloris"}]},{"@type":"WebSite","@id":"https:\/\/ohmondessin.com\/#website","url":"https:\/\/ohmondessin.com\/","name":"ohmondessin.com","description":"De l\u2019illustration et du fait-main","publisher":{"@id":"https:\/\/ohmondessin.com\/#organization"},"potentialAction":[{"@type":"SearchAction","target":{"@type":"EntryPoint","urlTemplate":"https:\/\/ohmondessin.com\/?s={search_term_string}"},"query-input":{"@type":"PropertyValueSpecification","valueRequired":true,"valueName":"search_term_string"}}],"inLanguage":"fr-FR"},{"@type":"Organization","@id":"https:\/\/ohmondessin.com\/#organization","name":"ohmondessin.com","url":"https:\/\/ohmondessin.com\/","logo":{"@type":"ImageObject","inLanguage":"fr-FR","@id":"https:\/\/ohmondessin.com\/#\/schema\/logo\/image\/","url":"https:\/\/ohmondessin.com\/wp-content\/uploads\/2023\/01\/logo_OHMD-dark.png","contentUrl":"https:\/\/ohmondessin.com\/wp-content\/uploads\/2023\/01\/logo_OHMD-dark.png","width":500,"height":500,"caption":"ohmondessin.com"},"image":{"@id":"https:\/\/ohmondessin.com\/#\/schema\/logo\/image\/"},"sameAs":["https:\/\/www.facebook.com\/Ohmondessin","https:\/\/www.instagram.com\/ohmondessin\/"]}]}},"jetpack_sharing_enabled":true,"_links":{"self":[{"href":"https:\/\/ohmondessin.com\/index.php\/wp-json\/wp\/v2\/product\/4439","targetHints":{"allow":["GET"]}}],"collection":[{"href":"https:\/\/ohmondessin.com\/index.php\/wp-json\/wp\/v2\/product"}],"about":[{"href":"https:\/\/ohmondessin.com\/index.php\/wp-json\/wp\/v2\/types\/product"}],"replies":[{"embeddable":true,"href":"https:\/\/ohmondessin.com\/index.php\/wp-json\/wp\/v2\/comments?post=4439"}],"wp:featuredmedia":[{"embeddable":true,"href":"https:\/\/ohmondessin.com\/index.php\/wp-json\/wp\/v2\/media\/4444"}],"wp:attachment":[{"href":"https:\/\/ohmondessin.com\/index.php\/wp-json\/wp\/v2\/media?parent=4439"}],"wp:term":[{"taxonomy":"product_brand","embeddable":true,"href":"https:\/\/ohmondessin.com\/index.php\/wp-json\/wp\/v2\/product_brand?post=4439"},{"taxonomy":"product_cat","embeddable":true,"href":"https:\/\/ohmondessin.com\/index.php\/wp-json\/wp\/v2\/product_cat?post=4439"},{"taxonomy":"product_tag","embeddable":true,"href":"https:\/\/ohmondessin.com\/index.php\/wp-json\/wp\/v2\/product_tag?post=4439"}],"curies":[{"name":"wp","href":"https:\/\/api.w.org\/{rel}","templated":true}]}}