{"id":4608,"date":"2023-01-26T15:45:06","date_gmt":"2023-01-26T15:45:06","guid":{"rendered":"https:\/\/ohmondessin.com\/?post_type=product&#038;p=4608"},"modified":"2026-01-15T00:03:30","modified_gmt":"2026-01-15T00:03:30","slug":"affiche-et-carte-postale-la-nana-du-bassin-darcachon","status":"publish","type":"product","link":"https:\/\/ohmondessin.com\/index.php\/product\/affiche-et-carte-postale-la-nana-du-bassin-darcachon\/","title":{"rendered":"Affiche \u00ab\u00a0La Nana du Bassin d&rsquo;Arcachon\u00a0\u00bb"},"content":{"rendered":"<p>Cette illustration est r\u00e9alis\u00e9e, imprim\u00e9e et emball\u00e9e dans mon atelier \u00e0 Maisons-Laffitte (78)<\/p>\n<p><em>\ud83d\ude9a Livraison gratuite \u00e0 partir de 80\u20ac d\u2019achats<\/em><\/p>\n","protected":false},"excerpt":{"rendered":"<p>L&rsquo;ile aux oiseauuuux \ud83c\udfb6<\/p>\n<p>Illustration imprim\u00e9e avec des encres riches et vibrantes sur un papier mate premium de 210 g\/m\u00b2.<\/p>\n<p>Sur chaque affiche au format A3 (29,7x42cm), vous retrouverez l\u2019empreinte en relief de notre logo Oh ! Mon Dessin gr\u00e2ce \u00e0 l\u2019utilisation d\u2019une pince \u00e0 gaufrer. Cette signature marque avec \u00e9l\u00e9gance le papier et certifie l\u2019affiche.<\/p>\n<p>Cette illustration est r\u00e9alis\u00e9e, imprim\u00e9e et emball\u00e9e dans mon atelier \u00e0 Maisons-Laffitte (78).<\/p>\n","protected":false},"featured_media":4613,"comment_status":"closed","ping_status":"closed","template":"","meta":[],"product_brand":[],"product_cat":[745,752,746],"product_tag":[105,374,561,112,563,262,261,375,562,372,376,139,106],"class_list":{"0":"post-4608","1":"product","2":"type-product","3":"status-publish","4":"has-post-thumbnail","6":"product_cat-affiches","7":"product_cat-affiches-villes-affiches","8":"product_cat-toutes-les-affiches","9":"product_tag-affiche","10":"product_tag-affiche-bassin","11":"product_tag-affiche-bassin-arcachon","12":"product_tag-affiche-france","13":"product_tag-affiche-huitre","14":"product_tag-arcachon","15":"product_tag-bassin-darcachon","16":"product_tag-cadeau-arcachon","17":"product_tag-cadeau-bassin-arcachon","18":"product_tag-carte-postale","19":"product_tag-carte-postale-bassin-darcachon","20":"product_tag-fait-main","21":"product_tag-poster","22":"product_shipping_class-lettre-suivie","24":"first","25":"instock","26":"purchasable","27":"product-type-variable"},"yoast_head":"<!-- This site is optimized with the Yoast SEO plugin v24.6 - https:\/\/yoast.com\/wordpress\/plugins\/seo\/ -->\n<title>Affiche &quot;La Nana du Bassin d&#039;Arcachon&quot; - ohmondessin.com<\/title>\n<meta name=\"robots\" content=\"index, follow, max-snippet:-1, max-image-preview:large, max-video-preview:-1\" \/>\n<link rel=\"canonical\" href=\"https:\/\/ohmondessin.com\/index.php\/product\/affiche-et-carte-postale-la-nana-du-bassin-darcachon\/\" \/>\n<meta property=\"og:locale\" content=\"fr_FR\" \/>\n<meta property=\"og:type\" content=\"article\" \/>\n<meta property=\"og:title\" content=\"Affiche &quot;La Nana du Bassin d&#039;Arcachon&quot; - ohmondessin.com\" \/>\n<meta property=\"og:description\" content=\"L&#039;ile aux oiseauuuux \ud83c\udfb6  Illustration imprim\u00e9e avec des encres riches et vibrantes sur un papier mate premium de 210 g\/m\u00b2.  Sur chaque affiche au format A3 (29,7x42cm), vous retrouverez l\u2019empreinte en relief de notre logo Oh ! Mon Dessin gr\u00e2ce \u00e0 l\u2019utilisation d\u2019une pince \u00e0 gaufrer. Cette signature marque avec \u00e9l\u00e9gance le papier et certifie l\u2019affiche.  Cette illustration est r\u00e9alis\u00e9e, imprim\u00e9e et emball\u00e9e dans mon atelier \u00e0 Maisons-Laffitte (78).\" \/>\n<meta property=\"og:url\" content=\"https:\/\/ohmondessin.com\/index.php\/product\/affiche-et-carte-postale-la-nana-du-bassin-darcachon\/\" \/>\n<meta property=\"og:site_name\" content=\"ohmondessin.com\" \/>\n<meta property=\"article:publisher\" content=\"https:\/\/www.facebook.com\/Ohmondessin\" \/>\n<meta property=\"article:modified_time\" content=\"2026-01-15T00:03:30+00:00\" \/>\n<meta property=\"og:image\" content=\"http:\/\/ohmondessin.com\/wp-content\/uploads\/2023\/01\/Affiche-La-Nana-du-Bassin-dArcachon.jpg\" \/>\n\t<meta property=\"og:image:width\" content=\"1000\" \/>\n\t<meta property=\"og:image:height\" content=\"1000\" \/>\n\t<meta property=\"og:image:type\" content=\"image\/jpeg\" \/>\n<meta name=\"twitter:card\" content=\"summary_large_image\" \/>\n<script type=\"application\/ld+json\" class=\"yoast-schema-graph\">{\"@context\":\"https:\/\/schema.org\",\"@graph\":[{\"@type\":\"WebPage\",\"@id\":\"https:\/\/ohmondessin.com\/index.php\/product\/affiche-et-carte-postale-la-nana-du-bassin-darcachon\/\",\"url\":\"https:\/\/ohmondessin.com\/index.php\/product\/affiche-et-carte-postale-la-nana-du-bassin-darcachon\/\",\"name\":\"Affiche \\\"La Nana du Bassin d'Arcachon\\\" - ohmondessin.com\",\"isPartOf\":{\"@id\":\"https:\/\/ohmondessin.com\/#website\"},\"primaryImageOfPage\":{\"@id\":\"https:\/\/ohmondessin.com\/index.php\/product\/affiche-et-carte-postale-la-nana-du-bassin-darcachon\/#primaryimage\"},\"image\":{\"@id\":\"https:\/\/ohmondessin.com\/index.php\/product\/affiche-et-carte-postale-la-nana-du-bassin-darcachon\/#primaryimage\"},\"thumbnailUrl\":\"https:\/\/ohmondessin.com\/wp-content\/uploads\/2023\/01\/Affiche-La-Nana-du-Bassin-dArcachon.jpg\",\"datePublished\":\"2023-01-26T15:45:06+00:00\",\"dateModified\":\"2026-01-15T00:03:30+00:00\",\"breadcrumb\":{\"@id\":\"https:\/\/ohmondessin.com\/index.php\/product\/affiche-et-carte-postale-la-nana-du-bassin-darcachon\/#breadcrumb\"},\"inLanguage\":\"fr-FR\",\"potentialAction\":[{\"@type\":\"ReadAction\",\"target\":[\"https:\/\/ohmondessin.com\/index.php\/product\/affiche-et-carte-postale-la-nana-du-bassin-darcachon\/\"]}]},{\"@type\":\"ImageObject\",\"inLanguage\":\"fr-FR\",\"@id\":\"https:\/\/ohmondessin.com\/index.php\/product\/affiche-et-carte-postale-la-nana-du-bassin-darcachon\/#primaryimage\",\"url\":\"https:\/\/ohmondessin.com\/wp-content\/uploads\/2023\/01\/Affiche-La-Nana-du-Bassin-dArcachon.jpg\",\"contentUrl\":\"https:\/\/ohmondessin.com\/wp-content\/uploads\/2023\/01\/Affiche-La-Nana-du-Bassin-dArcachon.jpg\",\"width\":1000,\"height\":1000,\"caption\":\"Affiche-La-Nana-du-Bassin-dArcachon\"},{\"@type\":\"BreadcrumbList\",\"@id\":\"https:\/\/ohmondessin.com\/index.php\/product\/affiche-et-carte-postale-la-nana-du-bassin-darcachon\/#breadcrumb\",\"itemListElement\":[{\"@type\":\"ListItem\",\"position\":1,\"name\":\"Accueil\",\"item\":\"https:\/\/ohmondessin.com\/\"},{\"@type\":\"ListItem\",\"position\":2,\"name\":\"La boutique\",\"item\":\"https:\/\/ohmondessin.com\/index.php\/la-boutique\/\"},{\"@type\":\"ListItem\",\"position\":3,\"name\":\"Affiche &#8220;La Nana du Bassin d&#8217;Arcachon&#8221;\"}]},{\"@type\":\"WebSite\",\"@id\":\"https:\/\/ohmondessin.com\/#website\",\"url\":\"https:\/\/ohmondessin.com\/\",\"name\":\"ohmondessin.com\",\"description\":\"De l\u2019illustration et du fait-main\",\"publisher\":{\"@id\":\"https:\/\/ohmondessin.com\/#organization\"},\"potentialAction\":[{\"@type\":\"SearchAction\",\"target\":{\"@type\":\"EntryPoint\",\"urlTemplate\":\"https:\/\/ohmondessin.com\/?s={search_term_string}\"},\"query-input\":{\"@type\":\"PropertyValueSpecification\",\"valueRequired\":true,\"valueName\":\"search_term_string\"}}],\"inLanguage\":\"fr-FR\"},{\"@type\":\"Organization\",\"@id\":\"https:\/\/ohmondessin.com\/#organization\",\"name\":\"ohmondessin.com\",\"url\":\"https:\/\/ohmondessin.com\/\",\"logo\":{\"@type\":\"ImageObject\",\"inLanguage\":\"fr-FR\",\"@id\":\"https:\/\/ohmondessin.com\/#\/schema\/logo\/image\/\",\"url\":\"https:\/\/ohmondessin.com\/wp-content\/uploads\/2023\/01\/logo_OHMD-dark.png\",\"contentUrl\":\"https:\/\/ohmondessin.com\/wp-content\/uploads\/2023\/01\/logo_OHMD-dark.png\",\"width\":500,\"height\":500,\"caption\":\"ohmondessin.com\"},\"image\":{\"@id\":\"https:\/\/ohmondessin.com\/#\/schema\/logo\/image\/\"},\"sameAs\":[\"https:\/\/www.facebook.com\/Ohmondessin\",\"https:\/\/www.instagram.com\/ohmondessin\/\"]}]}<\/script>\n<!-- \/ Yoast SEO plugin. -->","yoast_head_json":{"title":"Affiche \"La Nana du Bassin d'Arcachon\" - ohmondessin.com","robots":{"index":"index","follow":"follow","max-snippet":"max-snippet:-1","max-image-preview":"max-image-preview:large","max-video-preview":"max-video-preview:-1"},"canonical":"https:\/\/ohmondessin.com\/index.php\/product\/affiche-et-carte-postale-la-nana-du-bassin-darcachon\/","og_locale":"fr_FR","og_type":"article","og_title":"Affiche \"La Nana du Bassin d'Arcachon\" - ohmondessin.com","og_description":"L'ile aux oiseauuuux \ud83c\udfb6  Illustration imprim\u00e9e avec des encres riches et vibrantes sur un papier mate premium de 210 g\/m\u00b2.  Sur chaque affiche au format A3 (29,7x42cm), vous retrouverez l\u2019empreinte en relief de notre logo Oh ! Mon Dessin gr\u00e2ce \u00e0 l\u2019utilisation d\u2019une pince \u00e0 gaufrer. Cette signature marque avec \u00e9l\u00e9gance le papier et certifie l\u2019affiche.  Cette illustration est r\u00e9alis\u00e9e, imprim\u00e9e et emball\u00e9e dans mon atelier \u00e0 Maisons-Laffitte (78).","og_url":"https:\/\/ohmondessin.com\/index.php\/product\/affiche-et-carte-postale-la-nana-du-bassin-darcachon\/","og_site_name":"ohmondessin.com","article_publisher":"https:\/\/www.facebook.com\/Ohmondessin","article_modified_time":"2026-01-15T00:03:30+00:00","og_image":[{"width":1000,"height":1000,"url":"http:\/\/ohmondessin.com\/wp-content\/uploads\/2023\/01\/Affiche-La-Nana-du-Bassin-dArcachon.jpg","type":"image\/jpeg"}],"twitter_card":"summary_large_image","schema":{"@context":"https:\/\/schema.org","@graph":[{"@type":"WebPage","@id":"https:\/\/ohmondessin.com\/index.php\/product\/affiche-et-carte-postale-la-nana-du-bassin-darcachon\/","url":"https:\/\/ohmondessin.com\/index.php\/product\/affiche-et-carte-postale-la-nana-du-bassin-darcachon\/","name":"Affiche \"La Nana du Bassin d'Arcachon\" - ohmondessin.com","isPartOf":{"@id":"https:\/\/ohmondessin.com\/#website"},"primaryImageOfPage":{"@id":"https:\/\/ohmondessin.com\/index.php\/product\/affiche-et-carte-postale-la-nana-du-bassin-darcachon\/#primaryimage"},"image":{"@id":"https:\/\/ohmondessin.com\/index.php\/product\/affiche-et-carte-postale-la-nana-du-bassin-darcachon\/#primaryimage"},"thumbnailUrl":"https:\/\/ohmondessin.com\/wp-content\/uploads\/2023\/01\/Affiche-La-Nana-du-Bassin-dArcachon.jpg","datePublished":"2023-01-26T15:45:06+00:00","dateModified":"2026-01-15T00:03:30+00:00","breadcrumb":{"@id":"https:\/\/ohmondessin.com\/index.php\/product\/affiche-et-carte-postale-la-nana-du-bassin-darcachon\/#breadcrumb"},"inLanguage":"fr-FR","potentialAction":[{"@type":"ReadAction","target":["https:\/\/ohmondessin.com\/index.php\/product\/affiche-et-carte-postale-la-nana-du-bassin-darcachon\/"]}]},{"@type":"ImageObject","inLanguage":"fr-FR","@id":"https:\/\/ohmondessin.com\/index.php\/product\/affiche-et-carte-postale-la-nana-du-bassin-darcachon\/#primaryimage","url":"https:\/\/ohmondessin.com\/wp-content\/uploads\/2023\/01\/Affiche-La-Nana-du-Bassin-dArcachon.jpg","contentUrl":"https:\/\/ohmondessin.com\/wp-content\/uploads\/2023\/01\/Affiche-La-Nana-du-Bassin-dArcachon.jpg","width":1000,"height":1000,"caption":"Affiche-La-Nana-du-Bassin-dArcachon"},{"@type":"BreadcrumbList","@id":"https:\/\/ohmondessin.com\/index.php\/product\/affiche-et-carte-postale-la-nana-du-bassin-darcachon\/#breadcrumb","itemListElement":[{"@type":"ListItem","position":1,"name":"Accueil","item":"https:\/\/ohmondessin.com\/"},{"@type":"ListItem","position":2,"name":"La boutique","item":"https:\/\/ohmondessin.com\/index.php\/la-boutique\/"},{"@type":"ListItem","position":3,"name":"Affiche &#8220;La Nana du Bassin d&#8217;Arcachon&#8221;"}]},{"@type":"WebSite","@id":"https:\/\/ohmondessin.com\/#website","url":"https:\/\/ohmondessin.com\/","name":"ohmondessin.com","description":"De l\u2019illustration et du fait-main","publisher":{"@id":"https:\/\/ohmondessin.com\/#organization"},"potentialAction":[{"@type":"SearchAction","target":{"@type":"EntryPoint","urlTemplate":"https:\/\/ohmondessin.com\/?s={search_term_string}"},"query-input":{"@type":"PropertyValueSpecification","valueRequired":true,"valueName":"search_term_string"}}],"inLanguage":"fr-FR"},{"@type":"Organization","@id":"https:\/\/ohmondessin.com\/#organization","name":"ohmondessin.com","url":"https:\/\/ohmondessin.com\/","logo":{"@type":"ImageObject","inLanguage":"fr-FR","@id":"https:\/\/ohmondessin.com\/#\/schema\/logo\/image\/","url":"https:\/\/ohmondessin.com\/wp-content\/uploads\/2023\/01\/logo_OHMD-dark.png","contentUrl":"https:\/\/ohmondessin.com\/wp-content\/uploads\/2023\/01\/logo_OHMD-dark.png","width":500,"height":500,"caption":"ohmondessin.com"},"image":{"@id":"https:\/\/ohmondessin.com\/#\/schema\/logo\/image\/"},"sameAs":["https:\/\/www.facebook.com\/Ohmondessin","https:\/\/www.instagram.com\/ohmondessin\/"]}]}},"jetpack_sharing_enabled":true,"_links":{"self":[{"href":"https:\/\/ohmondessin.com\/index.php\/wp-json\/wp\/v2\/product\/4608","targetHints":{"allow":["GET"]}}],"collection":[{"href":"https:\/\/ohmondessin.com\/index.php\/wp-json\/wp\/v2\/product"}],"about":[{"href":"https:\/\/ohmondessin.com\/index.php\/wp-json\/wp\/v2\/types\/product"}],"replies":[{"embeddable":true,"href":"https:\/\/ohmondessin.com\/index.php\/wp-json\/wp\/v2\/comments?post=4608"}],"wp:featuredmedia":[{"embeddable":true,"href":"https:\/\/ohmondessin.com\/index.php\/wp-json\/wp\/v2\/media\/4613"}],"wp:attachment":[{"href":"https:\/\/ohmondessin.com\/index.php\/wp-json\/wp\/v2\/media?parent=4608"}],"wp:term":[{"taxonomy":"product_brand","embeddable":true,"href":"https:\/\/ohmondessin.com\/index.php\/wp-json\/wp\/v2\/product_brand?post=4608"},{"taxonomy":"product_cat","embeddable":true,"href":"https:\/\/ohmondessin.com\/index.php\/wp-json\/wp\/v2\/product_cat?post=4608"},{"taxonomy":"product_tag","embeddable":true,"href":"https:\/\/ohmondessin.com\/index.php\/wp-json\/wp\/v2\/product_tag?post=4608"}],"curies":[{"name":"wp","href":"https:\/\/api.w.org\/{rel}","templated":true}]}}