{"id":4900,"date":"2023-02-01T14:20:28","date_gmt":"2023-02-01T14:20:28","guid":{"rendered":"https:\/\/ohmondessin.com\/?post_type=product&#038;p=4900"},"modified":"2026-01-15T00:03:31","modified_gmt":"2026-01-15T00:03:31","slug":"affiches-personnalisees-du-goeland-avec-votre-texte","status":"publish","type":"product","link":"https:\/\/ohmondessin.com\/index.php\/product\/affiches-personnalisees-du-goeland-avec-votre-texte\/","title":{"rendered":"Affiches personnalis\u00e9es du Go\u00e9land avec votre texte"},"content":{"rendered":"<p><em>Comment \u00e7a se passe ?<\/em><\/p>\n<p>Je recopie le texte envoy\u00e9 \u00e0 l&rsquo;adresse suivante <a href=\"mailto:contact@ohmondessin.com\">contact@ohmondessin.com<\/a>\u00a0en reprenant le go\u00e9land de votre choix.<\/p>\n<p>Pensez \u00e0 ne pas envoyer un texte trop long \ud83d\ude43<\/p>\n<p>Cette illustration est r\u00e9alis\u00e9e, imprim\u00e9e et emball\u00e9e dans mon atelier \u00e0 Maisons-Laffitte (78)<\/p>\n<p><em>\ud83d\ude9a Livraison gratuite \u00e0 partir de 80\u20ac d\u2019achats<\/em><\/p>\n","protected":false},"excerpt":{"rendered":"<p>Apr\u00e8s le succ\u00e8s des Affiches Bretonnes (et des incontournables go\u00e9lands) il est d\u00e9sormais possible de composer vous-m\u00eame le texte de votre affiche et de choisir votre go\u00e9land pour l&rsquo;illustrer !<\/p>\n<p>Envoyez votre texte via l&rsquo;adresse mail <a href=\"mailto:contact@ohmondessin.com\">contact@ohmondessin.com<\/a> et je l&rsquo;inscris sur l&rsquo;affiche !<\/p>\n<p>\ud83c\uddeb\ud83c\uddf7 Cette illustration est dessin\u00e9e, imprim\u00e9e et emball\u00e9e dans mon atelier en France.<\/p>\n","protected":false},"featured_media":4912,"comment_status":"open","ping_status":"closed","template":"","meta":[],"product_brand":[],"product_cat":[745,760,746],"product_tag":[105,396,533,530,535,525,532,139,213,529,521,534,531],"class_list":{"0":"post-4900","1":"product","2":"type-product","3":"status-publish","4":"has-post-thumbnail","6":"product_cat-affiches","7":"product_cat-affiches-personnalisables","8":"product_cat-toutes-les-affiches","9":"product_tag-affiche","10":"product_tag-affiche-goeland","11":"product_tag-affiche-personnalisable-humour","12":"product_tag-affiche-personnalisee-animaux","13":"product_tag-bretagne-affiche","14":"product_tag-cadeau-orginal","15":"product_tag-dessin-goeland","16":"product_tag-fait-main","17":"product_tag-goleand","18":"product_tag-illustration-chat-personnalise","19":"product_tag-illustration-personnalisee","20":"product_tag-illustration-personnalisee-bretagne","21":"product_tag-illustration-texte","22":"product_shipping_class-lettre-suivie","24":"first","25":"instock","26":"taxable","27":"shipping-taxable","28":"purchasable","29":"product-type-variable"},"yoast_head":"<!-- This site is optimized with the Yoast SEO plugin v24.6 - https:\/\/yoast.com\/wordpress\/plugins\/seo\/ -->\n<title>Affiches personnalis\u00e9es du Go\u00e9land avec votre texte - ohmondessin.com<\/title>\n<meta name=\"robots\" content=\"index, follow, max-snippet:-1, max-image-preview:large, max-video-preview:-1\" \/>\n<link rel=\"canonical\" href=\"https:\/\/ohmondessin.com\/index.php\/product\/affiches-personnalisees-du-goeland-avec-votre-texte\/\" \/>\n<meta property=\"og:locale\" content=\"fr_FR\" \/>\n<meta property=\"og:type\" content=\"article\" \/>\n<meta property=\"og:title\" content=\"Affiches personnalis\u00e9es du Go\u00e9land avec votre texte - ohmondessin.com\" \/>\n<meta property=\"og:description\" content=\"Apr\u00e8s le succ\u00e8s des Affiches Bretonnes (et des incontournables go\u00e9lands) il est d\u00e9sormais possible de composer vous-m\u00eame le texte de votre affiche et de choisir votre go\u00e9land pour l&#039;illustrer !  Envoyez votre texte via l&#039;adresse mail contact@ohmondessin.com et je l&#039;inscris sur l&#039;affiche !  \ud83c\uddeb\ud83c\uddf7 Cette illustration est dessin\u00e9e, imprim\u00e9e et emball\u00e9e dans mon atelier en France.\" \/>\n<meta property=\"og:url\" content=\"https:\/\/ohmondessin.com\/index.php\/product\/affiches-personnalisees-du-goeland-avec-votre-texte\/\" \/>\n<meta property=\"og:site_name\" content=\"ohmondessin.com\" \/>\n<meta property=\"article:publisher\" content=\"https:\/\/www.facebook.com\/Ohmondessin\" \/>\n<meta property=\"article:modified_time\" content=\"2026-01-15T00:03:31+00:00\" \/>\n<meta property=\"og:image\" content=\"http:\/\/ohmondessin.com\/wp-content\/uploads\/2023\/02\/Portrait-goeland-\u2013-1-1.png\" \/>\n\t<meta property=\"og:image:width\" content=\"900\" \/>\n\t<meta property=\"og:image:height\" content=\"900\" \/>\n\t<meta property=\"og:image:type\" content=\"image\/png\" \/>\n<meta name=\"twitter:card\" content=\"summary_large_image\" \/>\n<script type=\"application\/ld+json\" class=\"yoast-schema-graph\">{\"@context\":\"https:\/\/schema.org\",\"@graph\":[{\"@type\":\"WebPage\",\"@id\":\"https:\/\/ohmondessin.com\/index.php\/product\/affiches-personnalisees-du-goeland-avec-votre-texte\/\",\"url\":\"https:\/\/ohmondessin.com\/index.php\/product\/affiches-personnalisees-du-goeland-avec-votre-texte\/\",\"name\":\"Affiches personnalis\u00e9es du Go\u00e9land avec votre texte - ohmondessin.com\",\"isPartOf\":{\"@id\":\"https:\/\/ohmondessin.com\/#website\"},\"primaryImageOfPage\":{\"@id\":\"https:\/\/ohmondessin.com\/index.php\/product\/affiches-personnalisees-du-goeland-avec-votre-texte\/#primaryimage\"},\"image\":{\"@id\":\"https:\/\/ohmondessin.com\/index.php\/product\/affiches-personnalisees-du-goeland-avec-votre-texte\/#primaryimage\"},\"thumbnailUrl\":\"https:\/\/ohmondessin.com\/wp-content\/uploads\/2023\/02\/Portrait-goeland-\u2013-1-1.png\",\"datePublished\":\"2023-02-01T14:20:28+00:00\",\"dateModified\":\"2026-01-15T00:03:31+00:00\",\"breadcrumb\":{\"@id\":\"https:\/\/ohmondessin.com\/index.php\/product\/affiches-personnalisees-du-goeland-avec-votre-texte\/#breadcrumb\"},\"inLanguage\":\"fr-FR\",\"potentialAction\":[{\"@type\":\"ReadAction\",\"target\":[\"https:\/\/ohmondessin.com\/index.php\/product\/affiches-personnalisees-du-goeland-avec-votre-texte\/\"]}]},{\"@type\":\"ImageObject\",\"inLanguage\":\"fr-FR\",\"@id\":\"https:\/\/ohmondessin.com\/index.php\/product\/affiches-personnalisees-du-goeland-avec-votre-texte\/#primaryimage\",\"url\":\"https:\/\/ohmondessin.com\/wp-content\/uploads\/2023\/02\/Portrait-goeland-\u2013-1-1.png\",\"contentUrl\":\"https:\/\/ohmondessin.com\/wp-content\/uploads\/2023\/02\/Portrait-goeland-\u2013-1-1.png\",\"width\":900,\"height\":900,\"caption\":\"Portrait-go\u00e9land\"},{\"@type\":\"BreadcrumbList\",\"@id\":\"https:\/\/ohmondessin.com\/index.php\/product\/affiches-personnalisees-du-goeland-avec-votre-texte\/#breadcrumb\",\"itemListElement\":[{\"@type\":\"ListItem\",\"position\":1,\"name\":\"Accueil\",\"item\":\"https:\/\/ohmondessin.com\/\"},{\"@type\":\"ListItem\",\"position\":2,\"name\":\"La boutique\",\"item\":\"https:\/\/ohmondessin.com\/index.php\/la-boutique\/\"},{\"@type\":\"ListItem\",\"position\":3,\"name\":\"Affiches personnalis\u00e9es du Go\u00e9land avec votre texte\"}]},{\"@type\":\"WebSite\",\"@id\":\"https:\/\/ohmondessin.com\/#website\",\"url\":\"https:\/\/ohmondessin.com\/\",\"name\":\"ohmondessin.com\",\"description\":\"De l\u2019illustration et du fait-main\",\"publisher\":{\"@id\":\"https:\/\/ohmondessin.com\/#organization\"},\"potentialAction\":[{\"@type\":\"SearchAction\",\"target\":{\"@type\":\"EntryPoint\",\"urlTemplate\":\"https:\/\/ohmondessin.com\/?s={search_term_string}\"},\"query-input\":{\"@type\":\"PropertyValueSpecification\",\"valueRequired\":true,\"valueName\":\"search_term_string\"}}],\"inLanguage\":\"fr-FR\"},{\"@type\":\"Organization\",\"@id\":\"https:\/\/ohmondessin.com\/#organization\",\"name\":\"ohmondessin.com\",\"url\":\"https:\/\/ohmondessin.com\/\",\"logo\":{\"@type\":\"ImageObject\",\"inLanguage\":\"fr-FR\",\"@id\":\"https:\/\/ohmondessin.com\/#\/schema\/logo\/image\/\",\"url\":\"https:\/\/ohmondessin.com\/wp-content\/uploads\/2023\/01\/logo_OHMD-dark.png\",\"contentUrl\":\"https:\/\/ohmondessin.com\/wp-content\/uploads\/2023\/01\/logo_OHMD-dark.png\",\"width\":500,\"height\":500,\"caption\":\"ohmondessin.com\"},\"image\":{\"@id\":\"https:\/\/ohmondessin.com\/#\/schema\/logo\/image\/\"},\"sameAs\":[\"https:\/\/www.facebook.com\/Ohmondessin\",\"https:\/\/www.instagram.com\/ohmondessin\/\"]}]}<\/script>\n<!-- \/ Yoast SEO plugin. -->","yoast_head_json":{"title":"Affiches personnalis\u00e9es du Go\u00e9land avec votre texte - ohmondessin.com","robots":{"index":"index","follow":"follow","max-snippet":"max-snippet:-1","max-image-preview":"max-image-preview:large","max-video-preview":"max-video-preview:-1"},"canonical":"https:\/\/ohmondessin.com\/index.php\/product\/affiches-personnalisees-du-goeland-avec-votre-texte\/","og_locale":"fr_FR","og_type":"article","og_title":"Affiches personnalis\u00e9es du Go\u00e9land avec votre texte - ohmondessin.com","og_description":"Apr\u00e8s le succ\u00e8s des Affiches Bretonnes (et des incontournables go\u00e9lands) il est d\u00e9sormais possible de composer vous-m\u00eame le texte de votre affiche et de choisir votre go\u00e9land pour l'illustrer !  Envoyez votre texte via l'adresse mail contact@ohmondessin.com et je l'inscris sur l'affiche !  \ud83c\uddeb\ud83c\uddf7 Cette illustration est dessin\u00e9e, imprim\u00e9e et emball\u00e9e dans mon atelier en France.","og_url":"https:\/\/ohmondessin.com\/index.php\/product\/affiches-personnalisees-du-goeland-avec-votre-texte\/","og_site_name":"ohmondessin.com","article_publisher":"https:\/\/www.facebook.com\/Ohmondessin","article_modified_time":"2026-01-15T00:03:31+00:00","og_image":[{"width":900,"height":900,"url":"http:\/\/ohmondessin.com\/wp-content\/uploads\/2023\/02\/Portrait-goeland-\u2013-1-1.png","type":"image\/png"}],"twitter_card":"summary_large_image","schema":{"@context":"https:\/\/schema.org","@graph":[{"@type":"WebPage","@id":"https:\/\/ohmondessin.com\/index.php\/product\/affiches-personnalisees-du-goeland-avec-votre-texte\/","url":"https:\/\/ohmondessin.com\/index.php\/product\/affiches-personnalisees-du-goeland-avec-votre-texte\/","name":"Affiches personnalis\u00e9es du Go\u00e9land avec votre texte - ohmondessin.com","isPartOf":{"@id":"https:\/\/ohmondessin.com\/#website"},"primaryImageOfPage":{"@id":"https:\/\/ohmondessin.com\/index.php\/product\/affiches-personnalisees-du-goeland-avec-votre-texte\/#primaryimage"},"image":{"@id":"https:\/\/ohmondessin.com\/index.php\/product\/affiches-personnalisees-du-goeland-avec-votre-texte\/#primaryimage"},"thumbnailUrl":"https:\/\/ohmondessin.com\/wp-content\/uploads\/2023\/02\/Portrait-goeland-\u2013-1-1.png","datePublished":"2023-02-01T14:20:28+00:00","dateModified":"2026-01-15T00:03:31+00:00","breadcrumb":{"@id":"https:\/\/ohmondessin.com\/index.php\/product\/affiches-personnalisees-du-goeland-avec-votre-texte\/#breadcrumb"},"inLanguage":"fr-FR","potentialAction":[{"@type":"ReadAction","target":["https:\/\/ohmondessin.com\/index.php\/product\/affiches-personnalisees-du-goeland-avec-votre-texte\/"]}]},{"@type":"ImageObject","inLanguage":"fr-FR","@id":"https:\/\/ohmondessin.com\/index.php\/product\/affiches-personnalisees-du-goeland-avec-votre-texte\/#primaryimage","url":"https:\/\/ohmondessin.com\/wp-content\/uploads\/2023\/02\/Portrait-goeland-\u2013-1-1.png","contentUrl":"https:\/\/ohmondessin.com\/wp-content\/uploads\/2023\/02\/Portrait-goeland-\u2013-1-1.png","width":900,"height":900,"caption":"Portrait-go\u00e9land"},{"@type":"BreadcrumbList","@id":"https:\/\/ohmondessin.com\/index.php\/product\/affiches-personnalisees-du-goeland-avec-votre-texte\/#breadcrumb","itemListElement":[{"@type":"ListItem","position":1,"name":"Accueil","item":"https:\/\/ohmondessin.com\/"},{"@type":"ListItem","position":2,"name":"La boutique","item":"https:\/\/ohmondessin.com\/index.php\/la-boutique\/"},{"@type":"ListItem","position":3,"name":"Affiches personnalis\u00e9es du Go\u00e9land avec votre texte"}]},{"@type":"WebSite","@id":"https:\/\/ohmondessin.com\/#website","url":"https:\/\/ohmondessin.com\/","name":"ohmondessin.com","description":"De l\u2019illustration et du fait-main","publisher":{"@id":"https:\/\/ohmondessin.com\/#organization"},"potentialAction":[{"@type":"SearchAction","target":{"@type":"EntryPoint","urlTemplate":"https:\/\/ohmondessin.com\/?s={search_term_string}"},"query-input":{"@type":"PropertyValueSpecification","valueRequired":true,"valueName":"search_term_string"}}],"inLanguage":"fr-FR"},{"@type":"Organization","@id":"https:\/\/ohmondessin.com\/#organization","name":"ohmondessin.com","url":"https:\/\/ohmondessin.com\/","logo":{"@type":"ImageObject","inLanguage":"fr-FR","@id":"https:\/\/ohmondessin.com\/#\/schema\/logo\/image\/","url":"https:\/\/ohmondessin.com\/wp-content\/uploads\/2023\/01\/logo_OHMD-dark.png","contentUrl":"https:\/\/ohmondessin.com\/wp-content\/uploads\/2023\/01\/logo_OHMD-dark.png","width":500,"height":500,"caption":"ohmondessin.com"},"image":{"@id":"https:\/\/ohmondessin.com\/#\/schema\/logo\/image\/"},"sameAs":["https:\/\/www.facebook.com\/Ohmondessin","https:\/\/www.instagram.com\/ohmondessin\/"]}]}},"jetpack_sharing_enabled":true,"_links":{"self":[{"href":"https:\/\/ohmondessin.com\/index.php\/wp-json\/wp\/v2\/product\/4900","targetHints":{"allow":["GET"]}}],"collection":[{"href":"https:\/\/ohmondessin.com\/index.php\/wp-json\/wp\/v2\/product"}],"about":[{"href":"https:\/\/ohmondessin.com\/index.php\/wp-json\/wp\/v2\/types\/product"}],"replies":[{"embeddable":true,"href":"https:\/\/ohmondessin.com\/index.php\/wp-json\/wp\/v2\/comments?post=4900"}],"wp:featuredmedia":[{"embeddable":true,"href":"https:\/\/ohmondessin.com\/index.php\/wp-json\/wp\/v2\/media\/4912"}],"wp:attachment":[{"href":"https:\/\/ohmondessin.com\/index.php\/wp-json\/wp\/v2\/media?parent=4900"}],"wp:term":[{"taxonomy":"product_brand","embeddable":true,"href":"https:\/\/ohmondessin.com\/index.php\/wp-json\/wp\/v2\/product_brand?post=4900"},{"taxonomy":"product_cat","embeddable":true,"href":"https:\/\/ohmondessin.com\/index.php\/wp-json\/wp\/v2\/product_cat?post=4900"},{"taxonomy":"product_tag","embeddable":true,"href":"https:\/\/ohmondessin.com\/index.php\/wp-json\/wp\/v2\/product_tag?post=4900"}],"curies":[{"name":"wp","href":"https:\/\/api.w.org\/{rel}","templated":true}]}}

Affiches personnalisées du Goéland avec votre texte

<p><em>Comment ça se passe ?</em></p>
<p>Je recopie le texte envoyé à l&rsquo;adresse suivante <a href="mailto:contact@ohmondessin.com">contact@ohmondessin.com</a> en reprenant le goéland de votre choix.</p>
<p>Pensez à ne pas envoyer un texte trop long 🙃</p>
<p>Cette illustration est réalisée, imprimée et emballée dans mon atelier à Maisons-Laffitte (78)</p>
<p><em>🚚 Livraison gratuite à partir de 80€ d’achats</em></p>

<p>Après le succès des Affiches Bretonnes (et des incontournables goélands) il est désormais possible de composer vous-même le texte de votre affiche et de choisir votre goéland pour l&rsquo;illustrer !</p>
<p>Envoyez votre texte via l&rsquo;adresse mail <a href="mailto:contact@ohmondessin.com">contact@ohmondessin.com</a> et je l&rsquo;inscris sur l&rsquo;affiche !</p>
<p>🇫🇷 Cette illustration est dessinée, imprimée et emballée dans mon atelier en France.</p>

<!-- This site is optimized with the Yoast SEO plugin v24.6 - https://yoast.com/wordpress/plugins/seo/ -->
<title>Affiches personnalisées du Goéland avec votre texte - ohmondessin.com</title>
<meta name="robots" content="index, follow, max-snippet:-1, max-image-preview:large, max-video-preview:-1" />
<link rel="canonical" href="https://ohmondessin.com/index.php/product/affiches-personnalisees-du-goeland-avec-votre-texte/" />
<meta property="og:locale" content="fr_FR" />
<meta property="og:type" content="article" />
<meta property="og:title" content="Affiches personnalisées du Goéland avec votre texte - ohmondessin.com" />
<meta property="og:description" content="Après le succès des Affiches Bretonnes (et des incontournables goélands) il est désormais possible de composer vous-même le texte de votre affiche et de choisir votre goéland pour l&#039;illustrer !  Envoyez votre texte via l&#039;adresse mail contact@ohmondessin.com et je l&#039;inscris sur l&#039;affiche !  🇫🇷 Cette illustration est dessinée, imprimée et emballée dans mon atelier en France." />
<meta property="og:url" content="https://ohmondessin.com/index.php/product/affiches-personnalisees-du-goeland-avec-votre-texte/" />
<meta property="og:site_name" content="ohmondessin.com" />
<meta property="article:publisher" content="https://www.facebook.com/Ohmondessin" />
<meta property="article:modified_time" content="2026-01-15T00:03:31+00:00" />
<meta property="og:image" content="http://ohmondessin.com/wp-content/uploads/2023/02/Portrait-goeland-–-1-1.png" />
	<meta property="og:image:width" content="900" />
	<meta property="og:image:height" content="900" />
	<meta property="og:image:type" content="image/png" />
<meta name="twitter:card" content="summary_large_image" />
<script type="application/ld+json" class="yoast-schema-graph">{"@context":"https://schema.org","@graph":[{"@type":"WebPage","@id":"https://ohmondessin.com/index.php/product/affiches-personnalisees-du-goeland-avec-votre-texte/","url":"https://ohmondessin.com/index.php/product/affiches-personnalisees-du-goeland-avec-votre-texte/","name":"Affiches personnalisées du Goéland avec votre texte - ohmondessin.com","isPartOf":{"@id":"https://ohmondessin.com/#website"},"primaryImageOfPage":{"@id":"https://ohmondessin.com/index.php/product/affiches-personnalisees-du-goeland-avec-votre-texte/#primaryimage"},"image":{"@id":"https://ohmondessin.com/index.php/product/affiches-personnalisees-du-goeland-avec-votre-texte/#primaryimage"},"thumbnailUrl":"https://ohmondessin.com/wp-content/uploads/2023/02/Portrait-goeland-–-1-1.png","datePublished":"2023-02-01T14:20:28+00:00","dateModified":"2026-01-15T00:03:31+00:00","breadcrumb":{"@id":"https://ohmondessin.com/index.php/product/affiches-personnalisees-du-goeland-avec-votre-texte/#breadcrumb"},"inLanguage":"fr-FR","potentialAction":[{"@type":"ReadAction","target":["https://ohmondessin.com/index.php/product/affiches-personnalisees-du-goeland-avec-votre-texte/"]}]},{"@type":"ImageObject","inLanguage":"fr-FR","@id":"https://ohmondessin.com/index.php/product/affiches-personnalisees-du-goeland-avec-votre-texte/#primaryimage","url":"https://ohmondessin.com/wp-content/uploads/2023/02/Portrait-goeland-–-1-1.png","contentUrl":"https://ohmondessin.com/wp-content/uploads/2023/02/Portrait-goeland-–-1-1.png","width":900,"height":900,"caption":"Portrait-goéland"},{"@type":"BreadcrumbList","@id":"https://ohmondessin.com/index.php/product/affiches-personnalisees-du-goeland-avec-votre-texte/#breadcrumb","itemListElement":[{"@type":"ListItem","position":1,"name":"Accueil","item":"https://ohmondessin.com/"},{"@type":"ListItem","position":2,"name":"La boutique","item":"https://ohmondessin.com/index.php/la-boutique/"},{"@type":"ListItem","position":3,"name":"Affiches personnalisées du Goéland avec votre texte"}]},{"@type":"WebSite","@id":"https://ohmondessin.com/#website","url":"https://ohmondessin.com/","name":"ohmondessin.com","description":"De l’illustration et du fait-main","publisher":{"@id":"https://ohmondessin.com/#organization"},"potentialAction":[{"@type":"SearchAction","target":{"@type":"EntryPoint","urlTemplate":"https://ohmondessin.com/?s={search_term_string}"},"query-input":{"@type":"PropertyValueSpecification","valueRequired":true,"valueName":"search_term_string"}}],"inLanguage":"fr-FR"},{"@type":"Organization","@id":"https://ohmondessin.com/#organization","name":"ohmondessin.com","url":"https://ohmondessin.com/","logo":{"@type":"ImageObject","inLanguage":"fr-FR","@id":"https://ohmondessin.com/#/schema/logo/image/","url":"https://ohmondessin.com/wp-content/uploads/2023/01/logo_OHMD-dark.png","contentUrl":"https://ohmondessin.com/wp-content/uploads/2023/01/logo_OHMD-dark.png","width":500,"height":500,"caption":"ohmondessin.com"},"image":{"@id":"https://ohmondessin.com/#/schema/logo/image/"},"sameAs":["https://www.facebook.com/Ohmondessin","https://www.instagram.com/ohmondessin/"]}]}</script>
<!-- / Yoast SEO plugin. -->

Affiches personnalisées du Goéland avec votre texte - ohmondessin.com

Après le succès des Affiches Bretonnes (et des incontournables goélands) il est désormais possible de composer vous-même le texte de votre affiche et de choisir votre goéland pour l'illustrer !  Envoyez votre texte via l'adresse mail contact@ohmondessin.com et je l'inscris sur l'affiche !  🇫🇷 Cette illustration est dessinée, imprimée et emballée dans mon atelier en France.

Portrait-goéland
