{"id":5666,"date":"2023-05-10T09:19:39","date_gmt":"2023-05-10T09:19:39","guid":{"rendered":"https:\/\/ohmondessin.com\/?post_type=product&#038;p=5666"},"modified":"2026-01-15T00:01:51","modified_gmt":"2026-01-15T00:01:51","slug":"mug-en-acier-emaille-papi-gateau","status":"publish","type":"product","link":"https:\/\/ohmondessin.com\/index.php\/product\/mug-en-acier-emaille-papi-gateau\/","title":{"rendered":"Mug en acier \u00e9maill\u00e9 \u00ab\u00a0Papi G\u00e2teau\u00a0\u00bb"},"content":{"rendered":"<p>Mug en acier \u00e9maill\u00e9, \u00e0 emporter partout !<\/p>\n<p>Contenance: 284 ml<\/p>\n","protected":false},"excerpt":{"rendered":"<div class=\"wrapper_desc_content\">\n<div class=\"productDescription__block productDescription__bs\">\n<p>Retrouvez l&rsquo;illustration \u00ab\u00a0Papi G\u00e2teau\u00a0\u00bb d\u00e9clin\u00e9e sur mug en acier \u00e9maill\u00e9.<\/p>\n<p>Conseil d&rsquo;utilisation : Ce mug n&rsquo;est pas adapt\u00e9 au micro-onde mais il passe au lave-vaisselle !<\/p>\n<p>\ud83c\uddeb\ud83c\uddf7 Produit imprim\u00e9 \u00e0 Paris et exp\u00e9di\u00e9 avec amour depuis mon petit atelier \u00e0 Maisons-Laffitte (78)<\/p>\n<\/div>\n<\/div>\n","protected":false},"featured_media":5669,"comment_status":"open","ping_status":"closed","template":"","meta":[],"product_brand":[],"product_cat":[117,130],"product_tag":[681,652,682,683,684,685,118,678,658,679,680],"class_list":{"0":"post-5666","1":"product","2":"type-product","3":"status-publish","4":"has-post-thumbnail","6":"product_cat-mugs-tasses","7":"product_cat-mugs-emailles-mug","8":"product_tag-cadeau-grand-pere","9":"product_tag-cadeau-papi","10":"product_tag-cadeau-papi-mug","11":"product_tag-cadeau-papy","12":"product_tag-dessin-papi","13":"product_tag-illustration-papi","14":"product_tag-mug-emaille","15":"product_tag-mug-mamie","16":"product_tag-papi-gateau","17":"product_tag-tasse-mamie","18":"product_tag-tasse-mamy","19":"product_shipping_class-mugs","21":"first","22":"instock","23":"taxable","24":"shipping-taxable","25":"purchasable","26":"product-type-simple"},"yoast_head":"<!-- This site is optimized with the Yoast SEO plugin v24.6 - https:\/\/yoast.com\/wordpress\/plugins\/seo\/ -->\n<title>Mug en acier \u00e9maill\u00e9 &quot;Papi G\u00e2teau&quot; - ohmondessin.com<\/title>\n<meta name=\"robots\" content=\"index, follow, max-snippet:-1, max-image-preview:large, max-video-preview:-1\" \/>\n<link rel=\"canonical\" href=\"https:\/\/ohmondessin.com\/index.php\/product\/mug-en-acier-emaille-papi-gateau\/\" \/>\n<meta property=\"og:locale\" content=\"fr_FR\" \/>\n<meta property=\"og:type\" content=\"article\" \/>\n<meta property=\"og:title\" content=\"Mug en acier \u00e9maill\u00e9 &quot;Papi G\u00e2teau&quot; - ohmondessin.com\" \/>\n<meta property=\"og:description\" content=\"Retrouvez l&#039;illustration &quot;Papi G\u00e2teau&quot; d\u00e9clin\u00e9e sur mug en acier \u00e9maill\u00e9.  Conseil d&#039;utilisation : Ce mug n&#039;est pas adapt\u00e9 au micro-onde mais il passe au lave-vaisselle !  \ud83c\uddeb\ud83c\uddf7 Produit imprim\u00e9 \u00e0 Paris et exp\u00e9di\u00e9 avec amour depuis mon petit atelier \u00e0 Maisons-Laffitte (78)\" \/>\n<meta property=\"og:url\" content=\"https:\/\/ohmondessin.com\/index.php\/product\/mug-en-acier-emaille-papi-gateau\/\" \/>\n<meta property=\"og:site_name\" content=\"ohmondessin.com\" \/>\n<meta property=\"article:publisher\" content=\"https:\/\/www.facebook.com\/Ohmondessin\" \/>\n<meta property=\"article:modified_time\" content=\"2026-01-15T00:01:51+00:00\" \/>\n<meta property=\"og:image\" content=\"http:\/\/ohmondessin.com\/wp-content\/uploads\/2023\/05\/Mug-papi-gateau2-2.png\" \/>\n\t<meta property=\"og:image:width\" content=\"1000\" \/>\n\t<meta property=\"og:image:height\" content=\"1000\" \/>\n\t<meta property=\"og:image:type\" content=\"image\/png\" \/>\n<meta name=\"twitter:card\" content=\"summary_large_image\" \/>\n<meta name=\"twitter:label1\" content=\"Dur\u00e9e de lecture estim\u00e9e\" \/>\n\t<meta name=\"twitter:data1\" content=\"1 minute\" \/>\n<script type=\"application\/ld+json\" class=\"yoast-schema-graph\">{\"@context\":\"https:\/\/schema.org\",\"@graph\":[{\"@type\":\"WebPage\",\"@id\":\"https:\/\/ohmondessin.com\/index.php\/product\/mug-en-acier-emaille-papi-gateau\/\",\"url\":\"https:\/\/ohmondessin.com\/index.php\/product\/mug-en-acier-emaille-papi-gateau\/\",\"name\":\"Mug en acier \u00e9maill\u00e9 \\\"Papi G\u00e2teau\\\" - ohmondessin.com\",\"isPartOf\":{\"@id\":\"https:\/\/ohmondessin.com\/#website\"},\"primaryImageOfPage\":{\"@id\":\"https:\/\/ohmondessin.com\/index.php\/product\/mug-en-acier-emaille-papi-gateau\/#primaryimage\"},\"image\":{\"@id\":\"https:\/\/ohmondessin.com\/index.php\/product\/mug-en-acier-emaille-papi-gateau\/#primaryimage\"},\"thumbnailUrl\":\"https:\/\/ohmondessin.com\/wp-content\/uploads\/2023\/05\/Mug-papi-gateau2-2.png\",\"datePublished\":\"2023-05-10T09:19:39+00:00\",\"dateModified\":\"2026-01-15T00:01:51+00:00\",\"breadcrumb\":{\"@id\":\"https:\/\/ohmondessin.com\/index.php\/product\/mug-en-acier-emaille-papi-gateau\/#breadcrumb\"},\"inLanguage\":\"fr-FR\",\"potentialAction\":[{\"@type\":\"ReadAction\",\"target\":[\"https:\/\/ohmondessin.com\/index.php\/product\/mug-en-acier-emaille-papi-gateau\/\"]}]},{\"@type\":\"ImageObject\",\"inLanguage\":\"fr-FR\",\"@id\":\"https:\/\/ohmondessin.com\/index.php\/product\/mug-en-acier-emaille-papi-gateau\/#primaryimage\",\"url\":\"https:\/\/ohmondessin.com\/wp-content\/uploads\/2023\/05\/Mug-papi-gateau2-2.png\",\"contentUrl\":\"https:\/\/ohmondessin.com\/wp-content\/uploads\/2023\/05\/Mug-papi-gateau2-2.png\",\"width\":1000,\"height\":1000},{\"@type\":\"BreadcrumbList\",\"@id\":\"https:\/\/ohmondessin.com\/index.php\/product\/mug-en-acier-emaille-papi-gateau\/#breadcrumb\",\"itemListElement\":[{\"@type\":\"ListItem\",\"position\":1,\"name\":\"Accueil\",\"item\":\"https:\/\/ohmondessin.com\/\"},{\"@type\":\"ListItem\",\"position\":2,\"name\":\"La boutique\",\"item\":\"https:\/\/ohmondessin.com\/index.php\/la-boutique\/\"},{\"@type\":\"ListItem\",\"position\":3,\"name\":\"Mug en acier \u00e9maill\u00e9 \u00ab\u00a0Papi G\u00e2teau\u00a0\u00bb\"}]},{\"@type\":\"WebSite\",\"@id\":\"https:\/\/ohmondessin.com\/#website\",\"url\":\"https:\/\/ohmondessin.com\/\",\"name\":\"ohmondessin.com\",\"description\":\"De l\u2019illustration et du fait-main\",\"publisher\":{\"@id\":\"https:\/\/ohmondessin.com\/#organization\"},\"potentialAction\":[{\"@type\":\"SearchAction\",\"target\":{\"@type\":\"EntryPoint\",\"urlTemplate\":\"https:\/\/ohmondessin.com\/?s={search_term_string}\"},\"query-input\":{\"@type\":\"PropertyValueSpecification\",\"valueRequired\":true,\"valueName\":\"search_term_string\"}}],\"inLanguage\":\"fr-FR\"},{\"@type\":\"Organization\",\"@id\":\"https:\/\/ohmondessin.com\/#organization\",\"name\":\"ohmondessin.com\",\"url\":\"https:\/\/ohmondessin.com\/\",\"logo\":{\"@type\":\"ImageObject\",\"inLanguage\":\"fr-FR\",\"@id\":\"https:\/\/ohmondessin.com\/#\/schema\/logo\/image\/\",\"url\":\"https:\/\/ohmondessin.com\/wp-content\/uploads\/2023\/01\/logo_OHMD-dark.png\",\"contentUrl\":\"https:\/\/ohmondessin.com\/wp-content\/uploads\/2023\/01\/logo_OHMD-dark.png\",\"width\":500,\"height\":500,\"caption\":\"ohmondessin.com\"},\"image\":{\"@id\":\"https:\/\/ohmondessin.com\/#\/schema\/logo\/image\/\"},\"sameAs\":[\"https:\/\/www.facebook.com\/Ohmondessin\",\"https:\/\/www.instagram.com\/ohmondessin\/\"]}]}<\/script>\n<!-- \/ Yoast SEO plugin. -->","yoast_head_json":{"title":"Mug en acier \u00e9maill\u00e9 \"Papi G\u00e2teau\" - ohmondessin.com","robots":{"index":"index","follow":"follow","max-snippet":"max-snippet:-1","max-image-preview":"max-image-preview:large","max-video-preview":"max-video-preview:-1"},"canonical":"https:\/\/ohmondessin.com\/index.php\/product\/mug-en-acier-emaille-papi-gateau\/","og_locale":"fr_FR","og_type":"article","og_title":"Mug en acier \u00e9maill\u00e9 \"Papi G\u00e2teau\" - ohmondessin.com","og_description":"Retrouvez l'illustration \"Papi G\u00e2teau\" d\u00e9clin\u00e9e sur mug en acier \u00e9maill\u00e9.  Conseil d'utilisation : Ce mug n'est pas adapt\u00e9 au micro-onde mais il passe au lave-vaisselle !  \ud83c\uddeb\ud83c\uddf7 Produit imprim\u00e9 \u00e0 Paris et exp\u00e9di\u00e9 avec amour depuis mon petit atelier \u00e0 Maisons-Laffitte (78)","og_url":"https:\/\/ohmondessin.com\/index.php\/product\/mug-en-acier-emaille-papi-gateau\/","og_site_name":"ohmondessin.com","article_publisher":"https:\/\/www.facebook.com\/Ohmondessin","article_modified_time":"2026-01-15T00:01:51+00:00","og_image":[{"width":1000,"height":1000,"url":"http:\/\/ohmondessin.com\/wp-content\/uploads\/2023\/05\/Mug-papi-gateau2-2.png","type":"image\/png"}],"twitter_card":"summary_large_image","twitter_misc":{"Dur\u00e9e de lecture estim\u00e9e":"1 minute"},"schema":{"@context":"https:\/\/schema.org","@graph":[{"@type":"WebPage","@id":"https:\/\/ohmondessin.com\/index.php\/product\/mug-en-acier-emaille-papi-gateau\/","url":"https:\/\/ohmondessin.com\/index.php\/product\/mug-en-acier-emaille-papi-gateau\/","name":"Mug en acier \u00e9maill\u00e9 \"Papi G\u00e2teau\" - ohmondessin.com","isPartOf":{"@id":"https:\/\/ohmondessin.com\/#website"},"primaryImageOfPage":{"@id":"https:\/\/ohmondessin.com\/index.php\/product\/mug-en-acier-emaille-papi-gateau\/#primaryimage"},"image":{"@id":"https:\/\/ohmondessin.com\/index.php\/product\/mug-en-acier-emaille-papi-gateau\/#primaryimage"},"thumbnailUrl":"https:\/\/ohmondessin.com\/wp-content\/uploads\/2023\/05\/Mug-papi-gateau2-2.png","datePublished":"2023-05-10T09:19:39+00:00","dateModified":"2026-01-15T00:01:51+00:00","breadcrumb":{"@id":"https:\/\/ohmondessin.com\/index.php\/product\/mug-en-acier-emaille-papi-gateau\/#breadcrumb"},"inLanguage":"fr-FR","potentialAction":[{"@type":"ReadAction","target":["https:\/\/ohmondessin.com\/index.php\/product\/mug-en-acier-emaille-papi-gateau\/"]}]},{"@type":"ImageObject","inLanguage":"fr-FR","@id":"https:\/\/ohmondessin.com\/index.php\/product\/mug-en-acier-emaille-papi-gateau\/#primaryimage","url":"https:\/\/ohmondessin.com\/wp-content\/uploads\/2023\/05\/Mug-papi-gateau2-2.png","contentUrl":"https:\/\/ohmondessin.com\/wp-content\/uploads\/2023\/05\/Mug-papi-gateau2-2.png","width":1000,"height":1000},{"@type":"BreadcrumbList","@id":"https:\/\/ohmondessin.com\/index.php\/product\/mug-en-acier-emaille-papi-gateau\/#breadcrumb","itemListElement":[{"@type":"ListItem","position":1,"name":"Accueil","item":"https:\/\/ohmondessin.com\/"},{"@type":"ListItem","position":2,"name":"La boutique","item":"https:\/\/ohmondessin.com\/index.php\/la-boutique\/"},{"@type":"ListItem","position":3,"name":"Mug en acier \u00e9maill\u00e9 \u00ab\u00a0Papi G\u00e2teau\u00a0\u00bb"}]},{"@type":"WebSite","@id":"https:\/\/ohmondessin.com\/#website","url":"https:\/\/ohmondessin.com\/","name":"ohmondessin.com","description":"De l\u2019illustration et du fait-main","publisher":{"@id":"https:\/\/ohmondessin.com\/#organization"},"potentialAction":[{"@type":"SearchAction","target":{"@type":"EntryPoint","urlTemplate":"https:\/\/ohmondessin.com\/?s={search_term_string}"},"query-input":{"@type":"PropertyValueSpecification","valueRequired":true,"valueName":"search_term_string"}}],"inLanguage":"fr-FR"},{"@type":"Organization","@id":"https:\/\/ohmondessin.com\/#organization","name":"ohmondessin.com","url":"https:\/\/ohmondessin.com\/","logo":{"@type":"ImageObject","inLanguage":"fr-FR","@id":"https:\/\/ohmondessin.com\/#\/schema\/logo\/image\/","url":"https:\/\/ohmondessin.com\/wp-content\/uploads\/2023\/01\/logo_OHMD-dark.png","contentUrl":"https:\/\/ohmondessin.com\/wp-content\/uploads\/2023\/01\/logo_OHMD-dark.png","width":500,"height":500,"caption":"ohmondessin.com"},"image":{"@id":"https:\/\/ohmondessin.com\/#\/schema\/logo\/image\/"},"sameAs":["https:\/\/www.facebook.com\/Ohmondessin","https:\/\/www.instagram.com\/ohmondessin\/"]}]}},"jetpack_sharing_enabled":true,"_links":{"self":[{"href":"https:\/\/ohmondessin.com\/index.php\/wp-json\/wp\/v2\/product\/5666","targetHints":{"allow":["GET"]}}],"collection":[{"href":"https:\/\/ohmondessin.com\/index.php\/wp-json\/wp\/v2\/product"}],"about":[{"href":"https:\/\/ohmondessin.com\/index.php\/wp-json\/wp\/v2\/types\/product"}],"replies":[{"embeddable":true,"href":"https:\/\/ohmondessin.com\/index.php\/wp-json\/wp\/v2\/comments?post=5666"}],"wp:featuredmedia":[{"embeddable":true,"href":"https:\/\/ohmondessin.com\/index.php\/wp-json\/wp\/v2\/media\/5669"}],"wp:attachment":[{"href":"https:\/\/ohmondessin.com\/index.php\/wp-json\/wp\/v2\/media?parent=5666"}],"wp:term":[{"taxonomy":"product_brand","embeddable":true,"href":"https:\/\/ohmondessin.com\/index.php\/wp-json\/wp\/v2\/product_brand?post=5666"},{"taxonomy":"product_cat","embeddable":true,"href":"https:\/\/ohmondessin.com\/index.php\/wp-json\/wp\/v2\/product_cat?post=5666"},{"taxonomy":"product_tag","embeddable":true,"href":"https:\/\/ohmondessin.com\/index.php\/wp-json\/wp\/v2\/product_tag?post=5666"}],"curies":[{"name":"wp","href":"https:\/\/api.w.org\/{rel}","templated":true}]}}