{"id":5690,"date":"2023-05-19T14:20:36","date_gmt":"2023-05-19T14:20:36","guid":{"rendered":"https:\/\/ohmondessin.com\/?post_type=product&#038;p=5690"},"modified":"2026-01-15T00:03:30","modified_gmt":"2026-01-15T00:03:30","slug":"affiche-personnalisee-bienvenue-bebe-avec-prenom-et-date-de-naissance-copie","status":"publish","type":"product","link":"https:\/\/ohmondessin.com\/index.php\/product\/affiche-personnalisee-bienvenue-bebe-avec-prenom-et-date-de-naissance-copie\/","title":{"rendered":"Affiche personnalisable \u00ab\u00a0Bienvenue B\u00e9b\u00e9\u00a0\u00bb avec le nom du nouveau-n\u00e9 !"},"content":{"rendered":"<p><i>Formats A5 ou A4 \u00e0 offrir ou se faire offrir.<\/i><\/p>\n<p><em>\ud83d\ude9a Livraison gratuite \u00e0 partir de 80\u20ac d\u2019achats<\/em><\/p>\n","protected":false},"excerpt":{"rendered":"<p>Une jolie affiche sur mesure pour c\u00e9l\u00e9brer l&rsquo;arriv\u00e9e de B\u00e9b\u00e9 ! L&rsquo;illustration est imprim\u00e9e sur du papier Fine Art 100% coton.<\/p>\n<p>Envoyez le pr\u00e9nom de b\u00e9b\u00e9 et sa date de naissance \u00e0 l&rsquo;adresse mail <a href=\"mailto:contact@ohmondessin.com\">contact@ohmondessin.com<\/a><\/p>\n<p>\ud83c\uddeb\ud83c\uddf7 Cette illustration est dessin\u00e9e, imprim\u00e9e et emball\u00e9e dans mon atelier en France.<\/p>\n<p>Illustration vendue sans cadre<\/p>\n","protected":false},"featured_media":5694,"comment_status":"open","ping_status":"closed","template":"","meta":[],"product_brand":[],"product_cat":[745,760,746],"product_tag":[702,698,699,700,701,525,139,761],"class_list":{"0":"post-5690","1":"product","2":"type-product","3":"status-publish","4":"has-post-thumbnail","6":"product_cat-affiches","7":"product_cat-affiches-personnalisables","8":"product_cat-toutes-les-affiches","9":"product_tag-affiche-naissance","10":"product_tag-affiche-personnalisee","11":"product_tag-cadeau-bebe","12":"product_tag-cadeau-bebe-personnalise","13":"product_tag-cadeau-naissance","14":"product_tag-cadeau-orginal","15":"product_tag-fait-main","16":"product_tag-illustration-bebe","17":"product_shipping_class-lettre-suivie","19":"first","20":"instock","21":"taxable","22":"shipping-taxable","23":"purchasable","24":"product-type-variable"},"yoast_head":"<!-- This site is optimized with the Yoast SEO plugin v24.6 - https:\/\/yoast.com\/wordpress\/plugins\/seo\/ -->\n<title>Affiche personnalisable &quot;Bienvenue B\u00e9b\u00e9&quot; avec le nom du nouveau-n\u00e9 ! - ohmondessin.com<\/title>\n<meta name=\"robots\" content=\"index, follow, max-snippet:-1, max-image-preview:large, max-video-preview:-1\" \/>\n<link rel=\"canonical\" href=\"https:\/\/ohmondessin.com\/index.php\/product\/affiche-personnalisee-bienvenue-bebe-avec-prenom-et-date-de-naissance-copie\/\" \/>\n<meta property=\"og:locale\" content=\"fr_FR\" \/>\n<meta property=\"og:type\" content=\"article\" \/>\n<meta property=\"og:title\" content=\"Affiche personnalisable &quot;Bienvenue B\u00e9b\u00e9&quot; avec le nom du nouveau-n\u00e9 ! - ohmondessin.com\" \/>\n<meta property=\"og:description\" content=\"Une jolie affiche sur mesure pour c\u00e9l\u00e9brer l&#039;arriv\u00e9e de B\u00e9b\u00e9 ! L&#039;illustration est imprim\u00e9e sur du papier Fine Art 100% coton.  Envoyez le pr\u00e9nom de b\u00e9b\u00e9 et sa date de naissance \u00e0 l&#039;adresse mail contact@ohmondessin.com  \ud83c\uddeb\ud83c\uddf7 Cette illustration est dessin\u00e9e, imprim\u00e9e et emball\u00e9e dans mon atelier en France.  Illustration vendue sans cadre\" \/>\n<meta property=\"og:url\" content=\"https:\/\/ohmondessin.com\/index.php\/product\/affiche-personnalisee-bienvenue-bebe-avec-prenom-et-date-de-naissance-copie\/\" \/>\n<meta property=\"og:site_name\" content=\"ohmondessin.com\" \/>\n<meta property=\"article:publisher\" content=\"https:\/\/www.facebook.com\/Ohmondessin\" \/>\n<meta property=\"article:modified_time\" content=\"2026-01-15T00:03:30+00:00\" \/>\n<meta property=\"og:image\" content=\"http:\/\/ohmondessin.com\/wp-content\/uploads\/2023\/05\/NAISSANCE_bienvenue-bebe-1001-surmesureMP1-1.jpg\" \/>\n\t<meta property=\"og:image:width\" content=\"1000\" \/>\n\t<meta property=\"og:image:height\" content=\"1000\" \/>\n\t<meta property=\"og:image:type\" content=\"image\/jpeg\" \/>\n<meta name=\"twitter:card\" content=\"summary_large_image\" \/>\n<meta name=\"twitter:label1\" content=\"Dur\u00e9e de lecture estim\u00e9e\" \/>\n\t<meta name=\"twitter:data1\" content=\"1 minute\" \/>\n<script type=\"application\/ld+json\" class=\"yoast-schema-graph\">{\"@context\":\"https:\/\/schema.org\",\"@graph\":[{\"@type\":\"WebPage\",\"@id\":\"https:\/\/ohmondessin.com\/index.php\/product\/affiche-personnalisee-bienvenue-bebe-avec-prenom-et-date-de-naissance-copie\/\",\"url\":\"https:\/\/ohmondessin.com\/index.php\/product\/affiche-personnalisee-bienvenue-bebe-avec-prenom-et-date-de-naissance-copie\/\",\"name\":\"Affiche personnalisable \\\"Bienvenue B\u00e9b\u00e9\\\" avec le nom du nouveau-n\u00e9 ! - ohmondessin.com\",\"isPartOf\":{\"@id\":\"https:\/\/ohmondessin.com\/#website\"},\"primaryImageOfPage\":{\"@id\":\"https:\/\/ohmondessin.com\/index.php\/product\/affiche-personnalisee-bienvenue-bebe-avec-prenom-et-date-de-naissance-copie\/#primaryimage\"},\"image\":{\"@id\":\"https:\/\/ohmondessin.com\/index.php\/product\/affiche-personnalisee-bienvenue-bebe-avec-prenom-et-date-de-naissance-copie\/#primaryimage\"},\"thumbnailUrl\":\"https:\/\/ohmondessin.com\/wp-content\/uploads\/2023\/05\/NAISSANCE_bienvenue-bebe-1001-surmesureMP1-1.jpg\",\"datePublished\":\"2023-05-19T14:20:36+00:00\",\"dateModified\":\"2026-01-15T00:03:30+00:00\",\"breadcrumb\":{\"@id\":\"https:\/\/ohmondessin.com\/index.php\/product\/affiche-personnalisee-bienvenue-bebe-avec-prenom-et-date-de-naissance-copie\/#breadcrumb\"},\"inLanguage\":\"fr-FR\",\"potentialAction\":[{\"@type\":\"ReadAction\",\"target\":[\"https:\/\/ohmondessin.com\/index.php\/product\/affiche-personnalisee-bienvenue-bebe-avec-prenom-et-date-de-naissance-copie\/\"]}]},{\"@type\":\"ImageObject\",\"inLanguage\":\"fr-FR\",\"@id\":\"https:\/\/ohmondessin.com\/index.php\/product\/affiche-personnalisee-bienvenue-bebe-avec-prenom-et-date-de-naissance-copie\/#primaryimage\",\"url\":\"https:\/\/ohmondessin.com\/wp-content\/uploads\/2023\/05\/NAISSANCE_bienvenue-bebe-1001-surmesureMP1-1.jpg\",\"contentUrl\":\"https:\/\/ohmondessin.com\/wp-content\/uploads\/2023\/05\/NAISSANCE_bienvenue-bebe-1001-surmesureMP1-1.jpg\",\"width\":1000,\"height\":1000},{\"@type\":\"BreadcrumbList\",\"@id\":\"https:\/\/ohmondessin.com\/index.php\/product\/affiche-personnalisee-bienvenue-bebe-avec-prenom-et-date-de-naissance-copie\/#breadcrumb\",\"itemListElement\":[{\"@type\":\"ListItem\",\"position\":1,\"name\":\"Accueil\",\"item\":\"https:\/\/ohmondessin.com\/\"},{\"@type\":\"ListItem\",\"position\":2,\"name\":\"La boutique\",\"item\":\"https:\/\/ohmondessin.com\/index.php\/la-boutique\/\"},{\"@type\":\"ListItem\",\"position\":3,\"name\":\"Affiche personnalisable \u00ab\u00a0Bienvenue B\u00e9b\u00e9\u00a0\u00bb avec le nom du nouveau-n\u00e9 !\"}]},{\"@type\":\"WebSite\",\"@id\":\"https:\/\/ohmondessin.com\/#website\",\"url\":\"https:\/\/ohmondessin.com\/\",\"name\":\"ohmondessin.com\",\"description\":\"De l\u2019illustration et du fait-main\",\"publisher\":{\"@id\":\"https:\/\/ohmondessin.com\/#organization\"},\"potentialAction\":[{\"@type\":\"SearchAction\",\"target\":{\"@type\":\"EntryPoint\",\"urlTemplate\":\"https:\/\/ohmondessin.com\/?s={search_term_string}\"},\"query-input\":{\"@type\":\"PropertyValueSpecification\",\"valueRequired\":true,\"valueName\":\"search_term_string\"}}],\"inLanguage\":\"fr-FR\"},{\"@type\":\"Organization\",\"@id\":\"https:\/\/ohmondessin.com\/#organization\",\"name\":\"ohmondessin.com\",\"url\":\"https:\/\/ohmondessin.com\/\",\"logo\":{\"@type\":\"ImageObject\",\"inLanguage\":\"fr-FR\",\"@id\":\"https:\/\/ohmondessin.com\/#\/schema\/logo\/image\/\",\"url\":\"https:\/\/ohmondessin.com\/wp-content\/uploads\/2023\/01\/logo_OHMD-dark.png\",\"contentUrl\":\"https:\/\/ohmondessin.com\/wp-content\/uploads\/2023\/01\/logo_OHMD-dark.png\",\"width\":500,\"height\":500,\"caption\":\"ohmondessin.com\"},\"image\":{\"@id\":\"https:\/\/ohmondessin.com\/#\/schema\/logo\/image\/\"},\"sameAs\":[\"https:\/\/www.facebook.com\/Ohmondessin\",\"https:\/\/www.instagram.com\/ohmondessin\/\"]}]}<\/script>\n<!-- \/ Yoast SEO plugin. -->","yoast_head_json":{"title":"Affiche personnalisable \"Bienvenue B\u00e9b\u00e9\" avec le nom du nouveau-n\u00e9 ! - ohmondessin.com","robots":{"index":"index","follow":"follow","max-snippet":"max-snippet:-1","max-image-preview":"max-image-preview:large","max-video-preview":"max-video-preview:-1"},"canonical":"https:\/\/ohmondessin.com\/index.php\/product\/affiche-personnalisee-bienvenue-bebe-avec-prenom-et-date-de-naissance-copie\/","og_locale":"fr_FR","og_type":"article","og_title":"Affiche personnalisable \"Bienvenue B\u00e9b\u00e9\" avec le nom du nouveau-n\u00e9 ! - ohmondessin.com","og_description":"Une jolie affiche sur mesure pour c\u00e9l\u00e9brer l'arriv\u00e9e de B\u00e9b\u00e9 ! L'illustration est imprim\u00e9e sur du papier Fine Art 100% coton.  Envoyez le pr\u00e9nom de b\u00e9b\u00e9 et sa date de naissance \u00e0 l'adresse mail contact@ohmondessin.com  \ud83c\uddeb\ud83c\uddf7 Cette illustration est dessin\u00e9e, imprim\u00e9e et emball\u00e9e dans mon atelier en France.  Illustration vendue sans cadre","og_url":"https:\/\/ohmondessin.com\/index.php\/product\/affiche-personnalisee-bienvenue-bebe-avec-prenom-et-date-de-naissance-copie\/","og_site_name":"ohmondessin.com","article_publisher":"https:\/\/www.facebook.com\/Ohmondessin","article_modified_time":"2026-01-15T00:03:30+00:00","og_image":[{"width":1000,"height":1000,"url":"http:\/\/ohmondessin.com\/wp-content\/uploads\/2023\/05\/NAISSANCE_bienvenue-bebe-1001-surmesureMP1-1.jpg","type":"image\/jpeg"}],"twitter_card":"summary_large_image","twitter_misc":{"Dur\u00e9e de lecture estim\u00e9e":"1 minute"},"schema":{"@context":"https:\/\/schema.org","@graph":[{"@type":"WebPage","@id":"https:\/\/ohmondessin.com\/index.php\/product\/affiche-personnalisee-bienvenue-bebe-avec-prenom-et-date-de-naissance-copie\/","url":"https:\/\/ohmondessin.com\/index.php\/product\/affiche-personnalisee-bienvenue-bebe-avec-prenom-et-date-de-naissance-copie\/","name":"Affiche personnalisable \"Bienvenue B\u00e9b\u00e9\" avec le nom du nouveau-n\u00e9 ! - ohmondessin.com","isPartOf":{"@id":"https:\/\/ohmondessin.com\/#website"},"primaryImageOfPage":{"@id":"https:\/\/ohmondessin.com\/index.php\/product\/affiche-personnalisee-bienvenue-bebe-avec-prenom-et-date-de-naissance-copie\/#primaryimage"},"image":{"@id":"https:\/\/ohmondessin.com\/index.php\/product\/affiche-personnalisee-bienvenue-bebe-avec-prenom-et-date-de-naissance-copie\/#primaryimage"},"thumbnailUrl":"https:\/\/ohmondessin.com\/wp-content\/uploads\/2023\/05\/NAISSANCE_bienvenue-bebe-1001-surmesureMP1-1.jpg","datePublished":"2023-05-19T14:20:36+00:00","dateModified":"2026-01-15T00:03:30+00:00","breadcrumb":{"@id":"https:\/\/ohmondessin.com\/index.php\/product\/affiche-personnalisee-bienvenue-bebe-avec-prenom-et-date-de-naissance-copie\/#breadcrumb"},"inLanguage":"fr-FR","potentialAction":[{"@type":"ReadAction","target":["https:\/\/ohmondessin.com\/index.php\/product\/affiche-personnalisee-bienvenue-bebe-avec-prenom-et-date-de-naissance-copie\/"]}]},{"@type":"ImageObject","inLanguage":"fr-FR","@id":"https:\/\/ohmondessin.com\/index.php\/product\/affiche-personnalisee-bienvenue-bebe-avec-prenom-et-date-de-naissance-copie\/#primaryimage","url":"https:\/\/ohmondessin.com\/wp-content\/uploads\/2023\/05\/NAISSANCE_bienvenue-bebe-1001-surmesureMP1-1.jpg","contentUrl":"https:\/\/ohmondessin.com\/wp-content\/uploads\/2023\/05\/NAISSANCE_bienvenue-bebe-1001-surmesureMP1-1.jpg","width":1000,"height":1000},{"@type":"BreadcrumbList","@id":"https:\/\/ohmondessin.com\/index.php\/product\/affiche-personnalisee-bienvenue-bebe-avec-prenom-et-date-de-naissance-copie\/#breadcrumb","itemListElement":[{"@type":"ListItem","position":1,"name":"Accueil","item":"https:\/\/ohmondessin.com\/"},{"@type":"ListItem","position":2,"name":"La boutique","item":"https:\/\/ohmondessin.com\/index.php\/la-boutique\/"},{"@type":"ListItem","position":3,"name":"Affiche personnalisable \u00ab\u00a0Bienvenue B\u00e9b\u00e9\u00a0\u00bb avec le nom du nouveau-n\u00e9 !"}]},{"@type":"WebSite","@id":"https:\/\/ohmondessin.com\/#website","url":"https:\/\/ohmondessin.com\/","name":"ohmondessin.com","description":"De l\u2019illustration et du fait-main","publisher":{"@id":"https:\/\/ohmondessin.com\/#organization"},"potentialAction":[{"@type":"SearchAction","target":{"@type":"EntryPoint","urlTemplate":"https:\/\/ohmondessin.com\/?s={search_term_string}"},"query-input":{"@type":"PropertyValueSpecification","valueRequired":true,"valueName":"search_term_string"}}],"inLanguage":"fr-FR"},{"@type":"Organization","@id":"https:\/\/ohmondessin.com\/#organization","name":"ohmondessin.com","url":"https:\/\/ohmondessin.com\/","logo":{"@type":"ImageObject","inLanguage":"fr-FR","@id":"https:\/\/ohmondessin.com\/#\/schema\/logo\/image\/","url":"https:\/\/ohmondessin.com\/wp-content\/uploads\/2023\/01\/logo_OHMD-dark.png","contentUrl":"https:\/\/ohmondessin.com\/wp-content\/uploads\/2023\/01\/logo_OHMD-dark.png","width":500,"height":500,"caption":"ohmondessin.com"},"image":{"@id":"https:\/\/ohmondessin.com\/#\/schema\/logo\/image\/"},"sameAs":["https:\/\/www.facebook.com\/Ohmondessin","https:\/\/www.instagram.com\/ohmondessin\/"]}]}},"jetpack_sharing_enabled":true,"_links":{"self":[{"href":"https:\/\/ohmondessin.com\/index.php\/wp-json\/wp\/v2\/product\/5690","targetHints":{"allow":["GET"]}}],"collection":[{"href":"https:\/\/ohmondessin.com\/index.php\/wp-json\/wp\/v2\/product"}],"about":[{"href":"https:\/\/ohmondessin.com\/index.php\/wp-json\/wp\/v2\/types\/product"}],"replies":[{"embeddable":true,"href":"https:\/\/ohmondessin.com\/index.php\/wp-json\/wp\/v2\/comments?post=5690"}],"wp:featuredmedia":[{"embeddable":true,"href":"https:\/\/ohmondessin.com\/index.php\/wp-json\/wp\/v2\/media\/5694"}],"wp:attachment":[{"href":"https:\/\/ohmondessin.com\/index.php\/wp-json\/wp\/v2\/media?parent=5690"}],"wp:term":[{"taxonomy":"product_brand","embeddable":true,"href":"https:\/\/ohmondessin.com\/index.php\/wp-json\/wp\/v2\/product_brand?post=5690"},{"taxonomy":"product_cat","embeddable":true,"href":"https:\/\/ohmondessin.com\/index.php\/wp-json\/wp\/v2\/product_cat?post=5690"},{"taxonomy":"product_tag","embeddable":true,"href":"https:\/\/ohmondessin.com\/index.php\/wp-json\/wp\/v2\/product_tag?post=5690"}],"curies":[{"name":"wp","href":"https:\/\/api.w.org\/{rel}","templated":true}]}}