{"id":6956,"date":"2024-06-18T08:09:18","date_gmt":"2024-06-18T08:09:18","guid":{"rendered":"https:\/\/ohmondessin.com\/?post_type=product&#038;p=6956"},"modified":"2025-07-06T10:04:50","modified_gmt":"2025-07-06T10:04:50","slug":"bloc-notes-aimante-bon-appetit","status":"publish","type":"product","link":"https:\/\/ohmondessin.com\/index.php\/product\/bloc-notes-aimante-bon-appetit\/","title":{"rendered":"Bloc-notes aimant\u00e9 Bon App\u00e9tit"},"content":{"rendered":"<dl class=\"flowtabs product-tab\" data-settings=\"{&quot;height&quot;:true}\">\n<dd class=\"tab1 tabs-block active\">\n<dl class=\"flowtabs product-tab\" data-settings=\"{&quot;height&quot;:true}\">\n<dd class=\"tab1 tabs-block active\">\u2728 Bloc-notes de 50 feuillets, format 10 x 18 cm<\/p>\n<p>\u2728 Fabrication fran\u00e7aise sur papier offset recycl\u00e9, encollage dos et dos carton<\/p>\n<p>\u2728 Le bloc se fixe sur le r\u00e9frig\u00e9rateur ou tout autre surface m\u00e9tallique murale gr\u00e2ce \u00e0 son aimant coll\u00e9 \u00e0 l&rsquo;arri\u00e8re<\/p>\n<p>\u2728 50 feuillets pour noter les choses importantes de votre quotidien<\/dd>\n<\/dl>\n<p>&nbsp;<\/dd>\n<\/dl>\n","protected":false},"excerpt":{"rendered":"<p>Le bloc-notes parfait pour noter toutes vos recettes, courses ou petit mot sur le frigo !<\/p>\n<p>Gr\u00e2ce \u00e0 son aimant coll\u00e9 \u00e0 l&rsquo;arri\u00e8re, le bloc se fixe sur le r\u00e9frig\u00e9rateur ou tout autre surface m\u00e9tallique murale.<\/p>\n<p>Existe aussi sans aimant, \u00e0 vous de choisir \ud83d\ude0a<\/p>\n<p>Le bloc-notes Bon App\u00e9tit a \u00e9t\u00e9 produit de mani\u00e8re \u00e9co-responsable et fabriqu\u00e9 en France sur un tr\u00e8s beau papier recycl\u00e9.<\/p>\n","protected":false},"featured_media":6965,"comment_status":"open","ping_status":"closed","template":"","meta":[],"product_brand":[],"product_cat":[729,986],"product_tag":[994,1025,1024,323,965,968,966,971,967,972,1026,969,326,981,973,970],"class_list":{"0":"post-6956","1":"product","2":"type-product","3":"status-publish","4":"has-post-thumbnail","6":"product_cat-papeterie","7":"product_cat-blocs-notes","8":"product_tag-bloc-notes-chat","9":"product_tag-bloc-notes-cuisine","10":"product_tag-bon-appetit","11":"product_tag-cadeau-maman","12":"product_tag-carnet","13":"product_tag-carnet-fait-en-france","14":"product_tag-carnet-maman","15":"product_tag-carnet-maman-poule","16":"product_tag-carnet-papeterie","17":"product_tag-carnet-poule","18":"product_tag-cuisine","19":"product_tag-eco-responsable","20":"product_tag-illustration-maman","21":"product_tag-papeterie-chat","22":"product_tag-papeterie-poule","23":"product_tag-papier-recycle","25":"first","26":"outofstock","27":"purchasable","28":"product-type-variable"},"yoast_head":"<!-- This site is optimized with the Yoast SEO plugin v24.6 - https:\/\/yoast.com\/wordpress\/plugins\/seo\/ -->\n<title>Bloc-notes aimant\u00e9 Bon App\u00e9tit - ohmondessin.com<\/title>\n<meta name=\"robots\" content=\"index, follow, max-snippet:-1, max-image-preview:large, max-video-preview:-1\" \/>\n<link rel=\"canonical\" href=\"https:\/\/ohmondessin.com\/index.php\/product\/bloc-notes-aimante-bon-appetit\/\" \/>\n<meta property=\"og:locale\" content=\"fr_FR\" \/>\n<meta property=\"og:type\" content=\"article\" \/>\n<meta property=\"og:title\" content=\"Bloc-notes aimant\u00e9 Bon App\u00e9tit - ohmondessin.com\" \/>\n<meta property=\"og:description\" content=\"Le bloc-notes parfait pour noter toutes vos recettes, courses ou petit mot sur le frigo !  Gr\u00e2ce \u00e0 son aimant coll\u00e9 \u00e0 l&#039;arri\u00e8re, le bloc se fixe sur le r\u00e9frig\u00e9rateur ou tout autre surface m\u00e9tallique murale.  Existe aussi sans aimant, \u00e0 vous de choisir \ud83d\ude0a  Le bloc-notes Bon App\u00e9tit a \u00e9t\u00e9 produit de mani\u00e8re \u00e9co-responsable et fabriqu\u00e9 en France sur un tr\u00e8s beau papier recycl\u00e9.\" \/>\n<meta property=\"og:url\" content=\"https:\/\/ohmondessin.com\/index.php\/product\/bloc-notes-aimante-bon-appetit\/\" \/>\n<meta property=\"og:site_name\" content=\"ohmondessin.com\" \/>\n<meta property=\"article:publisher\" content=\"https:\/\/www.facebook.com\/Ohmondessin\" \/>\n<meta property=\"article:modified_time\" content=\"2025-07-06T10:04:50+00:00\" \/>\n<meta property=\"og:image\" content=\"http:\/\/ohmondessin.com\/wp-content\/uploads\/2024\/06\/Bonappetit_2-2.jpg\" \/>\n\t<meta property=\"og:image:width\" content=\"2500\" \/>\n\t<meta property=\"og:image:height\" content=\"2500\" \/>\n\t<meta property=\"og:image:type\" content=\"image\/jpeg\" \/>\n<meta name=\"twitter:card\" content=\"summary_large_image\" \/>\n<meta name=\"twitter:label1\" content=\"Dur\u00e9e de lecture estim\u00e9e\" \/>\n\t<meta name=\"twitter:data1\" content=\"1 minute\" \/>\n<script type=\"application\/ld+json\" class=\"yoast-schema-graph\">{\"@context\":\"https:\/\/schema.org\",\"@graph\":[{\"@type\":\"WebPage\",\"@id\":\"https:\/\/ohmondessin.com\/index.php\/product\/bloc-notes-aimante-bon-appetit\/\",\"url\":\"https:\/\/ohmondessin.com\/index.php\/product\/bloc-notes-aimante-bon-appetit\/\",\"name\":\"Bloc-notes aimant\u00e9 Bon App\u00e9tit - ohmondessin.com\",\"isPartOf\":{\"@id\":\"https:\/\/ohmondessin.com\/#website\"},\"primaryImageOfPage\":{\"@id\":\"https:\/\/ohmondessin.com\/index.php\/product\/bloc-notes-aimante-bon-appetit\/#primaryimage\"},\"image\":{\"@id\":\"https:\/\/ohmondessin.com\/index.php\/product\/bloc-notes-aimante-bon-appetit\/#primaryimage\"},\"thumbnailUrl\":\"https:\/\/ohmondessin.com\/wp-content\/uploads\/2024\/06\/Bonappetit_2-2.jpg\",\"datePublished\":\"2024-06-18T08:09:18+00:00\",\"dateModified\":\"2025-07-06T10:04:50+00:00\",\"breadcrumb\":{\"@id\":\"https:\/\/ohmondessin.com\/index.php\/product\/bloc-notes-aimante-bon-appetit\/#breadcrumb\"},\"inLanguage\":\"fr-FR\",\"potentialAction\":[{\"@type\":\"ReadAction\",\"target\":[\"https:\/\/ohmondessin.com\/index.php\/product\/bloc-notes-aimante-bon-appetit\/\"]}]},{\"@type\":\"ImageObject\",\"inLanguage\":\"fr-FR\",\"@id\":\"https:\/\/ohmondessin.com\/index.php\/product\/bloc-notes-aimante-bon-appetit\/#primaryimage\",\"url\":\"https:\/\/ohmondessin.com\/wp-content\/uploads\/2024\/06\/Bonappetit_2-2.jpg\",\"contentUrl\":\"https:\/\/ohmondessin.com\/wp-content\/uploads\/2024\/06\/Bonappetit_2-2.jpg\",\"width\":2500,\"height\":2500},{\"@type\":\"BreadcrumbList\",\"@id\":\"https:\/\/ohmondessin.com\/index.php\/product\/bloc-notes-aimante-bon-appetit\/#breadcrumb\",\"itemListElement\":[{\"@type\":\"ListItem\",\"position\":1,\"name\":\"Accueil\",\"item\":\"https:\/\/ohmondessin.com\/\"},{\"@type\":\"ListItem\",\"position\":2,\"name\":\"La boutique\",\"item\":\"https:\/\/ohmondessin.com\/index.php\/la-boutique\/\"},{\"@type\":\"ListItem\",\"position\":3,\"name\":\"Bloc-notes aimant\u00e9 Bon App\u00e9tit\"}]},{\"@type\":\"WebSite\",\"@id\":\"https:\/\/ohmondessin.com\/#website\",\"url\":\"https:\/\/ohmondessin.com\/\",\"name\":\"ohmondessin.com\",\"description\":\"De l\u2019illustration et du fait-main\",\"publisher\":{\"@id\":\"https:\/\/ohmondessin.com\/#organization\"},\"potentialAction\":[{\"@type\":\"SearchAction\",\"target\":{\"@type\":\"EntryPoint\",\"urlTemplate\":\"https:\/\/ohmondessin.com\/?s={search_term_string}\"},\"query-input\":{\"@type\":\"PropertyValueSpecification\",\"valueRequired\":true,\"valueName\":\"search_term_string\"}}],\"inLanguage\":\"fr-FR\"},{\"@type\":\"Organization\",\"@id\":\"https:\/\/ohmondessin.com\/#organization\",\"name\":\"ohmondessin.com\",\"url\":\"https:\/\/ohmondessin.com\/\",\"logo\":{\"@type\":\"ImageObject\",\"inLanguage\":\"fr-FR\",\"@id\":\"https:\/\/ohmondessin.com\/#\/schema\/logo\/image\/\",\"url\":\"https:\/\/ohmondessin.com\/wp-content\/uploads\/2023\/01\/logo_OHMD-dark.png\",\"contentUrl\":\"https:\/\/ohmondessin.com\/wp-content\/uploads\/2023\/01\/logo_OHMD-dark.png\",\"width\":500,\"height\":500,\"caption\":\"ohmondessin.com\"},\"image\":{\"@id\":\"https:\/\/ohmondessin.com\/#\/schema\/logo\/image\/\"},\"sameAs\":[\"https:\/\/www.facebook.com\/Ohmondessin\",\"https:\/\/www.instagram.com\/ohmondessin\/\"]}]}<\/script>\n<!-- \/ Yoast SEO plugin. -->","yoast_head_json":{"title":"Bloc-notes aimant\u00e9 Bon App\u00e9tit - ohmondessin.com","robots":{"index":"index","follow":"follow","max-snippet":"max-snippet:-1","max-image-preview":"max-image-preview:large","max-video-preview":"max-video-preview:-1"},"canonical":"https:\/\/ohmondessin.com\/index.php\/product\/bloc-notes-aimante-bon-appetit\/","og_locale":"fr_FR","og_type":"article","og_title":"Bloc-notes aimant\u00e9 Bon App\u00e9tit - ohmondessin.com","og_description":"Le bloc-notes parfait pour noter toutes vos recettes, courses ou petit mot sur le frigo !  Gr\u00e2ce \u00e0 son aimant coll\u00e9 \u00e0 l'arri\u00e8re, le bloc se fixe sur le r\u00e9frig\u00e9rateur ou tout autre surface m\u00e9tallique murale.  Existe aussi sans aimant, \u00e0 vous de choisir \ud83d\ude0a  Le bloc-notes Bon App\u00e9tit a \u00e9t\u00e9 produit de mani\u00e8re \u00e9co-responsable et fabriqu\u00e9 en France sur un tr\u00e8s beau papier recycl\u00e9.","og_url":"https:\/\/ohmondessin.com\/index.php\/product\/bloc-notes-aimante-bon-appetit\/","og_site_name":"ohmondessin.com","article_publisher":"https:\/\/www.facebook.com\/Ohmondessin","article_modified_time":"2025-07-06T10:04:50+00:00","og_image":[{"width":2500,"height":2500,"url":"http:\/\/ohmondessin.com\/wp-content\/uploads\/2024\/06\/Bonappetit_2-2.jpg","type":"image\/jpeg"}],"twitter_card":"summary_large_image","twitter_misc":{"Dur\u00e9e de lecture estim\u00e9e":"1 minute"},"schema":{"@context":"https:\/\/schema.org","@graph":[{"@type":"WebPage","@id":"https:\/\/ohmondessin.com\/index.php\/product\/bloc-notes-aimante-bon-appetit\/","url":"https:\/\/ohmondessin.com\/index.php\/product\/bloc-notes-aimante-bon-appetit\/","name":"Bloc-notes aimant\u00e9 Bon App\u00e9tit - ohmondessin.com","isPartOf":{"@id":"https:\/\/ohmondessin.com\/#website"},"primaryImageOfPage":{"@id":"https:\/\/ohmondessin.com\/index.php\/product\/bloc-notes-aimante-bon-appetit\/#primaryimage"},"image":{"@id":"https:\/\/ohmondessin.com\/index.php\/product\/bloc-notes-aimante-bon-appetit\/#primaryimage"},"thumbnailUrl":"https:\/\/ohmondessin.com\/wp-content\/uploads\/2024\/06\/Bonappetit_2-2.jpg","datePublished":"2024-06-18T08:09:18+00:00","dateModified":"2025-07-06T10:04:50+00:00","breadcrumb":{"@id":"https:\/\/ohmondessin.com\/index.php\/product\/bloc-notes-aimante-bon-appetit\/#breadcrumb"},"inLanguage":"fr-FR","potentialAction":[{"@type":"ReadAction","target":["https:\/\/ohmondessin.com\/index.php\/product\/bloc-notes-aimante-bon-appetit\/"]}]},{"@type":"ImageObject","inLanguage":"fr-FR","@id":"https:\/\/ohmondessin.com\/index.php\/product\/bloc-notes-aimante-bon-appetit\/#primaryimage","url":"https:\/\/ohmondessin.com\/wp-content\/uploads\/2024\/06\/Bonappetit_2-2.jpg","contentUrl":"https:\/\/ohmondessin.com\/wp-content\/uploads\/2024\/06\/Bonappetit_2-2.jpg","width":2500,"height":2500},{"@type":"BreadcrumbList","@id":"https:\/\/ohmondessin.com\/index.php\/product\/bloc-notes-aimante-bon-appetit\/#breadcrumb","itemListElement":[{"@type":"ListItem","position":1,"name":"Accueil","item":"https:\/\/ohmondessin.com\/"},{"@type":"ListItem","position":2,"name":"La boutique","item":"https:\/\/ohmondessin.com\/index.php\/la-boutique\/"},{"@type":"ListItem","position":3,"name":"Bloc-notes aimant\u00e9 Bon App\u00e9tit"}]},{"@type":"WebSite","@id":"https:\/\/ohmondessin.com\/#website","url":"https:\/\/ohmondessin.com\/","name":"ohmondessin.com","description":"De l\u2019illustration et du fait-main","publisher":{"@id":"https:\/\/ohmondessin.com\/#organization"},"potentialAction":[{"@type":"SearchAction","target":{"@type":"EntryPoint","urlTemplate":"https:\/\/ohmondessin.com\/?s={search_term_string}"},"query-input":{"@type":"PropertyValueSpecification","valueRequired":true,"valueName":"search_term_string"}}],"inLanguage":"fr-FR"},{"@type":"Organization","@id":"https:\/\/ohmondessin.com\/#organization","name":"ohmondessin.com","url":"https:\/\/ohmondessin.com\/","logo":{"@type":"ImageObject","inLanguage":"fr-FR","@id":"https:\/\/ohmondessin.com\/#\/schema\/logo\/image\/","url":"https:\/\/ohmondessin.com\/wp-content\/uploads\/2023\/01\/logo_OHMD-dark.png","contentUrl":"https:\/\/ohmondessin.com\/wp-content\/uploads\/2023\/01\/logo_OHMD-dark.png","width":500,"height":500,"caption":"ohmondessin.com"},"image":{"@id":"https:\/\/ohmondessin.com\/#\/schema\/logo\/image\/"},"sameAs":["https:\/\/www.facebook.com\/Ohmondessin","https:\/\/www.instagram.com\/ohmondessin\/"]}]}},"jetpack_sharing_enabled":true,"_links":{"self":[{"href":"https:\/\/ohmondessin.com\/index.php\/wp-json\/wp\/v2\/product\/6956","targetHints":{"allow":["GET"]}}],"collection":[{"href":"https:\/\/ohmondessin.com\/index.php\/wp-json\/wp\/v2\/product"}],"about":[{"href":"https:\/\/ohmondessin.com\/index.php\/wp-json\/wp\/v2\/types\/product"}],"replies":[{"embeddable":true,"href":"https:\/\/ohmondessin.com\/index.php\/wp-json\/wp\/v2\/comments?post=6956"}],"wp:featuredmedia":[{"embeddable":true,"href":"https:\/\/ohmondessin.com\/index.php\/wp-json\/wp\/v2\/media\/6965"}],"wp:attachment":[{"href":"https:\/\/ohmondessin.com\/index.php\/wp-json\/wp\/v2\/media?parent=6956"}],"wp:term":[{"taxonomy":"product_brand","embeddable":true,"href":"https:\/\/ohmondessin.com\/index.php\/wp-json\/wp\/v2\/product_brand?post=6956"},{"taxonomy":"product_cat","embeddable":true,"href":"https:\/\/ohmondessin.com\/index.php\/wp-json\/wp\/v2\/product_cat?post=6956"},{"taxonomy":"product_tag","embeddable":true,"href":"https:\/\/ohmondessin.com\/index.php\/wp-json\/wp\/v2\/product_tag?post=6956"}],"curies":[{"name":"wp","href":"https:\/\/api.w.org\/{rel}","templated":true}]}}