{"id":7075,"date":"2024-08-23T19:24:09","date_gmt":"2024-08-23T19:24:09","guid":{"rendered":"https:\/\/ohmondessin.com\/?post_type=product&#038;p=7075"},"modified":"2026-01-29T08:09:18","modified_gmt":"2026-01-29T08:09:18","slug":"sticker-holographique-tkt-je-gere","status":"publish","type":"product","link":"https:\/\/ohmondessin.com\/index.php\/product\/sticker-holographique-tkt-je-gere\/","title":{"rendered":"Sticker Holographique Tkt je g\u00e8re"},"content":{"rendered":"<p>\u2728 Autocollant en polypropyl\u00e8ne m\u00e9tallis\u00e9 avec finition miroir pour un effet holographique wahou<\/p>\n<p>\u2728 Dimensions : 7,5 cm x 7,5 cm<\/p>\n<p>\u2728 Convient pour un usage int\u00e9rieur et ext\u00e9rieur (1 an \u00e0 l&rsquo;ext\u00e9rieur)<\/p>\n<p>\u2728 Excellente r\u00e9sistance \u00e0 l&rsquo;eau et \u00e0 l&rsquo;huile, aux UV, aux intemp\u00e9ries et \u00e0 l&rsquo;usure<\/p>\n<p>&nbsp;<\/p>\n","protected":false},"excerpt":{"rendered":"<p>Sticker <i><\/i><em>Tkt je g\u00e8re<\/em> en holographique \u00e0 coller pour g\u00e9rer dans toutes les situations !<\/p>\n","protected":false},"featured_media":7072,"comment_status":"open","ping_status":"closed","template":"","meta":[],"product_brand":[],"product_cat":[1081,1235],"product_tag":[1083,1088,1086,1085,1084,1089,1082,1087],"class_list":{"0":"post-7075","1":"product","2":"type-product","3":"status-publish","4":"has-post-thumbnail","6":"product_cat-stickers","7":"product_cat-guide-cadeaux-de-noel","8":"product_tag-autocollant-chat","9":"product_tag-autocollant-holographique","10":"product_tag-autocollant-tkt","11":"product_tag-chat-cadeau","12":"product_tag-chat-illustration","13":"product_tag-holographique","14":"product_tag-sticker-chat","15":"product_tag-sticker-holographique","16":"product_shipping_class-lettre-suivie","18":"first","19":"instock","20":"taxable","21":"shipping-taxable","22":"purchasable","23":"product-type-simple"},"yoast_head":"<!-- This site is optimized with the Yoast SEO plugin v24.6 - https:\/\/yoast.com\/wordpress\/plugins\/seo\/ -->\n<title>Sticker Holographique Tkt je g\u00e8re - ohmondessin.com<\/title>\n<meta name=\"description\" content=\"Sticker Tkt je g\u00e8re en holographique \u00e0 coller pour g\u00e9rer dans toutes les situations !\" \/>\n<meta name=\"robots\" content=\"index, follow, max-snippet:-1, max-image-preview:large, max-video-preview:-1\" \/>\n<link rel=\"canonical\" href=\"https:\/\/ohmondessin.com\/index.php\/product\/sticker-holographique-tkt-je-gere\/\" \/>\n<meta property=\"og:locale\" content=\"fr_FR\" \/>\n<meta property=\"og:type\" content=\"article\" \/>\n<meta property=\"og:title\" content=\"Sticker Holographique Tkt je g\u00e8re - ohmondessin.com\" \/>\n<meta property=\"og:description\" content=\"Sticker Tkt je g\u00e8re en holographique \u00e0 coller pour g\u00e9rer dans toutes les situations !\" \/>\n<meta property=\"og:url\" content=\"https:\/\/ohmondessin.com\/index.php\/product\/sticker-holographique-tkt-je-gere\/\" \/>\n<meta property=\"og:site_name\" content=\"ohmondessin.com\" \/>\n<meta property=\"article:publisher\" content=\"https:\/\/www.facebook.com\/Ohmondessin\" \/>\n<meta property=\"article:modified_time\" content=\"2026-01-29T08:09:18+00:00\" \/>\n<meta property=\"og:image\" content=\"http:\/\/ohmondessin.com\/wp-content\/uploads\/2024\/08\/sticker-site-scaled.jpg\" \/>\n\t<meta property=\"og:image:width\" content=\"2560\" \/>\n\t<meta property=\"og:image:height\" content=\"2560\" \/>\n\t<meta property=\"og:image:type\" content=\"image\/jpeg\" \/>\n<meta name=\"twitter:card\" content=\"summary_large_image\" \/>\n<meta name=\"twitter:label1\" content=\"Dur\u00e9e de lecture estim\u00e9e\" \/>\n\t<meta name=\"twitter:data1\" content=\"1 minute\" \/>\n<script type=\"application\/ld+json\" class=\"yoast-schema-graph\">{\"@context\":\"https:\/\/schema.org\",\"@graph\":[{\"@type\":\"WebPage\",\"@id\":\"https:\/\/ohmondessin.com\/index.php\/product\/sticker-holographique-tkt-je-gere\/\",\"url\":\"https:\/\/ohmondessin.com\/index.php\/product\/sticker-holographique-tkt-je-gere\/\",\"name\":\"Sticker Holographique Tkt je g\u00e8re - ohmondessin.com\",\"isPartOf\":{\"@id\":\"https:\/\/ohmondessin.com\/#website\"},\"primaryImageOfPage\":{\"@id\":\"https:\/\/ohmondessin.com\/index.php\/product\/sticker-holographique-tkt-je-gere\/#primaryimage\"},\"image\":{\"@id\":\"https:\/\/ohmondessin.com\/index.php\/product\/sticker-holographique-tkt-je-gere\/#primaryimage\"},\"thumbnailUrl\":\"https:\/\/ohmondessin.com\/wp-content\/uploads\/2024\/08\/sticker-site-scaled.jpg\",\"datePublished\":\"2024-08-23T19:24:09+00:00\",\"dateModified\":\"2026-01-29T08:09:18+00:00\",\"description\":\"Sticker Tkt je g\u00e8re en holographique \u00e0 coller pour g\u00e9rer dans toutes les situations !\",\"breadcrumb\":{\"@id\":\"https:\/\/ohmondessin.com\/index.php\/product\/sticker-holographique-tkt-je-gere\/#breadcrumb\"},\"inLanguage\":\"fr-FR\",\"potentialAction\":[{\"@type\":\"ReadAction\",\"target\":[\"https:\/\/ohmondessin.com\/index.php\/product\/sticker-holographique-tkt-je-gere\/\"]}]},{\"@type\":\"ImageObject\",\"inLanguage\":\"fr-FR\",\"@id\":\"https:\/\/ohmondessin.com\/index.php\/product\/sticker-holographique-tkt-je-gere\/#primaryimage\",\"url\":\"https:\/\/ohmondessin.com\/wp-content\/uploads\/2024\/08\/sticker-site-scaled.jpg\",\"contentUrl\":\"https:\/\/ohmondessin.com\/wp-content\/uploads\/2024\/08\/sticker-site-scaled.jpg\",\"width\":2560,\"height\":2560},{\"@type\":\"BreadcrumbList\",\"@id\":\"https:\/\/ohmondessin.com\/index.php\/product\/sticker-holographique-tkt-je-gere\/#breadcrumb\",\"itemListElement\":[{\"@type\":\"ListItem\",\"position\":1,\"name\":\"Accueil\",\"item\":\"https:\/\/ohmondessin.com\/\"},{\"@type\":\"ListItem\",\"position\":2,\"name\":\"La boutique\",\"item\":\"https:\/\/ohmondessin.com\/index.php\/la-boutique\/\"},{\"@type\":\"ListItem\",\"position\":3,\"name\":\"Sticker Holographique Tkt je g\u00e8re\"}]},{\"@type\":\"WebSite\",\"@id\":\"https:\/\/ohmondessin.com\/#website\",\"url\":\"https:\/\/ohmondessin.com\/\",\"name\":\"ohmondessin.com\",\"description\":\"De l\u2019illustration et du fait-main\",\"publisher\":{\"@id\":\"https:\/\/ohmondessin.com\/#organization\"},\"potentialAction\":[{\"@type\":\"SearchAction\",\"target\":{\"@type\":\"EntryPoint\",\"urlTemplate\":\"https:\/\/ohmondessin.com\/?s={search_term_string}\"},\"query-input\":{\"@type\":\"PropertyValueSpecification\",\"valueRequired\":true,\"valueName\":\"search_term_string\"}}],\"inLanguage\":\"fr-FR\"},{\"@type\":\"Organization\",\"@id\":\"https:\/\/ohmondessin.com\/#organization\",\"name\":\"ohmondessin.com\",\"url\":\"https:\/\/ohmondessin.com\/\",\"logo\":{\"@type\":\"ImageObject\",\"inLanguage\":\"fr-FR\",\"@id\":\"https:\/\/ohmondessin.com\/#\/schema\/logo\/image\/\",\"url\":\"https:\/\/ohmondessin.com\/wp-content\/uploads\/2023\/01\/logo_OHMD-dark.png\",\"contentUrl\":\"https:\/\/ohmondessin.com\/wp-content\/uploads\/2023\/01\/logo_OHMD-dark.png\",\"width\":500,\"height\":500,\"caption\":\"ohmondessin.com\"},\"image\":{\"@id\":\"https:\/\/ohmondessin.com\/#\/schema\/logo\/image\/\"},\"sameAs\":[\"https:\/\/www.facebook.com\/Ohmondessin\",\"https:\/\/www.instagram.com\/ohmondessin\/\"]}]}<\/script>\n<!-- \/ Yoast SEO plugin. -->","yoast_head_json":{"title":"Sticker Holographique Tkt je g\u00e8re - ohmondessin.com","description":"Sticker Tkt je g\u00e8re en holographique \u00e0 coller pour g\u00e9rer dans toutes les situations !","robots":{"index":"index","follow":"follow","max-snippet":"max-snippet:-1","max-image-preview":"max-image-preview:large","max-video-preview":"max-video-preview:-1"},"canonical":"https:\/\/ohmondessin.com\/index.php\/product\/sticker-holographique-tkt-je-gere\/","og_locale":"fr_FR","og_type":"article","og_title":"Sticker Holographique Tkt je g\u00e8re - ohmondessin.com","og_description":"Sticker Tkt je g\u00e8re en holographique \u00e0 coller pour g\u00e9rer dans toutes les situations !","og_url":"https:\/\/ohmondessin.com\/index.php\/product\/sticker-holographique-tkt-je-gere\/","og_site_name":"ohmondessin.com","article_publisher":"https:\/\/www.facebook.com\/Ohmondessin","article_modified_time":"2026-01-29T08:09:18+00:00","og_image":[{"width":2560,"height":2560,"url":"http:\/\/ohmondessin.com\/wp-content\/uploads\/2024\/08\/sticker-site-scaled.jpg","type":"image\/jpeg"}],"twitter_card":"summary_large_image","twitter_misc":{"Dur\u00e9e de lecture estim\u00e9e":"1 minute"},"schema":{"@context":"https:\/\/schema.org","@graph":[{"@type":"WebPage","@id":"https:\/\/ohmondessin.com\/index.php\/product\/sticker-holographique-tkt-je-gere\/","url":"https:\/\/ohmondessin.com\/index.php\/product\/sticker-holographique-tkt-je-gere\/","name":"Sticker Holographique Tkt je g\u00e8re - ohmondessin.com","isPartOf":{"@id":"https:\/\/ohmondessin.com\/#website"},"primaryImageOfPage":{"@id":"https:\/\/ohmondessin.com\/index.php\/product\/sticker-holographique-tkt-je-gere\/#primaryimage"},"image":{"@id":"https:\/\/ohmondessin.com\/index.php\/product\/sticker-holographique-tkt-je-gere\/#primaryimage"},"thumbnailUrl":"https:\/\/ohmondessin.com\/wp-content\/uploads\/2024\/08\/sticker-site-scaled.jpg","datePublished":"2024-08-23T19:24:09+00:00","dateModified":"2026-01-29T08:09:18+00:00","description":"Sticker Tkt je g\u00e8re en holographique \u00e0 coller pour g\u00e9rer dans toutes les situations !","breadcrumb":{"@id":"https:\/\/ohmondessin.com\/index.php\/product\/sticker-holographique-tkt-je-gere\/#breadcrumb"},"inLanguage":"fr-FR","potentialAction":[{"@type":"ReadAction","target":["https:\/\/ohmondessin.com\/index.php\/product\/sticker-holographique-tkt-je-gere\/"]}]},{"@type":"ImageObject","inLanguage":"fr-FR","@id":"https:\/\/ohmondessin.com\/index.php\/product\/sticker-holographique-tkt-je-gere\/#primaryimage","url":"https:\/\/ohmondessin.com\/wp-content\/uploads\/2024\/08\/sticker-site-scaled.jpg","contentUrl":"https:\/\/ohmondessin.com\/wp-content\/uploads\/2024\/08\/sticker-site-scaled.jpg","width":2560,"height":2560},{"@type":"BreadcrumbList","@id":"https:\/\/ohmondessin.com\/index.php\/product\/sticker-holographique-tkt-je-gere\/#breadcrumb","itemListElement":[{"@type":"ListItem","position":1,"name":"Accueil","item":"https:\/\/ohmondessin.com\/"},{"@type":"ListItem","position":2,"name":"La boutique","item":"https:\/\/ohmondessin.com\/index.php\/la-boutique\/"},{"@type":"ListItem","position":3,"name":"Sticker Holographique Tkt je g\u00e8re"}]},{"@type":"WebSite","@id":"https:\/\/ohmondessin.com\/#website","url":"https:\/\/ohmondessin.com\/","name":"ohmondessin.com","description":"De l\u2019illustration et du fait-main","publisher":{"@id":"https:\/\/ohmondessin.com\/#organization"},"potentialAction":[{"@type":"SearchAction","target":{"@type":"EntryPoint","urlTemplate":"https:\/\/ohmondessin.com\/?s={search_term_string}"},"query-input":{"@type":"PropertyValueSpecification","valueRequired":true,"valueName":"search_term_string"}}],"inLanguage":"fr-FR"},{"@type":"Organization","@id":"https:\/\/ohmondessin.com\/#organization","name":"ohmondessin.com","url":"https:\/\/ohmondessin.com\/","logo":{"@type":"ImageObject","inLanguage":"fr-FR","@id":"https:\/\/ohmondessin.com\/#\/schema\/logo\/image\/","url":"https:\/\/ohmondessin.com\/wp-content\/uploads\/2023\/01\/logo_OHMD-dark.png","contentUrl":"https:\/\/ohmondessin.com\/wp-content\/uploads\/2023\/01\/logo_OHMD-dark.png","width":500,"height":500,"caption":"ohmondessin.com"},"image":{"@id":"https:\/\/ohmondessin.com\/#\/schema\/logo\/image\/"},"sameAs":["https:\/\/www.facebook.com\/Ohmondessin","https:\/\/www.instagram.com\/ohmondessin\/"]}]}},"jetpack_sharing_enabled":true,"_links":{"self":[{"href":"https:\/\/ohmondessin.com\/index.php\/wp-json\/wp\/v2\/product\/7075","targetHints":{"allow":["GET"]}}],"collection":[{"href":"https:\/\/ohmondessin.com\/index.php\/wp-json\/wp\/v2\/product"}],"about":[{"href":"https:\/\/ohmondessin.com\/index.php\/wp-json\/wp\/v2\/types\/product"}],"replies":[{"embeddable":true,"href":"https:\/\/ohmondessin.com\/index.php\/wp-json\/wp\/v2\/comments?post=7075"}],"wp:featuredmedia":[{"embeddable":true,"href":"https:\/\/ohmondessin.com\/index.php\/wp-json\/wp\/v2\/media\/7072"}],"wp:attachment":[{"href":"https:\/\/ohmondessin.com\/index.php\/wp-json\/wp\/v2\/media?parent=7075"}],"wp:term":[{"taxonomy":"product_brand","embeddable":true,"href":"https:\/\/ohmondessin.com\/index.php\/wp-json\/wp\/v2\/product_brand?post=7075"},{"taxonomy":"product_cat","embeddable":true,"href":"https:\/\/ohmondessin.com\/index.php\/wp-json\/wp\/v2\/product_cat?post=7075"},{"taxonomy":"product_tag","embeddable":true,"href":"https:\/\/ohmondessin.com\/index.php\/wp-json\/wp\/v2\/product_tag?post=7075"}],"curies":[{"name":"wp","href":"https:\/\/api.w.org\/{rel}","templated":true}]}}