{"id":7743,"date":"2025-03-19T09:15:35","date_gmt":"2025-03-19T09:15:35","guid":{"rendered":"https:\/\/ohmondessin.com\/?post_type=product&#038;p=7743"},"modified":"2026-01-15T08:58:57","modified_gmt":"2026-01-15T08:58:57","slug":"nouveau-journal-les-aventures-de-bebe","status":"publish","type":"product","link":"https:\/\/ohmondessin.com\/index.php\/product\/nouveau-journal-les-aventures-de-bebe\/","title":{"rendered":"NOUVEAU Journal &#8211; Les Aventures de B\u00e9b\u00e9"},"content":{"rendered":"<dl class=\"flowtabs product-tab\" data-settings=\"{&quot;height&quot;:true}\">\n<dd class=\"tab1 tabs-block active\">\n<p data-start=\"428\" data-end=\"721\">Con\u00e7u et imprim\u00e9 en France, ce cahier est parfait pour conserver les moments inoubliables de b\u00e9b\u00e9. Avec son design d\u00e9licat et son papier de qualit\u00e9, il deviendra un tr\u00e9sor rempli d\u2019\u00e9motions \u00e0 feuilleter au fil des ann\u00e9es et \u00e0 transmettre \u00e0 b\u00e9b\u00e9 lorsqu\u2019il sera plus grand.<\/p>\n<ul data-start=\"723\" data-end=\"1472\">\n<li data-start=\"723\" data-end=\"939\"><strong data-start=\"725\" data-end=\"735\">Design<\/strong> : Une illustration tendre et un univers empreint de po\u00e9sie, parfait pour accompagner l\u2019histoire de votre enfant.<\/li>\n<li data-start=\"940\" data-end=\"1102\"><strong data-start=\"942\" data-end=\"953\">Qualit\u00e9<\/strong> : Nous utilisons un papier recycl\u00e9 pour la conception compl\u00e8te de ce journal. Ce papier nous permet d&rsquo;avoir un cahier tr\u00e8s doux et lisse, id\u00e9al pour l\u2019\u00e9criture et les petits collages.<\/li>\n<li data-start=\"940\" data-end=\"1102\"><strong>Fabrication<\/strong> : Fabriqu\u00e9 en France avec un papier recycl\u00e9 certifi\u00e9 FSC.<\/li>\n<li data-start=\"1103\" data-end=\"1232\"><strong data-start=\"1105\" data-end=\"1115\">Format<\/strong> : Cahier de 20 x 25,5 cm, offrant 48 pages lign\u00e9es avec des espaces d\u00e9di\u00e9s \u00e0 la date et aux anecdotes marquantes.<\/li>\n<li data-start=\"1233\" data-end=\"1472\"><strong data-start=\"1235\" data-end=\"1250\">Utilisation<\/strong> : Id\u00e9al pour noter les premi\u00e8res fois, les petits exploits et les instants pr\u00e9cieux de la vie de b\u00e9b\u00e9. Un cadeau parfait pour les jeunes parents, qui deviendra un objet charg\u00e9 d\u2019\u00e9motion \u00e0 offrir \u00e0 leur enfant plus tard.<\/li>\n<\/ul>\n<\/dd>\n<\/dl>\n<p>Pour accompagner votre cadeau, nous vous proposons la carte <a href=\"https:\/\/ohmondessin.com\/index.php\/product\/carte-naissance-bienvenue-bebe\/\">Bienvenue B\u00e9b\u00e9<\/a> assortit \u00e0 l&rsquo;illustration.<\/p>\n","protected":false},"excerpt":{"rendered":"<p>Un joli journal de 48 pages lign\u00e9es, pens\u00e9 pour immortaliser les pr\u00e9cieux souvenirs de b\u00e9b\u00e9. Son design doux et son grand format (20&#215;25,5cm) en font un compagnon id\u00e9al pour \u00e9crire, dessiner ou coller des souvenirs uniques de ses premi\u00e8res aventures. Une belle id\u00e9e cadeau pour les jeunes parents !<\/p>\n<p>Nous utilisons un papier recycl\u00e9 pour la conception compl\u00e8te de ce journal. Ce papier nous permet d&rsquo;avoir un cahier tr\u00e8s doux et lisse, id\u00e9al pour l\u2019\u00e9criture et les petits collages.<\/p>\n","protected":false},"featured_media":7746,"comment_status":"open","ping_status":"closed","template":"","meta":[],"product_brand":[],"product_cat":[1342,1235,729],"product_tag":[699,701,1349,1348,969,1350,1343,1344,1345,1346,1347,970],"class_list":{"0":"post-7743","1":"product","2":"type-product","3":"status-publish","4":"has-post-thumbnail","6":"product_cat-grand-cahier-journal","7":"product_cat-guide-cadeaux-de-noel","8":"product_cat-papeterie","9":"product_tag-cadeau-bebe","10":"product_tag-cadeau-naissance","11":"product_tag-carnet-bebe","12":"product_tag-carnet-naissance","13":"product_tag-eco-responsable","14":"product_tag-fabrique-en-france","15":"product_tag-journal","16":"product_tag-journal-bebe","17":"product_tag-journal-naissance","18":"product_tag-papeterie-bebe","19":"product_tag-papeterie-naissance","20":"product_tag-papier-recycle","22":"first","23":"instock","24":"purchasable","25":"product-type-simple"},"yoast_head":"<!-- This site is optimized with the Yoast SEO plugin v24.6 - https:\/\/yoast.com\/wordpress\/plugins\/seo\/ -->\n<title>NOUVEAU Journal - Les Aventures de B\u00e9b\u00e9 - ohmondessin.com<\/title>\n<meta name=\"description\" content=\"Un joli journal pens\u00e9 pour \u00e9crire, dessiner ou coller des souvenirs uniques de ses premi\u00e8res aventures. Une belle id\u00e9e cadeau pour les jeunes parents !\" \/>\n<meta name=\"robots\" content=\"index, follow, max-snippet:-1, max-image-preview:large, max-video-preview:-1\" \/>\n<link rel=\"canonical\" href=\"https:\/\/ohmondessin.com\/index.php\/product\/nouveau-journal-les-aventures-de-bebe\/\" \/>\n<meta property=\"og:locale\" content=\"fr_FR\" \/>\n<meta property=\"og:type\" content=\"article\" \/>\n<meta property=\"og:title\" content=\"NOUVEAU Journal - Les Aventures de B\u00e9b\u00e9 - ohmondessin.com\" \/>\n<meta property=\"og:description\" content=\"Un joli journal pens\u00e9 pour \u00e9crire, dessiner ou coller des souvenirs uniques de ses premi\u00e8res aventures. Une belle id\u00e9e cadeau pour les jeunes parents !\" \/>\n<meta property=\"og:url\" content=\"https:\/\/ohmondessin.com\/index.php\/product\/nouveau-journal-les-aventures-de-bebe\/\" \/>\n<meta property=\"og:site_name\" content=\"ohmondessin.com\" \/>\n<meta property=\"article:publisher\" content=\"https:\/\/www.facebook.com\/Ohmondessin\" \/>\n<meta property=\"article:modified_time\" content=\"2026-01-15T08:58:57+00:00\" \/>\n<meta property=\"og:image\" content=\"http:\/\/ohmondessin.com\/wp-content\/uploads\/2025\/03\/bebe-journal-3-scaled.jpg\" \/>\n\t<meta property=\"og:image:width\" content=\"2560\" \/>\n\t<meta property=\"og:image:height\" content=\"2560\" \/>\n\t<meta property=\"og:image:type\" content=\"image\/jpeg\" \/>\n<meta name=\"twitter:card\" content=\"summary_large_image\" \/>\n<meta name=\"twitter:label1\" content=\"Dur\u00e9e de lecture estim\u00e9e\" \/>\n\t<meta name=\"twitter:data1\" content=\"2 minutes\" \/>\n<script type=\"application\/ld+json\" class=\"yoast-schema-graph\">{\"@context\":\"https:\/\/schema.org\",\"@graph\":[{\"@type\":\"WebPage\",\"@id\":\"https:\/\/ohmondessin.com\/index.php\/product\/nouveau-journal-les-aventures-de-bebe\/\",\"url\":\"https:\/\/ohmondessin.com\/index.php\/product\/nouveau-journal-les-aventures-de-bebe\/\",\"name\":\"NOUVEAU Journal - Les Aventures de B\u00e9b\u00e9 - ohmondessin.com\",\"isPartOf\":{\"@id\":\"https:\/\/ohmondessin.com\/#website\"},\"primaryImageOfPage\":{\"@id\":\"https:\/\/ohmondessin.com\/index.php\/product\/nouveau-journal-les-aventures-de-bebe\/#primaryimage\"},\"image\":{\"@id\":\"https:\/\/ohmondessin.com\/index.php\/product\/nouveau-journal-les-aventures-de-bebe\/#primaryimage\"},\"thumbnailUrl\":\"https:\/\/ohmondessin.com\/wp-content\/uploads\/2025\/03\/bebe-journal-3-scaled.jpg\",\"datePublished\":\"2025-03-19T09:15:35+00:00\",\"dateModified\":\"2026-01-15T08:58:57+00:00\",\"description\":\"Un joli journal pens\u00e9 pour \u00e9crire, dessiner ou coller des souvenirs uniques de ses premi\u00e8res aventures. Une belle id\u00e9e cadeau pour les jeunes parents !\",\"breadcrumb\":{\"@id\":\"https:\/\/ohmondessin.com\/index.php\/product\/nouveau-journal-les-aventures-de-bebe\/#breadcrumb\"},\"inLanguage\":\"fr-FR\",\"potentialAction\":[{\"@type\":\"ReadAction\",\"target\":[\"https:\/\/ohmondessin.com\/index.php\/product\/nouveau-journal-les-aventures-de-bebe\/\"]}]},{\"@type\":\"ImageObject\",\"inLanguage\":\"fr-FR\",\"@id\":\"https:\/\/ohmondessin.com\/index.php\/product\/nouveau-journal-les-aventures-de-bebe\/#primaryimage\",\"url\":\"https:\/\/ohmondessin.com\/wp-content\/uploads\/2025\/03\/bebe-journal-3-scaled.jpg\",\"contentUrl\":\"https:\/\/ohmondessin.com\/wp-content\/uploads\/2025\/03\/bebe-journal-3-scaled.jpg\",\"width\":2560,\"height\":2560,\"caption\":\"le jounal de b\u00e9b\u00e9\"},{\"@type\":\"BreadcrumbList\",\"@id\":\"https:\/\/ohmondessin.com\/index.php\/product\/nouveau-journal-les-aventures-de-bebe\/#breadcrumb\",\"itemListElement\":[{\"@type\":\"ListItem\",\"position\":1,\"name\":\"Accueil\",\"item\":\"https:\/\/ohmondessin.com\/\"},{\"@type\":\"ListItem\",\"position\":2,\"name\":\"La boutique\",\"item\":\"https:\/\/ohmondessin.com\/index.php\/la-boutique\/\"},{\"@type\":\"ListItem\",\"position\":3,\"name\":\"NOUVEAU Journal &#8211; Les Aventures de B\u00e9b\u00e9\"}]},{\"@type\":\"WebSite\",\"@id\":\"https:\/\/ohmondessin.com\/#website\",\"url\":\"https:\/\/ohmondessin.com\/\",\"name\":\"ohmondessin.com\",\"description\":\"De l\u2019illustration et du fait-main\",\"publisher\":{\"@id\":\"https:\/\/ohmondessin.com\/#organization\"},\"potentialAction\":[{\"@type\":\"SearchAction\",\"target\":{\"@type\":\"EntryPoint\",\"urlTemplate\":\"https:\/\/ohmondessin.com\/?s={search_term_string}\"},\"query-input\":{\"@type\":\"PropertyValueSpecification\",\"valueRequired\":true,\"valueName\":\"search_term_string\"}}],\"inLanguage\":\"fr-FR\"},{\"@type\":\"Organization\",\"@id\":\"https:\/\/ohmondessin.com\/#organization\",\"name\":\"ohmondessin.com\",\"url\":\"https:\/\/ohmondessin.com\/\",\"logo\":{\"@type\":\"ImageObject\",\"inLanguage\":\"fr-FR\",\"@id\":\"https:\/\/ohmondessin.com\/#\/schema\/logo\/image\/\",\"url\":\"https:\/\/ohmondessin.com\/wp-content\/uploads\/2023\/01\/logo_OHMD-dark.png\",\"contentUrl\":\"https:\/\/ohmondessin.com\/wp-content\/uploads\/2023\/01\/logo_OHMD-dark.png\",\"width\":500,\"height\":500,\"caption\":\"ohmondessin.com\"},\"image\":{\"@id\":\"https:\/\/ohmondessin.com\/#\/schema\/logo\/image\/\"},\"sameAs\":[\"https:\/\/www.facebook.com\/Ohmondessin\",\"https:\/\/www.instagram.com\/ohmondessin\/\"]}]}<\/script>\n<!-- \/ Yoast SEO plugin. -->","yoast_head_json":{"title":"NOUVEAU Journal - Les Aventures de B\u00e9b\u00e9 - ohmondessin.com","description":"Un joli journal pens\u00e9 pour \u00e9crire, dessiner ou coller des souvenirs uniques de ses premi\u00e8res aventures. Une belle id\u00e9e cadeau pour les jeunes parents !","robots":{"index":"index","follow":"follow","max-snippet":"max-snippet:-1","max-image-preview":"max-image-preview:large","max-video-preview":"max-video-preview:-1"},"canonical":"https:\/\/ohmondessin.com\/index.php\/product\/nouveau-journal-les-aventures-de-bebe\/","og_locale":"fr_FR","og_type":"article","og_title":"NOUVEAU Journal - Les Aventures de B\u00e9b\u00e9 - ohmondessin.com","og_description":"Un joli journal pens\u00e9 pour \u00e9crire, dessiner ou coller des souvenirs uniques de ses premi\u00e8res aventures. Une belle id\u00e9e cadeau pour les jeunes parents !","og_url":"https:\/\/ohmondessin.com\/index.php\/product\/nouveau-journal-les-aventures-de-bebe\/","og_site_name":"ohmondessin.com","article_publisher":"https:\/\/www.facebook.com\/Ohmondessin","article_modified_time":"2026-01-15T08:58:57+00:00","og_image":[{"width":2560,"height":2560,"url":"http:\/\/ohmondessin.com\/wp-content\/uploads\/2025\/03\/bebe-journal-3-scaled.jpg","type":"image\/jpeg"}],"twitter_card":"summary_large_image","twitter_misc":{"Dur\u00e9e de lecture estim\u00e9e":"2 minutes"},"schema":{"@context":"https:\/\/schema.org","@graph":[{"@type":"WebPage","@id":"https:\/\/ohmondessin.com\/index.php\/product\/nouveau-journal-les-aventures-de-bebe\/","url":"https:\/\/ohmondessin.com\/index.php\/product\/nouveau-journal-les-aventures-de-bebe\/","name":"NOUVEAU Journal - Les Aventures de B\u00e9b\u00e9 - ohmondessin.com","isPartOf":{"@id":"https:\/\/ohmondessin.com\/#website"},"primaryImageOfPage":{"@id":"https:\/\/ohmondessin.com\/index.php\/product\/nouveau-journal-les-aventures-de-bebe\/#primaryimage"},"image":{"@id":"https:\/\/ohmondessin.com\/index.php\/product\/nouveau-journal-les-aventures-de-bebe\/#primaryimage"},"thumbnailUrl":"https:\/\/ohmondessin.com\/wp-content\/uploads\/2025\/03\/bebe-journal-3-scaled.jpg","datePublished":"2025-03-19T09:15:35+00:00","dateModified":"2026-01-15T08:58:57+00:00","description":"Un joli journal pens\u00e9 pour \u00e9crire, dessiner ou coller des souvenirs uniques de ses premi\u00e8res aventures. Une belle id\u00e9e cadeau pour les jeunes parents !","breadcrumb":{"@id":"https:\/\/ohmondessin.com\/index.php\/product\/nouveau-journal-les-aventures-de-bebe\/#breadcrumb"},"inLanguage":"fr-FR","potentialAction":[{"@type":"ReadAction","target":["https:\/\/ohmondessin.com\/index.php\/product\/nouveau-journal-les-aventures-de-bebe\/"]}]},{"@type":"ImageObject","inLanguage":"fr-FR","@id":"https:\/\/ohmondessin.com\/index.php\/product\/nouveau-journal-les-aventures-de-bebe\/#primaryimage","url":"https:\/\/ohmondessin.com\/wp-content\/uploads\/2025\/03\/bebe-journal-3-scaled.jpg","contentUrl":"https:\/\/ohmondessin.com\/wp-content\/uploads\/2025\/03\/bebe-journal-3-scaled.jpg","width":2560,"height":2560,"caption":"le jounal de b\u00e9b\u00e9"},{"@type":"BreadcrumbList","@id":"https:\/\/ohmondessin.com\/index.php\/product\/nouveau-journal-les-aventures-de-bebe\/#breadcrumb","itemListElement":[{"@type":"ListItem","position":1,"name":"Accueil","item":"https:\/\/ohmondessin.com\/"},{"@type":"ListItem","position":2,"name":"La boutique","item":"https:\/\/ohmondessin.com\/index.php\/la-boutique\/"},{"@type":"ListItem","position":3,"name":"NOUVEAU Journal &#8211; Les Aventures de B\u00e9b\u00e9"}]},{"@type":"WebSite","@id":"https:\/\/ohmondessin.com\/#website","url":"https:\/\/ohmondessin.com\/","name":"ohmondessin.com","description":"De l\u2019illustration et du fait-main","publisher":{"@id":"https:\/\/ohmondessin.com\/#organization"},"potentialAction":[{"@type":"SearchAction","target":{"@type":"EntryPoint","urlTemplate":"https:\/\/ohmondessin.com\/?s={search_term_string}"},"query-input":{"@type":"PropertyValueSpecification","valueRequired":true,"valueName":"search_term_string"}}],"inLanguage":"fr-FR"},{"@type":"Organization","@id":"https:\/\/ohmondessin.com\/#organization","name":"ohmondessin.com","url":"https:\/\/ohmondessin.com\/","logo":{"@type":"ImageObject","inLanguage":"fr-FR","@id":"https:\/\/ohmondessin.com\/#\/schema\/logo\/image\/","url":"https:\/\/ohmondessin.com\/wp-content\/uploads\/2023\/01\/logo_OHMD-dark.png","contentUrl":"https:\/\/ohmondessin.com\/wp-content\/uploads\/2023\/01\/logo_OHMD-dark.png","width":500,"height":500,"caption":"ohmondessin.com"},"image":{"@id":"https:\/\/ohmondessin.com\/#\/schema\/logo\/image\/"},"sameAs":["https:\/\/www.facebook.com\/Ohmondessin","https:\/\/www.instagram.com\/ohmondessin\/"]}]}},"jetpack_sharing_enabled":true,"_links":{"self":[{"href":"https:\/\/ohmondessin.com\/index.php\/wp-json\/wp\/v2\/product\/7743","targetHints":{"allow":["GET"]}}],"collection":[{"href":"https:\/\/ohmondessin.com\/index.php\/wp-json\/wp\/v2\/product"}],"about":[{"href":"https:\/\/ohmondessin.com\/index.php\/wp-json\/wp\/v2\/types\/product"}],"replies":[{"embeddable":true,"href":"https:\/\/ohmondessin.com\/index.php\/wp-json\/wp\/v2\/comments?post=7743"}],"wp:featuredmedia":[{"embeddable":true,"href":"https:\/\/ohmondessin.com\/index.php\/wp-json\/wp\/v2\/media\/7746"}],"wp:attachment":[{"href":"https:\/\/ohmondessin.com\/index.php\/wp-json\/wp\/v2\/media?parent=7743"}],"wp:term":[{"taxonomy":"product_brand","embeddable":true,"href":"https:\/\/ohmondessin.com\/index.php\/wp-json\/wp\/v2\/product_brand?post=7743"},{"taxonomy":"product_cat","embeddable":true,"href":"https:\/\/ohmondessin.com\/index.php\/wp-json\/wp\/v2\/product_cat?post=7743"},{"taxonomy":"product_tag","embeddable":true,"href":"https:\/\/ohmondessin.com\/index.php\/wp-json\/wp\/v2\/product_tag?post=7743"}],"curies":[{"name":"wp","href":"https:\/\/api.w.org\/{rel}","templated":true}]}}