{"id":7755,"date":"2025-03-23T12:22:32","date_gmt":"2025-03-23T12:22:32","guid":{"rendered":"https:\/\/ohmondessin.com\/?post_type=product&#038;p=7755"},"modified":"2026-01-15T00:01:50","modified_gmt":"2026-01-15T00:01:50","slug":"nouveau-journal-n006-le-printemps","status":"publish","type":"product","link":"https:\/\/ohmondessin.com\/index.php\/product\/nouveau-journal-n006-le-printemps\/","title":{"rendered":"NOUVEAU Journal &#8211; N\u00b0006 Le Printemps"},"content":{"rendered":"<dl class=\"flowtabs product-tab\" data-settings=\"{&quot;height&quot;:true}\">\n<dd class=\"tab1 tabs-block active\">\n<p data-start=\"428\" data-end=\"721\">Con\u00e7u et imprim\u00e9 en France, ce journal c\u00e9l\u00e8bre la douceur du printemps avec une illustration pleine de vie et de caract\u00e8re. Id\u00e9al pour \u00e9crire, dessiner ou noter vos id\u00e9es, il deviendra votre alli\u00e9 au quotidien.<\/p>\n<ul data-start=\"723\" data-end=\"1472\">\n<li data-start=\"723\" data-end=\"939\"><strong data-start=\"725\" data-end=\"735\">Design<\/strong> : Une illustration tendre\u00a0et malicieuse, qui invite \u00e0 la r\u00eaverie.<\/li>\n<li data-start=\"940\" data-end=\"1102\"><strong data-start=\"942\" data-end=\"953\">Qualit\u00e9<\/strong> : Nous utilisons un papier recycl\u00e9 pour la conception compl\u00e8te de ce journal. Ce papier nous permet d&rsquo;avoir un cahier tr\u00e8s doux et lisse, id\u00e9al pour l\u2019\u00e9criture et les petits collages.<\/li>\n<li data-start=\"940\" data-end=\"1102\"><strong>Fabrication<\/strong> : Fabriqu\u00e9 en France avec un papier recycl\u00e9 certifi\u00e9 FSC.<\/li>\n<li data-start=\"1103\" data-end=\"1232\"><strong data-start=\"1105\" data-end=\"1115\">Format<\/strong> : Cahier de 20 x 25,5 cm, offrant 48 pages lign\u00e9es avec des espaces d\u00e9di\u00e9s \u00e0 la date et aux anecdotes marquantes.<\/li>\n<li data-start=\"1233\" data-end=\"1472\"><strong data-start=\"1235\" data-end=\"1250\">Utilisation<\/strong> : Id\u00e9al pour un journal personnel, un carnet de voyage ou un cahier de cr\u00e9ativit\u00e9. Un cadeau po\u00e9tique pour ceux qui aiment les chats et les instants suspendus du printemps.<\/li>\n<\/ul>\n<\/dd>\n<\/dl>\n<p>Pour accompagner votre papeterie, nous vous proposons le carnet <a href=\"https:\/\/ohmondessin.com\/index.php\/product\/nouveau-carnet-a5-les-mots-de-passe\/\">Mots de Passe<\/a> assortit \u00e0 l&rsquo;illustration.<\/p>\n","protected":false},"excerpt":{"rendered":"<p>Un joli journal de 48 pages lign\u00e9es, imagin\u00e9 pour \u00e9crire, dessiner, coller, raconter votre vie. Son design doux et son grand format (20&#215;25,5cm) en font un compagnon id\u00e9al pour votre quotidien. Un joli cadeau pour les amoureux de l&rsquo;\u00e9criture et des f\u00e9lins !<\/p>\n<p>Nous utilisons un papier recycl\u00e9 pour la conception compl\u00e8te de ce journal. Ce papier nous permet d&rsquo;avoir un cahier tr\u00e8s doux et lisse, id\u00e9al pour l\u2019\u00e9criture et les petits collages.<\/p>\n","protected":false},"featured_media":7757,"comment_status":"open","ping_status":"closed","template":"","meta":[],"product_brand":[],"product_cat":[1342,1235,729],"product_tag":[1351,969,1350,1352,1343,1355,1353,1356,981,1347,1354,970],"class_list":{"0":"post-7755","1":"product","2":"type-product","3":"status-publish","4":"has-post-thumbnail","6":"product_cat-grand-cahier-journal","7":"product_cat-guide-cadeaux-de-noel","8":"product_cat-papeterie","9":"product_tag-bullet-journal","10":"product_tag-eco-responsable","11":"product_tag-fabrique-en-france","12":"product_tag-grand-cahier","13":"product_tag-journal","14":"product_tag-journal-chat","15":"product_tag-journal-intime","16":"product_tag-journal-papeterie","17":"product_tag-papeterie-chat","18":"product_tag-papeterie-naissance","19":"product_tag-papeterie-printemps","20":"product_tag-papier-recycle","22":"first","23":"instock","24":"purchasable","25":"product-type-simple"},"yoast_head":"<!-- This site is optimized with the Yoast SEO plugin v24.6 - https:\/\/yoast.com\/wordpress\/plugins\/seo\/ -->\n<title>NOUVEAU Journal - N\u00b0006 Le Printemps - ohmondessin.com<\/title>\n<meta name=\"description\" content=\"Un joli journal pens\u00e9 pour \u00e9crire, dessiner ou coller des souvenirs uniques de ses premi\u00e8res aventures. Une belle id\u00e9e cadeau pour les jeunes parents !\" \/>\n<meta name=\"robots\" content=\"index, follow, max-snippet:-1, max-image-preview:large, max-video-preview:-1\" \/>\n<link rel=\"canonical\" href=\"https:\/\/ohmondessin.com\/index.php\/product\/nouveau-journal-n006-le-printemps\/\" \/>\n<meta property=\"og:locale\" content=\"fr_FR\" \/>\n<meta property=\"og:type\" content=\"article\" \/>\n<meta property=\"og:title\" content=\"NOUVEAU Journal - N\u00b0006 Le Printemps - ohmondessin.com\" \/>\n<meta property=\"og:description\" content=\"Un joli journal pens\u00e9 pour \u00e9crire, dessiner ou coller des souvenirs uniques de ses premi\u00e8res aventures. Une belle id\u00e9e cadeau pour les jeunes parents !\" \/>\n<meta property=\"og:url\" content=\"https:\/\/ohmondessin.com\/index.php\/product\/nouveau-journal-n006-le-printemps\/\" \/>\n<meta property=\"og:site_name\" content=\"ohmondessin.com\" \/>\n<meta property=\"article:publisher\" content=\"https:\/\/www.facebook.com\/Ohmondessin\" \/>\n<meta property=\"article:modified_time\" content=\"2026-01-15T00:01:50+00:00\" \/>\n<meta property=\"og:image\" content=\"http:\/\/ohmondessin.com\/wp-content\/uploads\/2025\/03\/journal_printemps-1.jpg\" \/>\n\t<meta property=\"og:image:width\" content=\"1536\" \/>\n\t<meta property=\"og:image:height\" content=\"1536\" \/>\n\t<meta property=\"og:image:type\" content=\"image\/jpeg\" \/>\n<meta name=\"twitter:card\" content=\"summary_large_image\" \/>\n<meta name=\"twitter:label1\" content=\"Dur\u00e9e de lecture estim\u00e9e\" \/>\n\t<meta name=\"twitter:data1\" content=\"1 minute\" \/>\n<script type=\"application\/ld+json\" class=\"yoast-schema-graph\">{\"@context\":\"https:\/\/schema.org\",\"@graph\":[{\"@type\":\"WebPage\",\"@id\":\"https:\/\/ohmondessin.com\/index.php\/product\/nouveau-journal-n006-le-printemps\/\",\"url\":\"https:\/\/ohmondessin.com\/index.php\/product\/nouveau-journal-n006-le-printemps\/\",\"name\":\"NOUVEAU Journal - N\u00b0006 Le Printemps - ohmondessin.com\",\"isPartOf\":{\"@id\":\"https:\/\/ohmondessin.com\/#website\"},\"primaryImageOfPage\":{\"@id\":\"https:\/\/ohmondessin.com\/index.php\/product\/nouveau-journal-n006-le-printemps\/#primaryimage\"},\"image\":{\"@id\":\"https:\/\/ohmondessin.com\/index.php\/product\/nouveau-journal-n006-le-printemps\/#primaryimage\"},\"thumbnailUrl\":\"https:\/\/ohmondessin.com\/wp-content\/uploads\/2025\/03\/journal_printemps-1.jpg\",\"datePublished\":\"2025-03-23T12:22:32+00:00\",\"dateModified\":\"2026-01-15T00:01:50+00:00\",\"description\":\"Un joli journal pens\u00e9 pour \u00e9crire, dessiner ou coller des souvenirs uniques de ses premi\u00e8res aventures. Une belle id\u00e9e cadeau pour les jeunes parents !\",\"breadcrumb\":{\"@id\":\"https:\/\/ohmondessin.com\/index.php\/product\/nouveau-journal-n006-le-printemps\/#breadcrumb\"},\"inLanguage\":\"fr-FR\",\"potentialAction\":[{\"@type\":\"ReadAction\",\"target\":[\"https:\/\/ohmondessin.com\/index.php\/product\/nouveau-journal-n006-le-printemps\/\"]}]},{\"@type\":\"ImageObject\",\"inLanguage\":\"fr-FR\",\"@id\":\"https:\/\/ohmondessin.com\/index.php\/product\/nouveau-journal-n006-le-printemps\/#primaryimage\",\"url\":\"https:\/\/ohmondessin.com\/wp-content\/uploads\/2025\/03\/journal_printemps-1.jpg\",\"contentUrl\":\"https:\/\/ohmondessin.com\/wp-content\/uploads\/2025\/03\/journal_printemps-1.jpg\",\"width\":1536,\"height\":1536},{\"@type\":\"BreadcrumbList\",\"@id\":\"https:\/\/ohmondessin.com\/index.php\/product\/nouveau-journal-n006-le-printemps\/#breadcrumb\",\"itemListElement\":[{\"@type\":\"ListItem\",\"position\":1,\"name\":\"Accueil\",\"item\":\"https:\/\/ohmondessin.com\/\"},{\"@type\":\"ListItem\",\"position\":2,\"name\":\"La boutique\",\"item\":\"https:\/\/ohmondessin.com\/index.php\/la-boutique\/\"},{\"@type\":\"ListItem\",\"position\":3,\"name\":\"NOUVEAU Journal &#8211; N\u00b0006 Le Printemps\"}]},{\"@type\":\"WebSite\",\"@id\":\"https:\/\/ohmondessin.com\/#website\",\"url\":\"https:\/\/ohmondessin.com\/\",\"name\":\"ohmondessin.com\",\"description\":\"De l\u2019illustration et du fait-main\",\"publisher\":{\"@id\":\"https:\/\/ohmondessin.com\/#organization\"},\"potentialAction\":[{\"@type\":\"SearchAction\",\"target\":{\"@type\":\"EntryPoint\",\"urlTemplate\":\"https:\/\/ohmondessin.com\/?s={search_term_string}\"},\"query-input\":{\"@type\":\"PropertyValueSpecification\",\"valueRequired\":true,\"valueName\":\"search_term_string\"}}],\"inLanguage\":\"fr-FR\"},{\"@type\":\"Organization\",\"@id\":\"https:\/\/ohmondessin.com\/#organization\",\"name\":\"ohmondessin.com\",\"url\":\"https:\/\/ohmondessin.com\/\",\"logo\":{\"@type\":\"ImageObject\",\"inLanguage\":\"fr-FR\",\"@id\":\"https:\/\/ohmondessin.com\/#\/schema\/logo\/image\/\",\"url\":\"https:\/\/ohmondessin.com\/wp-content\/uploads\/2023\/01\/logo_OHMD-dark.png\",\"contentUrl\":\"https:\/\/ohmondessin.com\/wp-content\/uploads\/2023\/01\/logo_OHMD-dark.png\",\"width\":500,\"height\":500,\"caption\":\"ohmondessin.com\"},\"image\":{\"@id\":\"https:\/\/ohmondessin.com\/#\/schema\/logo\/image\/\"},\"sameAs\":[\"https:\/\/www.facebook.com\/Ohmondessin\",\"https:\/\/www.instagram.com\/ohmondessin\/\"]}]}<\/script>\n<!-- \/ Yoast SEO plugin. -->","yoast_head_json":{"title":"NOUVEAU Journal - N\u00b0006 Le Printemps - ohmondessin.com","description":"Un joli journal pens\u00e9 pour \u00e9crire, dessiner ou coller des souvenirs uniques de ses premi\u00e8res aventures. Une belle id\u00e9e cadeau pour les jeunes parents !","robots":{"index":"index","follow":"follow","max-snippet":"max-snippet:-1","max-image-preview":"max-image-preview:large","max-video-preview":"max-video-preview:-1"},"canonical":"https:\/\/ohmondessin.com\/index.php\/product\/nouveau-journal-n006-le-printemps\/","og_locale":"fr_FR","og_type":"article","og_title":"NOUVEAU Journal - N\u00b0006 Le Printemps - ohmondessin.com","og_description":"Un joli journal pens\u00e9 pour \u00e9crire, dessiner ou coller des souvenirs uniques de ses premi\u00e8res aventures. Une belle id\u00e9e cadeau pour les jeunes parents !","og_url":"https:\/\/ohmondessin.com\/index.php\/product\/nouveau-journal-n006-le-printemps\/","og_site_name":"ohmondessin.com","article_publisher":"https:\/\/www.facebook.com\/Ohmondessin","article_modified_time":"2026-01-15T00:01:50+00:00","og_image":[{"width":1536,"height":1536,"url":"http:\/\/ohmondessin.com\/wp-content\/uploads\/2025\/03\/journal_printemps-1.jpg","type":"image\/jpeg"}],"twitter_card":"summary_large_image","twitter_misc":{"Dur\u00e9e de lecture estim\u00e9e":"1 minute"},"schema":{"@context":"https:\/\/schema.org","@graph":[{"@type":"WebPage","@id":"https:\/\/ohmondessin.com\/index.php\/product\/nouveau-journal-n006-le-printemps\/","url":"https:\/\/ohmondessin.com\/index.php\/product\/nouveau-journal-n006-le-printemps\/","name":"NOUVEAU Journal - N\u00b0006 Le Printemps - ohmondessin.com","isPartOf":{"@id":"https:\/\/ohmondessin.com\/#website"},"primaryImageOfPage":{"@id":"https:\/\/ohmondessin.com\/index.php\/product\/nouveau-journal-n006-le-printemps\/#primaryimage"},"image":{"@id":"https:\/\/ohmondessin.com\/index.php\/product\/nouveau-journal-n006-le-printemps\/#primaryimage"},"thumbnailUrl":"https:\/\/ohmondessin.com\/wp-content\/uploads\/2025\/03\/journal_printemps-1.jpg","datePublished":"2025-03-23T12:22:32+00:00","dateModified":"2026-01-15T00:01:50+00:00","description":"Un joli journal pens\u00e9 pour \u00e9crire, dessiner ou coller des souvenirs uniques de ses premi\u00e8res aventures. Une belle id\u00e9e cadeau pour les jeunes parents !","breadcrumb":{"@id":"https:\/\/ohmondessin.com\/index.php\/product\/nouveau-journal-n006-le-printemps\/#breadcrumb"},"inLanguage":"fr-FR","potentialAction":[{"@type":"ReadAction","target":["https:\/\/ohmondessin.com\/index.php\/product\/nouveau-journal-n006-le-printemps\/"]}]},{"@type":"ImageObject","inLanguage":"fr-FR","@id":"https:\/\/ohmondessin.com\/index.php\/product\/nouveau-journal-n006-le-printemps\/#primaryimage","url":"https:\/\/ohmondessin.com\/wp-content\/uploads\/2025\/03\/journal_printemps-1.jpg","contentUrl":"https:\/\/ohmondessin.com\/wp-content\/uploads\/2025\/03\/journal_printemps-1.jpg","width":1536,"height":1536},{"@type":"BreadcrumbList","@id":"https:\/\/ohmondessin.com\/index.php\/product\/nouveau-journal-n006-le-printemps\/#breadcrumb","itemListElement":[{"@type":"ListItem","position":1,"name":"Accueil","item":"https:\/\/ohmondessin.com\/"},{"@type":"ListItem","position":2,"name":"La boutique","item":"https:\/\/ohmondessin.com\/index.php\/la-boutique\/"},{"@type":"ListItem","position":3,"name":"NOUVEAU Journal &#8211; N\u00b0006 Le Printemps"}]},{"@type":"WebSite","@id":"https:\/\/ohmondessin.com\/#website","url":"https:\/\/ohmondessin.com\/","name":"ohmondessin.com","description":"De l\u2019illustration et du fait-main","publisher":{"@id":"https:\/\/ohmondessin.com\/#organization"},"potentialAction":[{"@type":"SearchAction","target":{"@type":"EntryPoint","urlTemplate":"https:\/\/ohmondessin.com\/?s={search_term_string}"},"query-input":{"@type":"PropertyValueSpecification","valueRequired":true,"valueName":"search_term_string"}}],"inLanguage":"fr-FR"},{"@type":"Organization","@id":"https:\/\/ohmondessin.com\/#organization","name":"ohmondessin.com","url":"https:\/\/ohmondessin.com\/","logo":{"@type":"ImageObject","inLanguage":"fr-FR","@id":"https:\/\/ohmondessin.com\/#\/schema\/logo\/image\/","url":"https:\/\/ohmondessin.com\/wp-content\/uploads\/2023\/01\/logo_OHMD-dark.png","contentUrl":"https:\/\/ohmondessin.com\/wp-content\/uploads\/2023\/01\/logo_OHMD-dark.png","width":500,"height":500,"caption":"ohmondessin.com"},"image":{"@id":"https:\/\/ohmondessin.com\/#\/schema\/logo\/image\/"},"sameAs":["https:\/\/www.facebook.com\/Ohmondessin","https:\/\/www.instagram.com\/ohmondessin\/"]}]}},"jetpack_sharing_enabled":true,"_links":{"self":[{"href":"https:\/\/ohmondessin.com\/index.php\/wp-json\/wp\/v2\/product\/7755","targetHints":{"allow":["GET"]}}],"collection":[{"href":"https:\/\/ohmondessin.com\/index.php\/wp-json\/wp\/v2\/product"}],"about":[{"href":"https:\/\/ohmondessin.com\/index.php\/wp-json\/wp\/v2\/types\/product"}],"replies":[{"embeddable":true,"href":"https:\/\/ohmondessin.com\/index.php\/wp-json\/wp\/v2\/comments?post=7755"}],"wp:featuredmedia":[{"embeddable":true,"href":"https:\/\/ohmondessin.com\/index.php\/wp-json\/wp\/v2\/media\/7757"}],"wp:attachment":[{"href":"https:\/\/ohmondessin.com\/index.php\/wp-json\/wp\/v2\/media?parent=7755"}],"wp:term":[{"taxonomy":"product_brand","embeddable":true,"href":"https:\/\/ohmondessin.com\/index.php\/wp-json\/wp\/v2\/product_brand?post=7755"},{"taxonomy":"product_cat","embeddable":true,"href":"https:\/\/ohmondessin.com\/index.php\/wp-json\/wp\/v2\/product_cat?post=7755"},{"taxonomy":"product_tag","embeddable":true,"href":"https:\/\/ohmondessin.com\/index.php\/wp-json\/wp\/v2\/product_tag?post=7755"}],"curies":[{"name":"wp","href":"https:\/\/api.w.org\/{rel}","templated":true}]}}