{"id":7922,"date":"2025-09-17T15:27:17","date_gmt":"2025-09-17T15:27:17","guid":{"rendered":"https:\/\/ohmondessin.com\/?post_type=product&#038;p=7922"},"modified":"2026-02-19T00:43:01","modified_gmt":"2026-02-19T00:43:01","slug":"sticker-holographique-le-chat-sorcier","status":"publish","type":"product","link":"https:\/\/ohmondessin.com\/index.php\/product\/sticker-holographique-le-chat-sorcier\/","title":{"rendered":"Sticker Holographique Le Chat Sorcier"},"content":{"rendered":"<p>\u2728 Autocollant en polypropyl\u00e8ne m\u00e9tallis\u00e9 avec finition miroir pour un effet holographique wahou<\/p>\n<p>\u2728 Dimensions : 4.8 x 5.7 cm<\/p>\n<p>\u2728 Excellente r\u00e9sistance aux intemp\u00e9ries et aux lave-vaisselles !<\/p>\n<p>&nbsp;<\/p>\n","protected":false},"excerpt":{"rendered":"<p data-start=\"254\" data-end=\"515\">Le sticker holographique du Chat Sorcier drap\u00e9 de sa cape \u00e9toil\u00e9e, sans oublier son chapeau et sa baguette magique, incarne \u00e0 lui seul la magie des contes.<\/p>\n<p data-start=\"517\" data-end=\"700\">Avec son effet holographique, chaque reflet de lumi\u00e8re r\u00e9v\u00e8le des \u00e9clats d\u2019arc-en-ciel, comme un sortil\u00e8ge !<\/p>\n<p data-start=\"702\" data-end=\"885\">Ce Chat Sorcier a m\u00eame voyag\u00e9 jusqu\u2019\u00e0 Londres, pour \u00eatre immortalis\u00e9 en photo dans une ambiance digne des plus grandes histoires de sorcellerie !<\/p>\n","protected":false},"featured_media":7924,"comment_status":"open","ping_status":"closed","template":"","meta":[],"product_brand":[],"product_cat":[1081,1235],"product_tag":[1083,1430,1426,1088,1431,1429,1084,1089,1082,1425,1087,1428,1427],"class_list":{"0":"post-7922","1":"product","2":"type-product","3":"status-publish","4":"has-post-thumbnail","6":"product_cat-stickers","7":"product_cat-guide-cadeaux-de-noel","8":"product_tag-autocollant-chat","9":"product_tag-autocollant-chat-halloween","10":"product_tag-autocollant-halloween","11":"product_tag-autocollant-holographique","12":"product_tag-autocollant-magie","13":"product_tag-autocollant-sorcier","14":"product_tag-chat-illustration","15":"product_tag-holographique","16":"product_tag-sticker-chat","17":"product_tag-sticker-halloween","18":"product_tag-sticker-holographique","19":"product_tag-sticker-magie","20":"product_tag-sticker-sorcier","21":"product_shipping_class-lettre-suivie","23":"first","24":"instock","25":"taxable","26":"shipping-taxable","27":"purchasable","28":"product-type-simple"},"yoast_head":"<!-- This site is optimized with the Yoast SEO plugin v24.6 - https:\/\/yoast.com\/wordpress\/plugins\/seo\/ -->\n<title>Sticker Holographique Le Chat Sorcier - ohmondessin.com<\/title>\n<meta name=\"description\" content=\"Le sticker holographique du Chat Sorcier drap\u00e9 dans sa cape \u00e9toil\u00e9e et tenant son chapeau enchant\u00e9, incarne \u00e0 lui seul la magie des contes.\" \/>\n<meta name=\"robots\" content=\"index, follow, max-snippet:-1, max-image-preview:large, max-video-preview:-1\" \/>\n<link rel=\"canonical\" href=\"https:\/\/ohmondessin.com\/index.php\/product\/sticker-holographique-le-chat-sorcier\/\" \/>\n<meta property=\"og:locale\" content=\"fr_FR\" \/>\n<meta property=\"og:type\" content=\"article\" \/>\n<meta property=\"og:title\" content=\"Sticker Holographique Le Chat Sorcier - ohmondessin.com\" \/>\n<meta property=\"og:description\" content=\"Le sticker holographique du Chat Sorcier drap\u00e9 dans sa cape \u00e9toil\u00e9e et tenant son chapeau enchant\u00e9, incarne \u00e0 lui seul la magie des contes.\" \/>\n<meta property=\"og:url\" content=\"https:\/\/ohmondessin.com\/index.php\/product\/sticker-holographique-le-chat-sorcier\/\" \/>\n<meta property=\"og:site_name\" content=\"ohmondessin.com\" \/>\n<meta property=\"article:publisher\" content=\"https:\/\/www.facebook.com\/Ohmondessin\" \/>\n<meta property=\"article:modified_time\" content=\"2026-02-19T00:43:01+00:00\" \/>\n<meta property=\"og:image\" content=\"http:\/\/ohmondessin.com\/wp-content\/uploads\/2025\/09\/chat-soricier-5.jpg\" \/>\n\t<meta property=\"og:image:width\" content=\"2404\" \/>\n\t<meta property=\"og:image:height\" content=\"2404\" \/>\n\t<meta property=\"og:image:type\" content=\"image\/jpeg\" \/>\n<meta name=\"twitter:card\" content=\"summary_large_image\" \/>\n<meta name=\"twitter:label1\" content=\"Dur\u00e9e de lecture estim\u00e9e\" \/>\n\t<meta name=\"twitter:data1\" content=\"1 minute\" \/>\n<script type=\"application\/ld+json\" class=\"yoast-schema-graph\">{\"@context\":\"https:\/\/schema.org\",\"@graph\":[{\"@type\":\"WebPage\",\"@id\":\"https:\/\/ohmondessin.com\/index.php\/product\/sticker-holographique-le-chat-sorcier\/\",\"url\":\"https:\/\/ohmondessin.com\/index.php\/product\/sticker-holographique-le-chat-sorcier\/\",\"name\":\"Sticker Holographique Le Chat Sorcier - ohmondessin.com\",\"isPartOf\":{\"@id\":\"https:\/\/ohmondessin.com\/#website\"},\"primaryImageOfPage\":{\"@id\":\"https:\/\/ohmondessin.com\/index.php\/product\/sticker-holographique-le-chat-sorcier\/#primaryimage\"},\"image\":{\"@id\":\"https:\/\/ohmondessin.com\/index.php\/product\/sticker-holographique-le-chat-sorcier\/#primaryimage\"},\"thumbnailUrl\":\"https:\/\/ohmondessin.com\/wp-content\/uploads\/2025\/09\/chat-soricier-5.jpg\",\"datePublished\":\"2025-09-17T15:27:17+00:00\",\"dateModified\":\"2026-02-19T00:43:01+00:00\",\"description\":\"Le sticker holographique du Chat Sorcier drap\u00e9 dans sa cape \u00e9toil\u00e9e et tenant son chapeau enchant\u00e9, incarne \u00e0 lui seul la magie des contes.\",\"breadcrumb\":{\"@id\":\"https:\/\/ohmondessin.com\/index.php\/product\/sticker-holographique-le-chat-sorcier\/#breadcrumb\"},\"inLanguage\":\"fr-FR\",\"potentialAction\":[{\"@type\":\"ReadAction\",\"target\":[\"https:\/\/ohmondessin.com\/index.php\/product\/sticker-holographique-le-chat-sorcier\/\"]}]},{\"@type\":\"ImageObject\",\"inLanguage\":\"fr-FR\",\"@id\":\"https:\/\/ohmondessin.com\/index.php\/product\/sticker-holographique-le-chat-sorcier\/#primaryimage\",\"url\":\"https:\/\/ohmondessin.com\/wp-content\/uploads\/2025\/09\/chat-soricier-5.jpg\",\"contentUrl\":\"https:\/\/ohmondessin.com\/wp-content\/uploads\/2025\/09\/chat-soricier-5.jpg\",\"width\":2404,\"height\":2404},{\"@type\":\"BreadcrumbList\",\"@id\":\"https:\/\/ohmondessin.com\/index.php\/product\/sticker-holographique-le-chat-sorcier\/#breadcrumb\",\"itemListElement\":[{\"@type\":\"ListItem\",\"position\":1,\"name\":\"Accueil\",\"item\":\"https:\/\/ohmondessin.com\/\"},{\"@type\":\"ListItem\",\"position\":2,\"name\":\"La boutique\",\"item\":\"https:\/\/ohmondessin.com\/index.php\/la-boutique\/\"},{\"@type\":\"ListItem\",\"position\":3,\"name\":\"Sticker Holographique Le Chat Sorcier\"}]},{\"@type\":\"WebSite\",\"@id\":\"https:\/\/ohmondessin.com\/#website\",\"url\":\"https:\/\/ohmondessin.com\/\",\"name\":\"ohmondessin.com\",\"description\":\"De l\u2019illustration et du fait-main\",\"publisher\":{\"@id\":\"https:\/\/ohmondessin.com\/#organization\"},\"potentialAction\":[{\"@type\":\"SearchAction\",\"target\":{\"@type\":\"EntryPoint\",\"urlTemplate\":\"https:\/\/ohmondessin.com\/?s={search_term_string}\"},\"query-input\":{\"@type\":\"PropertyValueSpecification\",\"valueRequired\":true,\"valueName\":\"search_term_string\"}}],\"inLanguage\":\"fr-FR\"},{\"@type\":\"Organization\",\"@id\":\"https:\/\/ohmondessin.com\/#organization\",\"name\":\"ohmondessin.com\",\"url\":\"https:\/\/ohmondessin.com\/\",\"logo\":{\"@type\":\"ImageObject\",\"inLanguage\":\"fr-FR\",\"@id\":\"https:\/\/ohmondessin.com\/#\/schema\/logo\/image\/\",\"url\":\"https:\/\/ohmondessin.com\/wp-content\/uploads\/2023\/01\/logo_OHMD-dark.png\",\"contentUrl\":\"https:\/\/ohmondessin.com\/wp-content\/uploads\/2023\/01\/logo_OHMD-dark.png\",\"width\":500,\"height\":500,\"caption\":\"ohmondessin.com\"},\"image\":{\"@id\":\"https:\/\/ohmondessin.com\/#\/schema\/logo\/image\/\"},\"sameAs\":[\"https:\/\/www.facebook.com\/Ohmondessin\",\"https:\/\/www.instagram.com\/ohmondessin\/\"]}]}<\/script>\n<!-- \/ Yoast SEO plugin. -->","yoast_head_json":{"title":"Sticker Holographique Le Chat Sorcier - ohmondessin.com","description":"Le sticker holographique du Chat Sorcier drap\u00e9 dans sa cape \u00e9toil\u00e9e et tenant son chapeau enchant\u00e9, incarne \u00e0 lui seul la magie des contes.","robots":{"index":"index","follow":"follow","max-snippet":"max-snippet:-1","max-image-preview":"max-image-preview:large","max-video-preview":"max-video-preview:-1"},"canonical":"https:\/\/ohmondessin.com\/index.php\/product\/sticker-holographique-le-chat-sorcier\/","og_locale":"fr_FR","og_type":"article","og_title":"Sticker Holographique Le Chat Sorcier - ohmondessin.com","og_description":"Le sticker holographique du Chat Sorcier drap\u00e9 dans sa cape \u00e9toil\u00e9e et tenant son chapeau enchant\u00e9, incarne \u00e0 lui seul la magie des contes.","og_url":"https:\/\/ohmondessin.com\/index.php\/product\/sticker-holographique-le-chat-sorcier\/","og_site_name":"ohmondessin.com","article_publisher":"https:\/\/www.facebook.com\/Ohmondessin","article_modified_time":"2026-02-19T00:43:01+00:00","og_image":[{"width":2404,"height":2404,"url":"http:\/\/ohmondessin.com\/wp-content\/uploads\/2025\/09\/chat-soricier-5.jpg","type":"image\/jpeg"}],"twitter_card":"summary_large_image","twitter_misc":{"Dur\u00e9e de lecture estim\u00e9e":"1 minute"},"schema":{"@context":"https:\/\/schema.org","@graph":[{"@type":"WebPage","@id":"https:\/\/ohmondessin.com\/index.php\/product\/sticker-holographique-le-chat-sorcier\/","url":"https:\/\/ohmondessin.com\/index.php\/product\/sticker-holographique-le-chat-sorcier\/","name":"Sticker Holographique Le Chat Sorcier - ohmondessin.com","isPartOf":{"@id":"https:\/\/ohmondessin.com\/#website"},"primaryImageOfPage":{"@id":"https:\/\/ohmondessin.com\/index.php\/product\/sticker-holographique-le-chat-sorcier\/#primaryimage"},"image":{"@id":"https:\/\/ohmondessin.com\/index.php\/product\/sticker-holographique-le-chat-sorcier\/#primaryimage"},"thumbnailUrl":"https:\/\/ohmondessin.com\/wp-content\/uploads\/2025\/09\/chat-soricier-5.jpg","datePublished":"2025-09-17T15:27:17+00:00","dateModified":"2026-02-19T00:43:01+00:00","description":"Le sticker holographique du Chat Sorcier drap\u00e9 dans sa cape \u00e9toil\u00e9e et tenant son chapeau enchant\u00e9, incarne \u00e0 lui seul la magie des contes.","breadcrumb":{"@id":"https:\/\/ohmondessin.com\/index.php\/product\/sticker-holographique-le-chat-sorcier\/#breadcrumb"},"inLanguage":"fr-FR","potentialAction":[{"@type":"ReadAction","target":["https:\/\/ohmondessin.com\/index.php\/product\/sticker-holographique-le-chat-sorcier\/"]}]},{"@type":"ImageObject","inLanguage":"fr-FR","@id":"https:\/\/ohmondessin.com\/index.php\/product\/sticker-holographique-le-chat-sorcier\/#primaryimage","url":"https:\/\/ohmondessin.com\/wp-content\/uploads\/2025\/09\/chat-soricier-5.jpg","contentUrl":"https:\/\/ohmondessin.com\/wp-content\/uploads\/2025\/09\/chat-soricier-5.jpg","width":2404,"height":2404},{"@type":"BreadcrumbList","@id":"https:\/\/ohmondessin.com\/index.php\/product\/sticker-holographique-le-chat-sorcier\/#breadcrumb","itemListElement":[{"@type":"ListItem","position":1,"name":"Accueil","item":"https:\/\/ohmondessin.com\/"},{"@type":"ListItem","position":2,"name":"La boutique","item":"https:\/\/ohmondessin.com\/index.php\/la-boutique\/"},{"@type":"ListItem","position":3,"name":"Sticker Holographique Le Chat Sorcier"}]},{"@type":"WebSite","@id":"https:\/\/ohmondessin.com\/#website","url":"https:\/\/ohmondessin.com\/","name":"ohmondessin.com","description":"De l\u2019illustration et du fait-main","publisher":{"@id":"https:\/\/ohmondessin.com\/#organization"},"potentialAction":[{"@type":"SearchAction","target":{"@type":"EntryPoint","urlTemplate":"https:\/\/ohmondessin.com\/?s={search_term_string}"},"query-input":{"@type":"PropertyValueSpecification","valueRequired":true,"valueName":"search_term_string"}}],"inLanguage":"fr-FR"},{"@type":"Organization","@id":"https:\/\/ohmondessin.com\/#organization","name":"ohmondessin.com","url":"https:\/\/ohmondessin.com\/","logo":{"@type":"ImageObject","inLanguage":"fr-FR","@id":"https:\/\/ohmondessin.com\/#\/schema\/logo\/image\/","url":"https:\/\/ohmondessin.com\/wp-content\/uploads\/2023\/01\/logo_OHMD-dark.png","contentUrl":"https:\/\/ohmondessin.com\/wp-content\/uploads\/2023\/01\/logo_OHMD-dark.png","width":500,"height":500,"caption":"ohmondessin.com"},"image":{"@id":"https:\/\/ohmondessin.com\/#\/schema\/logo\/image\/"},"sameAs":["https:\/\/www.facebook.com\/Ohmondessin","https:\/\/www.instagram.com\/ohmondessin\/"]}]}},"jetpack_sharing_enabled":true,"_links":{"self":[{"href":"https:\/\/ohmondessin.com\/index.php\/wp-json\/wp\/v2\/product\/7922","targetHints":{"allow":["GET"]}}],"collection":[{"href":"https:\/\/ohmondessin.com\/index.php\/wp-json\/wp\/v2\/product"}],"about":[{"href":"https:\/\/ohmondessin.com\/index.php\/wp-json\/wp\/v2\/types\/product"}],"replies":[{"embeddable":true,"href":"https:\/\/ohmondessin.com\/index.php\/wp-json\/wp\/v2\/comments?post=7922"}],"wp:featuredmedia":[{"embeddable":true,"href":"https:\/\/ohmondessin.com\/index.php\/wp-json\/wp\/v2\/media\/7924"}],"wp:attachment":[{"href":"https:\/\/ohmondessin.com\/index.php\/wp-json\/wp\/v2\/media?parent=7922"}],"wp:term":[{"taxonomy":"product_brand","embeddable":true,"href":"https:\/\/ohmondessin.com\/index.php\/wp-json\/wp\/v2\/product_brand?post=7922"},{"taxonomy":"product_cat","embeddable":true,"href":"https:\/\/ohmondessin.com\/index.php\/wp-json\/wp\/v2\/product_cat?post=7922"},{"taxonomy":"product_tag","embeddable":true,"href":"https:\/\/ohmondessin.com\/index.php\/wp-json\/wp\/v2\/product_tag?post=7922"}],"curies":[{"name":"wp","href":"https:\/\/api.w.org\/{rel}","templated":true}]}}