{"id":8011,"date":"2025-10-06T13:03:13","date_gmt":"2025-10-06T13:03:13","guid":{"rendered":"https:\/\/ohmondessin.com\/?post_type=product&#038;p=8011"},"modified":"2026-01-15T00:03:31","modified_gmt":"2026-01-15T00:03:31","slug":"carte-de-voeux-la-couronne-de-noel-et-le-petit-oiseau-2","status":"publish","type":"product","link":"https:\/\/ohmondessin.com\/index.php\/product\/carte-de-voeux-la-couronne-de-noel-et-le-petit-oiseau-2\/","title":{"rendered":"Carte de voeux \u00ab\u00a0La couronne de No\u00ebl et le petit oiseau\u00a0\u00bb"},"content":{"rendered":"<p>Une illustration toute douce pour f\u00eater No\u00ebl ou se souhaiter une belle ann\u00e9e.<\/p>\n<p>Carte double imprim\u00e9e sur du beau papier et fourni avec son enveloppe.<\/p>\n<p>Cette illustration est dessin\u00e9e, imprim\u00e9e et emball\u00e9e dans mon atelier \u00e0 Maisons-Laffitte (78).<\/p>\n","protected":false},"excerpt":{"rendered":"<p>Une illustration toute douce repr\u00e9sentant un oiseau pos\u00e9 sur sa jolie couronne de pin. Illustration aux tons doux pour se souhaiter de belles f\u00eates ou une belle ann\u00e9e.<\/p>\n<p>Carte double imprim\u00e9e sur du beau papier et fourni avec son enveloppe.<br \/>\nCette carte est dessin\u00e9e, imprim\u00e9e et emball\u00e9e dans mon atelier \u00e0 Maisons-Laffitte (78).<\/p>\n<p>Vendue \u00e0 l&rsquo;unit\u00e9 ou par lot de 5 cartes.<\/p>\n<p>Format 11,5&#215;11,5cm &#8211; Fabriqu\u00e9e en France<\/p>\n","protected":false},"featured_media":8019,"comment_status":"open","ping_status":"closed","template":"","meta":[],"product_brand":[],"product_cat":[1235,719,874,722],"product_tag":[867,864,853,843,841,842,1211,1210,844,866,372,865,852,139,851],"class_list":{"0":"post-8011","1":"product","2":"type-product","3":"status-publish","4":"has-post-thumbnail","6":"product_cat-guide-cadeaux-de-noel","7":"product_cat-carterie","8":"product_cat-cartes-de-voeux","9":"product_cat-toutes-les-cartes","10":"product_tag-agrumes-couronne","11":"product_tag-carte-couronne","12":"product_tag-carte-de-bonne-annee","13":"product_tag-carte-de-noel","14":"product_tag-carte-de-voeux","15":"product_tag-carte-de-voeux-lot","16":"product_tag-carte-de-voeux-made-in-france","17":"product_tag-carte-de-voeux-oiseau","18":"product_tag-carte-noel","19":"product_tag-carte-noel-oiseau","20":"product_tag-carte-postale","21":"product_tag-carte-voeux-couronne","22":"product_tag-decoration-noel","23":"product_tag-fait-main","24":"product_tag-illustration-noel","25":"product_shipping_class-lettre-suivie","27":"first","28":"instock","29":"taxable","30":"shipping-taxable","31":"purchasable","32":"product-type-variable"},"yoast_head":"<!-- This site is optimized with the Yoast SEO plugin v24.6 - https:\/\/yoast.com\/wordpress\/plugins\/seo\/ -->\n<title>Carte de voeux &quot;La couronne de No\u00ebl et le petit oiseau&quot; - ohmondessin.com<\/title>\n<meta name=\"description\" content=\"Une illustration toute douce repr\u00e9sentant un oiseau pos\u00e9 sur sa jolie couronne de pin.\" \/>\n<meta name=\"robots\" content=\"index, follow, max-snippet:-1, max-image-preview:large, max-video-preview:-1\" \/>\n<link rel=\"canonical\" href=\"https:\/\/ohmondessin.com\/index.php\/product\/carte-de-voeux-la-couronne-de-noel-et-le-petit-oiseau-2\/\" \/>\n<meta property=\"og:locale\" content=\"fr_FR\" \/>\n<meta property=\"og:type\" content=\"article\" \/>\n<meta property=\"og:title\" content=\"Carte de voeux &quot;La couronne de No\u00ebl et le petit oiseau&quot; - ohmondessin.com\" \/>\n<meta property=\"og:description\" content=\"Une illustration toute douce repr\u00e9sentant un oiseau pos\u00e9 sur sa jolie couronne de pin.\" \/>\n<meta property=\"og:url\" content=\"https:\/\/ohmondessin.com\/index.php\/product\/carte-de-voeux-la-couronne-de-noel-et-le-petit-oiseau-2\/\" \/>\n<meta property=\"og:site_name\" content=\"ohmondessin.com\" \/>\n<meta property=\"article:publisher\" content=\"https:\/\/www.facebook.com\/Ohmondessin\" \/>\n<meta property=\"article:modified_time\" content=\"2026-01-15T00:03:31+00:00\" \/>\n<meta property=\"og:image\" content=\"http:\/\/ohmondessin.com\/wp-content\/uploads\/2025\/10\/CartedeVoeux_couronne-jaune.jpg\" \/>\n\t<meta property=\"og:image:width\" content=\"1000\" \/>\n\t<meta property=\"og:image:height\" content=\"1000\" \/>\n\t<meta property=\"og:image:type\" content=\"image\/jpeg\" \/>\n<meta name=\"twitter:card\" content=\"summary_large_image\" \/>\n<meta name=\"twitter:label1\" content=\"Dur\u00e9e de lecture estim\u00e9e\" \/>\n\t<meta name=\"twitter:data1\" content=\"1 minute\" \/>\n<script type=\"application\/ld+json\" class=\"yoast-schema-graph\">{\"@context\":\"https:\/\/schema.org\",\"@graph\":[{\"@type\":\"WebPage\",\"@id\":\"https:\/\/ohmondessin.com\/index.php\/product\/carte-de-voeux-la-couronne-de-noel-et-le-petit-oiseau-2\/\",\"url\":\"https:\/\/ohmondessin.com\/index.php\/product\/carte-de-voeux-la-couronne-de-noel-et-le-petit-oiseau-2\/\",\"name\":\"Carte de voeux \\\"La couronne de No\u00ebl et le petit oiseau\\\" - ohmondessin.com\",\"isPartOf\":{\"@id\":\"https:\/\/ohmondessin.com\/#website\"},\"primaryImageOfPage\":{\"@id\":\"https:\/\/ohmondessin.com\/index.php\/product\/carte-de-voeux-la-couronne-de-noel-et-le-petit-oiseau-2\/#primaryimage\"},\"image\":{\"@id\":\"https:\/\/ohmondessin.com\/index.php\/product\/carte-de-voeux-la-couronne-de-noel-et-le-petit-oiseau-2\/#primaryimage\"},\"thumbnailUrl\":\"https:\/\/ohmondessin.com\/wp-content\/uploads\/2025\/10\/CartedeVoeux_couronne-jaune.jpg\",\"datePublished\":\"2025-10-06T13:03:13+00:00\",\"dateModified\":\"2026-01-15T00:03:31+00:00\",\"description\":\"Une illustration toute douce repr\u00e9sentant un oiseau pos\u00e9 sur sa jolie couronne de pin.\",\"breadcrumb\":{\"@id\":\"https:\/\/ohmondessin.com\/index.php\/product\/carte-de-voeux-la-couronne-de-noel-et-le-petit-oiseau-2\/#breadcrumb\"},\"inLanguage\":\"fr-FR\",\"potentialAction\":[{\"@type\":\"ReadAction\",\"target\":[\"https:\/\/ohmondessin.com\/index.php\/product\/carte-de-voeux-la-couronne-de-noel-et-le-petit-oiseau-2\/\"]}]},{\"@type\":\"ImageObject\",\"inLanguage\":\"fr-FR\",\"@id\":\"https:\/\/ohmondessin.com\/index.php\/product\/carte-de-voeux-la-couronne-de-noel-et-le-petit-oiseau-2\/#primaryimage\",\"url\":\"https:\/\/ohmondessin.com\/wp-content\/uploads\/2025\/10\/CartedeVoeux_couronne-jaune.jpg\",\"contentUrl\":\"https:\/\/ohmondessin.com\/wp-content\/uploads\/2025\/10\/CartedeVoeux_couronne-jaune.jpg\",\"width\":1000,\"height\":1000},{\"@type\":\"BreadcrumbList\",\"@id\":\"https:\/\/ohmondessin.com\/index.php\/product\/carte-de-voeux-la-couronne-de-noel-et-le-petit-oiseau-2\/#breadcrumb\",\"itemListElement\":[{\"@type\":\"ListItem\",\"position\":1,\"name\":\"Accueil\",\"item\":\"https:\/\/ohmondessin.com\/\"},{\"@type\":\"ListItem\",\"position\":2,\"name\":\"La boutique\",\"item\":\"https:\/\/ohmondessin.com\/index.php\/la-boutique\/\"},{\"@type\":\"ListItem\",\"position\":3,\"name\":\"Carte de voeux \u00ab\u00a0La couronne de No\u00ebl et le petit oiseau\u00a0\u00bb\"}]},{\"@type\":\"WebSite\",\"@id\":\"https:\/\/ohmondessin.com\/#website\",\"url\":\"https:\/\/ohmondessin.com\/\",\"name\":\"ohmondessin.com\",\"description\":\"De l\u2019illustration et du fait-main\",\"publisher\":{\"@id\":\"https:\/\/ohmondessin.com\/#organization\"},\"potentialAction\":[{\"@type\":\"SearchAction\",\"target\":{\"@type\":\"EntryPoint\",\"urlTemplate\":\"https:\/\/ohmondessin.com\/?s={search_term_string}\"},\"query-input\":{\"@type\":\"PropertyValueSpecification\",\"valueRequired\":true,\"valueName\":\"search_term_string\"}}],\"inLanguage\":\"fr-FR\"},{\"@type\":\"Organization\",\"@id\":\"https:\/\/ohmondessin.com\/#organization\",\"name\":\"ohmondessin.com\",\"url\":\"https:\/\/ohmondessin.com\/\",\"logo\":{\"@type\":\"ImageObject\",\"inLanguage\":\"fr-FR\",\"@id\":\"https:\/\/ohmondessin.com\/#\/schema\/logo\/image\/\",\"url\":\"https:\/\/ohmondessin.com\/wp-content\/uploads\/2023\/01\/logo_OHMD-dark.png\",\"contentUrl\":\"https:\/\/ohmondessin.com\/wp-content\/uploads\/2023\/01\/logo_OHMD-dark.png\",\"width\":500,\"height\":500,\"caption\":\"ohmondessin.com\"},\"image\":{\"@id\":\"https:\/\/ohmondessin.com\/#\/schema\/logo\/image\/\"},\"sameAs\":[\"https:\/\/www.facebook.com\/Ohmondessin\",\"https:\/\/www.instagram.com\/ohmondessin\/\"]}]}<\/script>\n<!-- \/ Yoast SEO plugin. -->","yoast_head_json":{"title":"Carte de voeux \"La couronne de No\u00ebl et le petit oiseau\" - ohmondessin.com","description":"Une illustration toute douce repr\u00e9sentant un oiseau pos\u00e9 sur sa jolie couronne de pin.","robots":{"index":"index","follow":"follow","max-snippet":"max-snippet:-1","max-image-preview":"max-image-preview:large","max-video-preview":"max-video-preview:-1"},"canonical":"https:\/\/ohmondessin.com\/index.php\/product\/carte-de-voeux-la-couronne-de-noel-et-le-petit-oiseau-2\/","og_locale":"fr_FR","og_type":"article","og_title":"Carte de voeux \"La couronne de No\u00ebl et le petit oiseau\" - ohmondessin.com","og_description":"Une illustration toute douce repr\u00e9sentant un oiseau pos\u00e9 sur sa jolie couronne de pin.","og_url":"https:\/\/ohmondessin.com\/index.php\/product\/carte-de-voeux-la-couronne-de-noel-et-le-petit-oiseau-2\/","og_site_name":"ohmondessin.com","article_publisher":"https:\/\/www.facebook.com\/Ohmondessin","article_modified_time":"2026-01-15T00:03:31+00:00","og_image":[{"width":1000,"height":1000,"url":"http:\/\/ohmondessin.com\/wp-content\/uploads\/2025\/10\/CartedeVoeux_couronne-jaune.jpg","type":"image\/jpeg"}],"twitter_card":"summary_large_image","twitter_misc":{"Dur\u00e9e de lecture estim\u00e9e":"1 minute"},"schema":{"@context":"https:\/\/schema.org","@graph":[{"@type":"WebPage","@id":"https:\/\/ohmondessin.com\/index.php\/product\/carte-de-voeux-la-couronne-de-noel-et-le-petit-oiseau-2\/","url":"https:\/\/ohmondessin.com\/index.php\/product\/carte-de-voeux-la-couronne-de-noel-et-le-petit-oiseau-2\/","name":"Carte de voeux \"La couronne de No\u00ebl et le petit oiseau\" - ohmondessin.com","isPartOf":{"@id":"https:\/\/ohmondessin.com\/#website"},"primaryImageOfPage":{"@id":"https:\/\/ohmondessin.com\/index.php\/product\/carte-de-voeux-la-couronne-de-noel-et-le-petit-oiseau-2\/#primaryimage"},"image":{"@id":"https:\/\/ohmondessin.com\/index.php\/product\/carte-de-voeux-la-couronne-de-noel-et-le-petit-oiseau-2\/#primaryimage"},"thumbnailUrl":"https:\/\/ohmondessin.com\/wp-content\/uploads\/2025\/10\/CartedeVoeux_couronne-jaune.jpg","datePublished":"2025-10-06T13:03:13+00:00","dateModified":"2026-01-15T00:03:31+00:00","description":"Une illustration toute douce repr\u00e9sentant un oiseau pos\u00e9 sur sa jolie couronne de pin.","breadcrumb":{"@id":"https:\/\/ohmondessin.com\/index.php\/product\/carte-de-voeux-la-couronne-de-noel-et-le-petit-oiseau-2\/#breadcrumb"},"inLanguage":"fr-FR","potentialAction":[{"@type":"ReadAction","target":["https:\/\/ohmondessin.com\/index.php\/product\/carte-de-voeux-la-couronne-de-noel-et-le-petit-oiseau-2\/"]}]},{"@type":"ImageObject","inLanguage":"fr-FR","@id":"https:\/\/ohmondessin.com\/index.php\/product\/carte-de-voeux-la-couronne-de-noel-et-le-petit-oiseau-2\/#primaryimage","url":"https:\/\/ohmondessin.com\/wp-content\/uploads\/2025\/10\/CartedeVoeux_couronne-jaune.jpg","contentUrl":"https:\/\/ohmondessin.com\/wp-content\/uploads\/2025\/10\/CartedeVoeux_couronne-jaune.jpg","width":1000,"height":1000},{"@type":"BreadcrumbList","@id":"https:\/\/ohmondessin.com\/index.php\/product\/carte-de-voeux-la-couronne-de-noel-et-le-petit-oiseau-2\/#breadcrumb","itemListElement":[{"@type":"ListItem","position":1,"name":"Accueil","item":"https:\/\/ohmondessin.com\/"},{"@type":"ListItem","position":2,"name":"La boutique","item":"https:\/\/ohmondessin.com\/index.php\/la-boutique\/"},{"@type":"ListItem","position":3,"name":"Carte de voeux \u00ab\u00a0La couronne de No\u00ebl et le petit oiseau\u00a0\u00bb"}]},{"@type":"WebSite","@id":"https:\/\/ohmondessin.com\/#website","url":"https:\/\/ohmondessin.com\/","name":"ohmondessin.com","description":"De l\u2019illustration et du fait-main","publisher":{"@id":"https:\/\/ohmondessin.com\/#organization"},"potentialAction":[{"@type":"SearchAction","target":{"@type":"EntryPoint","urlTemplate":"https:\/\/ohmondessin.com\/?s={search_term_string}"},"query-input":{"@type":"PropertyValueSpecification","valueRequired":true,"valueName":"search_term_string"}}],"inLanguage":"fr-FR"},{"@type":"Organization","@id":"https:\/\/ohmondessin.com\/#organization","name":"ohmondessin.com","url":"https:\/\/ohmondessin.com\/","logo":{"@type":"ImageObject","inLanguage":"fr-FR","@id":"https:\/\/ohmondessin.com\/#\/schema\/logo\/image\/","url":"https:\/\/ohmondessin.com\/wp-content\/uploads\/2023\/01\/logo_OHMD-dark.png","contentUrl":"https:\/\/ohmondessin.com\/wp-content\/uploads\/2023\/01\/logo_OHMD-dark.png","width":500,"height":500,"caption":"ohmondessin.com"},"image":{"@id":"https:\/\/ohmondessin.com\/#\/schema\/logo\/image\/"},"sameAs":["https:\/\/www.facebook.com\/Ohmondessin","https:\/\/www.instagram.com\/ohmondessin\/"]}]}},"jetpack_sharing_enabled":true,"_links":{"self":[{"href":"https:\/\/ohmondessin.com\/index.php\/wp-json\/wp\/v2\/product\/8011","targetHints":{"allow":["GET"]}}],"collection":[{"href":"https:\/\/ohmondessin.com\/index.php\/wp-json\/wp\/v2\/product"}],"about":[{"href":"https:\/\/ohmondessin.com\/index.php\/wp-json\/wp\/v2\/types\/product"}],"replies":[{"embeddable":true,"href":"https:\/\/ohmondessin.com\/index.php\/wp-json\/wp\/v2\/comments?post=8011"}],"wp:featuredmedia":[{"embeddable":true,"href":"https:\/\/ohmondessin.com\/index.php\/wp-json\/wp\/v2\/media\/8019"}],"wp:attachment":[{"href":"https:\/\/ohmondessin.com\/index.php\/wp-json\/wp\/v2\/media?parent=8011"}],"wp:term":[{"taxonomy":"product_brand","embeddable":true,"href":"https:\/\/ohmondessin.com\/index.php\/wp-json\/wp\/v2\/product_brand?post=8011"},{"taxonomy":"product_cat","embeddable":true,"href":"https:\/\/ohmondessin.com\/index.php\/wp-json\/wp\/v2\/product_cat?post=8011"},{"taxonomy":"product_tag","embeddable":true,"href":"https:\/\/ohmondessin.com\/index.php\/wp-json\/wp\/v2\/product_tag?post=8011"}],"curies":[{"name":"wp","href":"https:\/\/api.w.org\/{rel}","templated":true}]}}